INSERT INTO aws_notification_brands (notification_id, brand_id)
VALUES ('gRIrDHJQxvpwmQqehotGd', 4)
ON DUPLICATE KEY UPDATE brand_id = VALUES(brand_id);
-- 150LzpAQlEVwGGYVoadJ0s
INSERT INTO aws_notifications (id_notification, category, status, is_legacy, priority, sender, published_at)
VALUES ('150LzpAQlEVwGGYVoadJ0s', 8, 'Published', 1, 1, 'Handover Import', '2023-10-02 12:24:05')
ON DUPLICATE KEY UPDATE category = VALUES(category), status = VALUES(status), is_legacy = VALUES(is_legacy), priority = VALUES(priority), sender = VALUES(sender), published_at = VALUES(published_at);
INSERT INTO aws_notification_translations (notification_id, locale, title, executive_summary, content_html)
VALUES ('150LzpAQlEVwGGYVoadJ0s', 'de', 'Jeep_24h Test Drive Jeep Avenger', '-', '')
ON DUPLICATE KEY UPDATE title = VALUES(title), executive_summary = VALUES(executive_summary), content_html = VALUES(content_html);
INSERT INTO aws_notification_translations (notification_id, locale, title, executive_summary, content_html)
VALUES ('150LzpAQlEVwGGYVoadJ0s', 'fr-CH', 'Jeep_24h Test Drive Jeep Avenger', '-', '')
ON DUPLICATE KEY UPDATE title = VALUES(title), executive_summary = VALUES(executive_summary), content_html = VALUES(content_html);
INSERT INTO aws_notification_translations (notification_id, locale, title, executive_summary, content_html)
VALUES ('150LzpAQlEVwGGYVoadJ0s', 'it-CH', 'Jeep_24h Test Drive Jeep Avenger', '-', '')
ON DUPLICATE KEY UPDATE title = VALUES(title), executive_summary = VALUES(executive_summary), content_html = VALUES(content_html);
INSERT INTO aws_notification_brands (notification_id, brand_id)
VALUES ('150LzpAQlEVwGGYVoadJ0s', 4)
ON DUPLICATE KEY UPDATE brand_id = VALUES(brand_id);
-- iCYfUJhc6ZVZ0O9TZGe1h
INSERT INTO aws_notifications (id_notification, category, status, is_legacy, priority, sender, published_at)
VALUES ('iCYfUJhc6ZVZ0O9TZGe1h', 8, 'Published', 1, 2, 'Handover Import', '2026-02-10 17:05:31')
ON DUPLICATE KEY UPDATE category = VALUES(category), status = VALUES(status), is_legacy = VALUES(is_legacy), priority = VALUES(priority), sender = VALUES(sender), published_at = VALUES(published_at);
INSERT INTO aws_notification_translations (notification_id, locale, title, executive_summary, content_html)
VALUES ('iCYfUJhc6ZVZ0O9TZGe1h', 'de', 'KI-Assistent «Lumi» in digitalen Hyundai Offerten', '', '<p>Liebe Partner,</p><p>&nbsp;</p><p>Ab <strong>Mittwoch, 11. Februar</strong>, steht unseren Kunden in <strong>allen digitalen Hyundai Offerten</strong> neu der KI-basierte Assistent <strong>Lumi</strong> zur Verfügung.</p><p>&nbsp;</p><p>Lumi unterstützt Interessierte dabei, sich direkt in der Offerte über das Fahrzeug zu. Ziel ist es, wiederkehrende Fragen frühzeitig zu klären und Gespräche in der Garage effizienter und gezielter vorzubereiten.</p><p>&nbsp;</p><p>Wichtig für Sie:</p><p>&nbsp;</p><ul><li>Aussagen zu <strong>Boni, Aktionen, individuellen Konditionen oder Händlerleistungen</strong> erfolgen weiterhin ausschliesslich durch die Garage.</li><li>Sobald Kunden zu solchen Themen Unterstützung wünschen, wird automatisch eine <strong>Aufgabe in der Astara Platform</strong> erstellt.</li><li>Auch Anfragen zu <strong>Probefahrten</strong>, <strong>Inzahlungnahmen</strong>, <strong>Finanzierungen</strong> oder <strong>weiteren Informationen</strong> werden wie bisher als Aufgaben an Sie übermittelt.</li></ul><p>&nbsp;</p><p>Der Ablauf für Sie bleibt somit unverändert – mit dem Vorteil besser informierter Kundinnen und Kunden.</p>')
ON DUPLICATE KEY UPDATE title = VALUES(title), executive_summary = VALUES(executive_summary), content_html = VALUES(content_html);
INSERT INTO aws_notification_translations (notification_id, locale, title, executive_summary, content_html)
VALUES ('iCYfUJhc6ZVZ0O9TZGe1h', 'fr-CH', 'Assistant IA « Lumi » dans les offres digitales Hyundai', '', '<p>Chers partenaires,</p><p>&nbsp;</p><p>Dès le <strong>mercredi 11 février</strong>, l’assistant basé sur l’intelligence artificielle <strong>Lumi</strong> sera disponible dans <strong>toutes les offres digitales Hyundai</strong>.</p><p>&nbsp;</p><p>Lumi permet aux clientes et clients d’obtenir directement des informations sur le véhicule. L’objectif est de clarifier les questions récurrentes en amont et de préparer des échanges plus efficaces en garage.</p><p>&nbsp;</p><p>Points importants pour vous :</p><p>&nbsp;</p><ul><li>Les informations relatives aux <strong>bonus, actions, conditions individuelles ou prestations du Garage</strong> restent exclusivement traitées par le Garage.</li><li>Dès qu’un tel sujet est abordé, une <strong>tâche est automatiquement créée dans Astara Platform.</strong></li><li>Les demandes <strong>essai</strong>, <strong>reprise</strong>, <strong>financement</strong> ou <strong>prise de contact</strong> continuent, comme aujourd’hui, à vous être transmises sous forme de tâches.</li></ul><p>&nbsp;</p><p>Le processus reste donc inchangé pour vous, avec l’avantage de clientes et clients mieux informés.</p>')
ON DUPLICATE KEY UPDATE title = VALUES(title), executive_summary = VALUES(executive_summary), content_html = VALUES(content_html);
INSERT INTO aws_notification_translations (notification_id, locale, title, executive_summary, content_html)
VALUES ('iCYfUJhc6ZVZ0O9TZGe1h', 'it-CH', 'Assistente IA « Lumi » nelle offerte digitali Hyundai', '', '<p>Cari partner,</p><p>&nbsp;</p><p>A partire da <strong>mercoledì 11 febbraio</strong> l’assistente basato su intelligenza artificiale <strong>Lumi</strong> sarà disponibile in <strong>tutte le offerte digitali Hyundai</strong>.</p><p>&nbsp;</p><p>Lumi consente ai clienti di informarsi direttamente sul veicolo. L’obiettivo è chiarire in anticipo le domande più frequenti e preparare conversazioni più efficienti in concessionaria.</p><p>&nbsp;</p><p>Informazioni importanti:</p><p>&nbsp;</p><ul><li>Tutti i temi relativi a <strong>bonus, promozioni, condizioni individuali o servizi del Garage</strong> continuano a essere gestiti dal Concessionario.</li><li>In questi casi, viene automaticamente creata una <strong>attività nella Astara Platform</strong></li><li>Anche le richieste di <strong>test drive</strong>, <strong>permuta</strong>, <strong>finanziamento</strong> o <strong>ulteriori informazioni</strong> vengono trasmesse come attività, come avviene oggi.</li></ul><p>&nbsp;</p><p>Il processo per voi rimane invariato, con il vantaggio di clienti meglio informati.</p>')
ON DUPLICATE KEY UPDATE title = VALUES(title), executive_summary = VALUES(executive_summary), content_html = VALUES(content_html);
INSERT INTO aws_notification_brands (notification_id, brand_id)
VALUES ('iCYfUJhc6ZVZ0O9TZGe1h', 6)
ON DUPLICATE KEY UPDATE brand_id = VALUES(brand_id);
-- 1cQhQo0OTt0bW2dPG7ghzR
INSERT INTO aws_notifications (id_notification, category, status, is_legacy, priority, sender, published_at)
VALUES ('1cQhQo0OTt0bW2dPG7ghzR', 8, 'Published', 1, 2, 'Handover Import', '2026-02-12 14:31:39')
ON DUPLICATE KEY UPDATE category = VALUES(category), status = VALUES(status), is_legacy = VALUES(is_legacy), priority = VALUES(priority), sender = VALUES(sender), published_at = VALUES(published_at);
INSERT INTO aws_notification_translations (notification_id, locale, title, executive_summary, content_html)
VALUES ('1cQhQo0OTt0bW2dPG7ghzR', 'de', 'Kontaktliste', 'Ab sofort steht Ihnen eine zentrale Kontaktliste je Marke im Dealer Cockpit zur Verfügung. Die Übersicht enthält die zuständigen Abteilungen, konkrete Ansprechpartner sowie die jeweiligen Themen- und Verantwortungsbereiche und ist im Bereich \"Dokumente\" in der neuen Kategorie \"Kontaktliste\" abrufbar.', '<p>Geschätzte Partner,</p><p><br></p><p>wir möchten Sie darüber informieren, dass ab sofort eine neue, strukturierte&nbsp;<strong>Kontaktliste je Marke</strong>&nbsp;verfügbar ist.</p><p><br></p><p>Die Kontaktliste bietet eine transparente Übersicht über</p><p><br></p><ul><li>die zuständigen&nbsp;<strong>Abteilungen</strong></li><li>die jeweiligen&nbsp;<strong>Ansprechpartner&nbsp;</strong>sowie</li><li>die&nbsp;<strong>Themen und Verantwortungsbereiche</strong></li></ul><p><br></p><p>Die Kontaktlisten sind im&nbsp;<strong>Dealer Cockpit</strong>&nbsp;unter&nbsp;<strong>Dokumente&nbsp;</strong>in der neuen Kategorie \"<strong>Kontaktliste</strong>\" verfügbar. Diese neue Rubrik wird jeweils zuoberst angezeigt und ist somit schnell und einfach auffindbar.</p><p><br></p><p>Mit dieser Übersicht soll die Zusammenarbeit erleichtert, Zuständigkeiten klarer zugeordnet und die Effizienz in der Kommunikation erhöht werden.</p><p><br></p><p>Ihr Astara Switzerland Team</p>')
ON DUPLICATE KEY UPDATE title = VALUES(title), executive_summary = VALUES(executive_summary), content_html = VALUES(content_html);
INSERT INTO aws_notification_translations (notification_id, locale, title, executive_summary, content_html)
VALUES ('1cQhQo0OTt0bW2dPG7ghzR', 'fr-CH', 'Liste de contacts', 'Une liste de contacts par marque est désormais disponible dans le Dealer Cockpit. Cette liste répertorie les services compétents, les interlocuteurs concrets ainsi que les domaines thématiques et les domaines de responsabilité correspondants. Elle est accessible dans la rubrique « Documents », dans la nouvelle catégorie « Liste de contacts ».', '<p>Chers partenaires,</p><p><br></p><p>Nous tenons à vous informer qu\'une nouvelle liste de contacts structurée par marque est désormais disponible.</p><p><br></p><p>La liste de contacts offre un aperçu transparent des éléments suivants</p><p><br></p><ul><li>les <strong>services</strong> compétents</li><li>les <strong>interlocuteurs</strong>ainsi que</li><li>les <strong>thèmes et domaines de responsabilité</strong></li></ul><p><br></p><p>Les listes de contacts sont disponibles dans le <strong>Dealer Cockpit</strong> sous <strong>Documents</strong> dans la nouvelle catégorie « <strong>Liste de contacts</strong> ». Cette nouvelle rubrique s\'affiche en haut de la page et est donc facile et rapide à trouver.</p><p><br></p><p>Cet aperçu vise à faciliter la collaboration, à clarifier les responsabilités et à améliorer l\'efficacité de la communication.</p><p><br></p><p>Votre équipe Astara Switzerland</p>')
ON DUPLICATE KEY UPDATE title = VALUES(title), executive_summary = VALUES(executive_summary), content_html = VALUES(content_html);
INSERT INTO aws_notification_translations (notification_id, locale, title, executive_summary, content_html)
VALUES ('1cQhQo0OTt0bW2dPG7ghzR', 'it-CH', 'Elenco dei contatti', 'Da subito è disponibile un elenco dei contatti per ogni marchio nel Dealer Cockpit. La panoramica contiene i reparti competenti, i referenti specifici e i rispettivi ambiti tematici e di responsabilità ed è consultabile nella sezione \"Documenti\" nella nuova categoria \"Elenco dei contatti\".', '<p>Gentili partner,</p><p><br></p><p>desideriamo informarvi che da subito è disponibile un nuovo elenco contatti strutturato per marchio.</p><p><br></p><p>L\'elenco dei contatti offre una panoramica trasparente su</p><p><br></p><ul><li>i <strong>reparti</strong> competenti</li><li>i rispettivi <strong>referenti</strong>e</li><li>gli <strong>argomenti e le aree di responsabilità</strong></li></ul><p><br></p><p>Gli elenchi dei contatti sono disponibili nel <strong>Dealer Cockpit</strong> alla voce <strong>Documenti</strong> nella nuova categoria \"<strong>Elenco dei contatti</strong>\". Questa nuova rubrica viene visualizzata in alto ed è quindi facile e veloce da trovare.</p><p><br></p><p>Questa panoramica ha lo scopo di facilitare la collaborazione, assegnare in modo più chiaro le responsabilità e aumentare l\'efficienza nella comunicazione.</p><p><br></p><p>Il vostro team Astara Switzerland</p>')
ON DUPLICATE KEY UPDATE title = VALUES(title), executive_summary = VALUES(executive_summary), content_html = VALUES(content_html);
INSERT INTO aws_notification_brands (notification_id, brand_id)
VALUES ('1cQhQo0OTt0bW2dPG7ghzR', 3)
ON DUPLICATE KEY UPDATE brand_id = VALUES(brand_id);
INSERT INTO aws_notification_brands (notification_id, brand_id)
VALUES ('1cQhQo0OTt0bW2dPG7ghzR', 5)
ON DUPLICATE KEY UPDATE brand_id = VALUES(brand_id);
INSERT INTO aws_notification_brands (notification_id, brand_id)
VALUES ('1cQhQo0OTt0bW2dPG7ghzR', 1)
ON DUPLICATE KEY UPDATE brand_id = VALUES(brand_id);
INSERT INTO aws_notification_brands (notification_id, brand_id)
VALUES ('1cQhQo0OTt0bW2dPG7ghzR', 6)
ON DUPLICATE KEY UPDATE brand_id = VALUES(brand_id);
INSERT INTO aws_notification_brands (notification_id, brand_id)
VALUES ('1cQhQo0OTt0bW2dPG7ghzR', 4)
ON DUPLICATE KEY UPDATE brand_id = VALUES(brand_id);
INSERT INTO aws_notification_brands (notification_id, brand_id)
VALUES ('1cQhQo0OTt0bW2dPG7ghzR', 10)
ON DUPLICATE KEY UPDATE brand_id = VALUES(brand_id);
INSERT INTO aws_notification_brands (notification_id, brand_id)
VALUES ('1cQhQo0OTt0bW2dPG7ghzR', 11)
ON DUPLICATE KEY UPDATE brand_id = VALUES(brand_id);
INSERT INTO aws_notification_brands (notification_id, brand_id)
VALUES ('1cQhQo0OTt0bW2dPG7ghzR', 7)
ON DUPLICATE KEY UPDATE brand_id = VALUES(brand_id);
-- 6UzyGXEWq6T435GV7k8adl
INSERT INTO aws_notifications (id_notification, category, status, is_legacy, priority, sender, published_at)
VALUES ('6UzyGXEWq6T435GV7k8adl', 8, 'Published', 1, 0, 'Handover Import', '2023-10-31 15:30:26')
ON DUPLICATE KEY UPDATE category = VALUES(category), status = VALUES(status), is_legacy = VALUES(is_legacy), priority = VALUES(priority), sender = VALUES(sender), published_at = VALUES(published_at);
INSERT INTO aws_notification_translations (notification_id, locale, title, executive_summary, content_html)
VALUES ('6UzyGXEWq6T435GV7k8adl', 'de', 'Kurzhandbuch Leadbearbeitung astara Platform', 'Dieses Handbuch ist exklusiv auf Ihre Bedürfnisse zugeschnitten und bietet einfache Schritte und Tipps, um die Nutzung der astara Platform zu optimieren. Unabhängig davon, ob Sie ein erfahrener Benutzer sind oder gerade erst anfangen, unsere Schritt-für-Schritt-Anleitungen werden Ihrem Autohaus dabei helfen, die bestmögliche Erfahrung für Ihre potenziellen und aktuellen Kunden zu schaffen.', '')
ON DUPLICATE KEY UPDATE title = VALUES(title), executive_summary = VALUES(executive_summary), content_html = VALUES(content_html);
INSERT INTO aws_notification_translations (notification_id, locale, title, executive_summary, content_html)
VALUES ('6UzyGXEWq6T435GV7k8adl', 'fr-CH', 'Guide rapide - le traitement des leads astara Platform', 'Ces guides sont conçus exclusivement pour vous et vous proposent des étapes simples et des conseils d\'initiés pour optimiser votre utilisation de la astara Platform. Que vous soyez un utilisateur chevronné ou que vous commenciez à peine, nos instructions étape par étape permettront à votre concession de créer la meilleure expérience possible pour vos clients actuels et potentiels.', '')
ON DUPLICATE KEY UPDATE title = VALUES(title), executive_summary = VALUES(executive_summary), content_html = VALUES(content_html);
INSERT INTO aws_notification_translations (notification_id, locale, title, executive_summary, content_html)
VALUES ('6UzyGXEWq6T435GV7k8adl', 'it-CH', 'Breve manuale sulla gestione delle leads', 'Questo manuale è stato pensato esclusivamente per le tue esigenze e offre semplici passaggi e consigli per ottimizzare l\'uso della Piattaforma astara. Che tu sia un utente esperto o alle prime armi, le nostre guide passo dopo passo aiuteranno la tua concessionaria a creare la migliore esperienza possibile per i tuoi clienti potenziali e attuali.', '')
ON DUPLICATE KEY UPDATE title = VALUES(title), executive_summary = VALUES(executive_summary), content_html = VALUES(content_html);
INSERT INTO aws_notification_brands (notification_id, brand_id)
VALUES ('6UzyGXEWq6T435GV7k8adl', 3)
ON DUPLICATE KEY UPDATE brand_id = VALUES(brand_id);
INSERT INTO aws_notification_brands (notification_id, brand_id)
VALUES ('6UzyGXEWq6T435GV7k8adl', 5)
ON DUPLICATE KEY UPDATE brand_id = VALUES(brand_id);
INSERT INTO aws_notification_brands (notification_id, brand_id)
VALUES ('6UzyGXEWq6T435GV7k8adl', 1)
ON DUPLICATE KEY UPDATE brand_id = VALUES(brand_id);
INSERT INTO aws_notification_brands (notification_id, brand_id)
VALUES ('6UzyGXEWq6T435GV7k8adl', 6)
ON DUPLICATE KEY UPDATE brand_id = VALUES(brand_id);
INSERT INTO aws_notification_brands (notification_id, brand_id)
VALUES ('6UzyGXEWq6T435GV7k8adl', 4)
ON DUPLICATE KEY UPDATE brand_id = VALUES(brand_id);
INSERT INTO aws_notification_brands (notification_id, brand_id)
VALUES ('6UzyGXEWq6T435GV7k8adl', 7)
ON DUPLICATE KEY UPDATE brand_id = VALUES(brand_id);
-- 76BfrLx1ElU3TnxRjsoLph
INSERT INTO aws_notifications (id_notification, category, status, is_legacy, priority, sender, published_at)
VALUES ('76BfrLx1ElU3TnxRjsoLph', 8, 'Published', 1, 1, 'Handover Import', '2024-11-20 16:12:09')
ON DUPLICATE KEY UPDATE category = VALUES(category), status = VALUES(status), is_legacy = VALUES(is_legacy), priority = VALUES(priority), sender = VALUES(sender), published_at = VALUES(published_at);
INSERT INTO aws_notification_translations (notification_id, locale, title, executive_summary, content_html)
VALUES ('76BfrLx1ElU3TnxRjsoLph', 'de', 'Lead-Duplikationsprüfung und Lead-Weiterleitung', '', '<p>Wir freuen uns, Ihnen zwei Verbesserungen auf unserer Plattform vorzustellen, die ab Donnerstag, 21.11.2024 verfügbar sein werden.&nbsp;Diese Neuerungen zielen darauf ab, Ihre tägliche Arbeit zu erleichtern und die Effizienz Ihrer Prozesse zu steigern.&nbsp;</p><p><br></p><p><strong>1. Lead-Duplikationsprüfung Update</strong>&nbsp;</p><p>Ab Donnerstag aktualisieren wir die Funktion, die die Erstellung von doppelten Leads verhindert. Wir haben ein Inzident das zuvor gemeldet wurde und das einige Partner daran hinderte, Leads zu speichern. Dieses Problem ist nun behoben. Bei der Anlage eines Leads aus dem Showroom-Verkehr prüft das System automatisch die E-Mail-Adresse und Telefonnummer des Kunden. Sollten bereits Daten zu diesem Kunden vorhanden sein, zeigt das System eine Warnmeldung an und informiert, dass ein Lead mit diesen Daten bereits existiert.&nbsp;&nbsp;</p><p><br></p><p>Sie haben dann zwei Möglichkeiten:&nbsp;&nbsp;</p><p><br></p><ul><li>Den bestehenden Lead bearbeiten&nbsp;&nbsp;</li><li>Einen neuen Lead erstellen&nbsp;&nbsp;</li></ul><p><br></p><p>Durch diese Funktion wird sichergestellt, dass keine doppelte Kundenkommunikation erfolgt und der Bearbeitungsprozess reibungsloser verläuft.&nbsp;&nbsp;</p><p>&nbsp;</p><p><strong>2. Lead-Weiterleitung&nbsp;</strong>&nbsp;</p><p>Wenn ein Lead korrekt über die Astara Platform weitergeleitet wird, erhält der Empfänger nach zwei Minuten eine E-Mail mit einer neuen Aufgabe.&nbsp;Diese E-Mail enthält die Lead-Informationen sowie einen direkten Link zum Lead selbst in der Astara-Plattform. So wird gewährleistet, dass der Empfänger schnell und vollständig informiert ist und der Lead zeitnah bearbeitet werden kann.&nbsp;</p><p>&nbsp;</p><p>Hier eine Anleitung, wie man dies im System korrekt bearbeitet: <a href=\"https://eur05.safelinks.protection.outlook.com/?url=https%3A%2F%2Fscribehow.com%2Fshared%2FLeadbesitzerwechsel_und_Versenden_von_Benachrichtigungen__WZXzqXvrSk6bckuuOON-fw&amp;data=05%7C02%7Cpolina.halacheva%40astara.com%7Cb37b2472d1064f2428df08dd07baca72%7C8eeb56e4f8c04e77a328c33b95dfa903%7C0%7C0%7C638675221022712333%7CUnknown%7CTWFpbGZsb3d8eyJFbXB0eU1hcGkiOnRydWUsIlYiOiIwLjAuMDAwMCIsIlAiOiJXaW4zMiIsIkFOIjoiTWFpbCIsIldUIjoyfQ%3D%3D%7C0%7C%7C%7C&amp;sdata=870lo2LP7wvQVKKvIBBNIl0lfX6pVwBxx%2Flg5WIpJf4%3D&amp;reserved=0\" rel=\"noopener noreferrer\" target=\"_blank\" style=\"color: rgb(70, 120, 134);\">https://scribehow.com/shared/Leadbesitzerwechsel_und_Versenden_von_Benachrichtigungen__WZXzqXvrSk6bckuuOON-fw</a>&nbsp;</p><p>&nbsp;&nbsp;</p><p>Mit freundlichen Grüssen,&nbsp;</p><p><br></p><p>Astara Digital &amp; CX Team</p>')
ON DUPLICATE KEY UPDATE title = VALUES(title), executive_summary = VALUES(executive_summary), content_html = VALUES(content_html);
INSERT INTO aws_notification_translations (notification_id, locale, title, executive_summary, content_html)
VALUES ('76BfrLx1ElU3TnxRjsoLph', 'fr-CH', 'Vérification des doublons et réassignation de leads', '', '<p>Nous sommes ravis de vous présenter deux améliorations sur notre plateforme, qui seront disponibles à partir de <strong>jeudi, 21.11.2024</strong>. Ces nouveautés visent à simplifier votre travail quotidien et à améliorer l\'efficacité de vos processus.&nbsp;</p><p><br></p><ol><li><strong>Mise à jour de la vérification des doublons de leads</strong>&nbsp;</li></ol><p>À partir de jeudi, nous mettons à jour la fonctionnalité qui empêche la création de doublons de leads. Nous avons résolu un problème signalé précédemment qui empêchait certains partenaires de sauvegarder des pistes. Ce problème est maintenant résolu. Lors de la création d’un lead provenant du trafic en showroom, le système vérifie automatiquement l’adresse e-mail et le numéro de téléphone du client. Si des données concernant ce client existent déjà, le système affiche un message d’avertissement indiquant qu’un lead avec ces informations existe déjà.&nbsp;</p><p><br></p><p>Vous avez alors deux options:</p><p>&nbsp;</p><ul><li>Modifier le lead existant&nbsp;</li><li>Créer un nouveau lead&nbsp;</li></ul><p><br></p><p>Cette fonctionnalité garantit qu’il n’y a pas de communication en double avec les clients et facilite le traitement des leads.&nbsp;</p><p><br></p><ol><li><strong>Réassignation de leads</strong>&nbsp;</li></ol><p>Lorsqu’un lead est correctement réassigné via la plateforme Astara, le destinataire reçoit un e-mail avec une nouvelle tâche deux minutes après la réassignation. Cet e-mail contient les informations du lead ainsi qu’un lien direct vers ce dernier sur la plateforme Astara.&nbsp;</p><p>Cela permet de s’assurer que le destinataire est rapidement et complètement informé pour traiter le lead en temps voulu.&nbsp;</p><p><br></p><p>Vous trouverez ici des instructions sur la manière de traiter cela correctement dans le système: <a href=\"https://eur05.safelinks.protection.outlook.com/?url=https%3A%2F%2Fscribehow.com%2Fshared%2FChanger_de_proprietaire_et_envoyer_une_notification__vo1FeJ7bRDq7EdImm73AzA&amp;data=05%7C02%7Cpolina.halacheva%40astara.com%7Cb37b2472d1064f2428df08dd07baca72%7C8eeb56e4f8c04e77a328c33b95dfa903%7C0%7C0%7C638675221022754886%7CUnknown%7CTWFpbGZsb3d8eyJFbXB0eU1hcGkiOnRydWUsIlYiOiIwLjAuMDAwMCIsIlAiOiJXaW4zMiIsIkFOIjoiTWFpbCIsIldUIjoyfQ%3D%3D%7C0%7C%7C%7C&amp;sdata=JOjeNSCmnIGDf0Hdw%2FqqZ0ydt6ylyu9L9d7jmsFxztM%3D&amp;reserved=0\" rel=\"noopener noreferrer\" target=\"_blank\" style=\"color: rgb(70, 120, 134);\">https://scribehow.com/shared/Changer_de_proprietaire_et_envoyer_une_notification__vo1FeJ7bRDq7EdImm73AzA</a><span style=\"color: rgb(70, 120, 134);\">&nbsp;</span></p><p><br></p><p>Cordialement,&nbsp;</p><p><br></p><p>Astara Digital &amp; CX Team</p>')
ON DUPLICATE KEY UPDATE title = VALUES(title), executive_summary = VALUES(executive_summary), content_html = VALUES(content_html);
INSERT INTO aws_notification_translations (notification_id, locale, title, executive_summary, content_html)
VALUES ('76BfrLx1ElU3TnxRjsoLph', 'it-CH', 'Controllo dei duplicati e riassegnazione dei lead', '', '<p>Siamo lieti di presentarvi due miglioramenti sulla nostra piattaforma, disponibili a partire da <strong>giovedì, 21.11.2024</strong>. Queste novità mirano a semplificare il vostro lavoro quotidiano e a migliorare l\'efficienza dei vostri processi.&nbsp;</p><p><br></p><ol><li><strong>Aggiornamento del controllo dei duplicati dei lead</strong>&nbsp;</li></ol><p>Da giovedì aggiorniamo la funzionalità che impedisce la creazione di lead duplicati. Abbiamo risolto un problema segnalato in precedenza che impediva ad alcuni partner di salvare i contatti. Ora il problema è stato risolto. Durante la creazione di un lead dal traffico dello showroom, il sistema verifica automaticamente l’indirizzo e-mail e il numero di telefono del cliente. Se esistono già dati relativi a questo cliente, il sistema mostra un messaggio di avviso informando che un lead con queste informazioni esiste già.&nbsp;</p><p><br></p><p>Avete quindi due opzioni:&nbsp;</p><p><br></p><ul><li>Modificare il lead esistente&nbsp;</li><li>Creare un nuovo lead&nbsp;</li></ul><p><br></p><p>Questa funzionalità garantisce che non ci siano comunicazioni duplicate con i clienti e rende il processo di gestione dei lead più fluido.&nbsp;</p><p><br></p><ol><li><strong>Riassegnazione dei lead</strong>&nbsp;</li></ol><p>Quando un lead viene riassegnato correttamente tramite la piattaforma Astara, il destinatario riceve un’e-mail con una nuova attività due minuti dopo la riassegnazione. Questa e-mail include le informazioni del lead e un collegamento diretto al lead stesso sulla piattaforma Astara.&nbsp;</p><p>In questo modo, si garantisce che il destinatario sia informato rapidamente e completamente per gestire il lead in modo tempestivo.&nbsp;</p><p><br></p><p>In allegato troverete le istruzioni per una corretta elaborazione del sistema: <a href=\"https://eur05.safelinks.protection.outlook.com/?url=https%3A%2F%2Fscribehow.com%2Fshared%2FCambiare_il_proprietario_del_lead_e_inviare_notifiche__aqtYZXa0SG2mFmNAdSx9Kg&amp;data=05%7C02%7Cpolina.halacheva%40astara.com%7Cb37b2472d1064f2428df08dd07baca72%7C8eeb56e4f8c04e77a328c33b95dfa903%7C0%7C0%7C638675221022738784%7CUnknown%7CTWFpbGZsb3d8eyJFbXB0eU1hcGkiOnRydWUsIlYiOiIwLjAuMDAwMCIsIlAiOiJXaW4zMiIsIkFOIjoiTWFpbCIsIldUIjoyfQ%3D%3D%7C0%7C%7C%7C&amp;sdata=E5Iw1%2FoxtGcZ5M94nIIZOPTyFWI4BDcrZQTWLAjtlNM%3D&amp;reserved=0\" rel=\"noopener noreferrer\" target=\"_blank\" style=\"color: rgb(70, 120, 134);\">https://scribehow.com/shared/Cambiare_il_proprietario_del_lead_e_inviare_notifiche__aqtYZXa0SG2mFmNAdSx9Kg</a><span style=\"color: rgb(70, 120, 134);\">&nbsp;</span></p><p><br></p><p>Cordiali saluti,&nbsp;</p><p><br></p><p>Astara Digital &amp; CX Team</p>')
ON DUPLICATE KEY UPDATE title = VALUES(title), executive_summary = VALUES(executive_summary), content_html = VALUES(content_html);
INSERT INTO aws_notification_brands (notification_id, brand_id)
VALUES ('76BfrLx1ElU3TnxRjsoLph', 3)
ON DUPLICATE KEY UPDATE brand_id = VALUES(brand_id);
INSERT INTO aws_notification_brands (notification_id, brand_id)
VALUES ('76BfrLx1ElU3TnxRjsoLph', 5)
ON DUPLICATE KEY UPDATE brand_id = VALUES(brand_id);
INSERT INTO aws_notification_brands (notification_id, brand_id)
VALUES ('76BfrLx1ElU3TnxRjsoLph', 1)
ON DUPLICATE KEY UPDATE brand_id = VALUES(brand_id);
INSERT INTO aws_notification_brands (notification_id, brand_id)
VALUES ('76BfrLx1ElU3TnxRjsoLph', 6)
ON DUPLICATE KEY UPDATE brand_id = VALUES(brand_id);
INSERT INTO aws_notification_brands (notification_id, brand_id)
VALUES ('76BfrLx1ElU3TnxRjsoLph', 4)
ON DUPLICATE KEY UPDATE brand_id = VALUES(brand_id);
INSERT INTO aws_notification_brands (notification_id, brand_id)
VALUES ('76BfrLx1ElU3TnxRjsoLph', 10)
ON DUPLICATE KEY UPDATE brand_id = VALUES(brand_id);
INSERT INTO aws_notification_brands (notification_id, brand_id)
VALUES ('76BfrLx1ElU3TnxRjsoLph', 11)
ON DUPLICATE KEY UPDATE brand_id = VALUES(brand_id);
INSERT INTO aws_notification_brands (notification_id, brand_id)
VALUES ('76BfrLx1ElU3TnxRjsoLph', 7)
ON DUPLICATE KEY UPDATE brand_id = VALUES(brand_id);
-- 7vJ4YyDXAqQ5NbxV62zLEk
INSERT INTO aws_notifications (id_notification, category, status, is_legacy, priority, sender, published_at)
VALUES ('7vJ4YyDXAqQ5NbxV62zLEk', 8, 'Published', 1, 1, 'Handover Import', '2024-06-17 14:54:57')
ON DUPLICATE KEY UPDATE category = VALUES(category), status = VALUES(status), is_legacy = VALUES(is_legacy), priority = VALUES(priority), sender = VALUES(sender), published_at = VALUES(published_at);
INSERT INTO aws_notification_translations (notification_id, locale, title, executive_summary, content_html)
VALUES ('7vJ4YyDXAqQ5NbxV62zLEk', 'de', 'Leasing Loyalty Programm mit Treuebonus', '', '<p>Wir freuen uns, Ihnen mitzuteilen, dass wir ein neues \"Leasing Loyalty\"-Programm einführen werden, das es Ihnen ermöglicht, Leads von Ihren Kunden, deren Leasingverträge in 9 und 3 Monaten auslaufen, direkt in Salesforce zu erhalten.</p><p>Details entnehmen Sie bitte dem beigefügten Rundschreiben.</p>')
ON DUPLICATE KEY UPDATE title = VALUES(title), executive_summary = VALUES(executive_summary), content_html = VALUES(content_html);
INSERT INTO aws_notification_translations (notification_id, locale, title, executive_summary, content_html)
VALUES ('7vJ4YyDXAqQ5NbxV62zLEk', 'fr-CH', 'Leasing Loyalty Programme avec prime de fidélité', '', '<p>Nous avons le plaisir de vous annoncer qu’ à partir de cette semaine, nous allons mettre en place un nouveau Leasing Loyalty Programme qui vous permettra de recevoir directement dans Salesforce des leads de vos clients dont les contrats de leasing expirent en 9 et 3 mois, directement dans Salesforce.</p><p>Veuillez consulter la circulaire ci-jointe pour plus de détails.</p>')
ON DUPLICATE KEY UPDATE title = VALUES(title), executive_summary = VALUES(executive_summary), content_html = VALUES(content_html);
INSERT INTO aws_notification_translations (notification_id, locale, title, executive_summary, content_html)
VALUES ('7vJ4YyDXAqQ5NbxV62zLEk', 'it-CH', 'Leasing Loyalty Program con Bonus fedeltà', '', '<p>Siamo lieti di annunciare che da questa settimana lanceremo un nuovo programma di \"Leasing Loyalty\" che vi consentirà di ricevere direttamente in Salesforce i lead dei vostri clienti i cui contratti di leasing scadono tra 9 e 3 mesi.</p><p>Per dettagli si prega di consultare la circolare allegata.</p>')
ON DUPLICATE KEY UPDATE title = VALUES(title), executive_summary = VALUES(executive_summary), content_html = VALUES(content_html);
INSERT INTO aws_notification_brands (notification_id, brand_id)
VALUES ('7vJ4YyDXAqQ5NbxV62zLEk', 3)
ON DUPLICATE KEY UPDATE brand_id = VALUES(brand_id);
INSERT INTO aws_notification_brands (notification_id, brand_id)
VALUES ('7vJ4YyDXAqQ5NbxV62zLEk', 5)
ON DUPLICATE KEY UPDATE brand_id = VALUES(brand_id);
INSERT INTO aws_notification_brands (notification_id, brand_id)
VALUES ('7vJ4YyDXAqQ5NbxV62zLEk', 1)
ON DUPLICATE KEY UPDATE brand_id = VALUES(brand_id);
INSERT INTO aws_notification_brands (notification_id, brand_id)
VALUES ('7vJ4YyDXAqQ5NbxV62zLEk', 4)
ON DUPLICATE KEY UPDATE brand_id = VALUES(brand_id);
-- 3DWN5BeMuMVNrYrnc07Jjm
INSERT INTO aws_notifications (id_notification, category, status, is_legacy, priority, sender, published_at)
VALUES ('3DWN5BeMuMVNrYrnc07Jjm', 8, 'Published', 1, 2, 'Handover Import', '2025-04-24 05:17:55')
ON DUPLICATE KEY UPDATE category = VALUES(category), status = VALUES(status), is_legacy = VALUES(is_legacy), priority = VALUES(priority), sender = VALUES(sender), published_at = VALUES(published_at);
INSERT INTO aws_notification_translations (notification_id, locale, title, executive_summary, content_html)
VALUES ('3DWN5BeMuMVNrYrnc07Jjm', 'de', 'Neu in Astara Platform: Offerten- & Prozess-Pop-up', 'Im Rahmen unserer kontinuierlichen Optimierung digitaler Verkaufsprozesse führen wir zwei neue Pop-up-Funktionen in der Astara Platform ein. Ziel ist es, den Versand von digitalen Offerten zu vereinfachen und Kundenauslieferungen ausserhalb des Prozesses frühzeitig zu erkennen. Beide Massnahmen schaffen zusätzlichen Mehrwert für unsere Händler.', '<p>Liebe Händlerpartner,&nbsp;</p><p>um Ihnen einen weiteren Mehrwert im täglichen Verkaufsprozess zu bieten, möchten wir Sie über zwei neue Funktionserweiterungen in der Astara Platform informieren.</p><p>Diese Erweiterungen helfen Ihnen, effizienter zu arbeiten, die Kundenkommunikation zu verbessern und den digitalen Offertenversand zu stärken – mit Erinnerungen und Prüfschritten.</p><p><strong>1.&nbsp;&nbsp;&nbsp;&nbsp;&nbsp;&nbsp;&nbsp;Neuer Bestätigungs-Pop-up vor dem Versand einer Digitalen Offerte</strong></p><p>Ab sofort erscheint bei jeder Angebotserstellung ein <strong>Pop-up-Fenster</strong>, das den Verkaufsmitarbeitenden daran erinnert, die digitale Offerte aktiv zu versenden.</p><p>Im Pop-up können folgende Aktionen vorgenommen werden:</p><p>·&nbsp;&nbsp;&nbsp;&nbsp;&nbsp;&nbsp;&nbsp;Die Möglichkeit, den <strong>Entwurf der digitalen Offerte anzuzeigen</strong>.</p><p><em>Bitte beachten: Unabhängig von der gewählten Versand­sprache wird Ihnen die Vorschau der digitalen Offerte in Ihrer ausgewählten Sprache angezeigt. Der Kunde erhält das Angebot jedoch in der von Ihnen gewählten Sprache.</em></p><p>·&nbsp;&nbsp;&nbsp;&nbsp;&nbsp;&nbsp;&nbsp;Auswahl der <strong>Versandsprache</strong> des Angebots</p><p>·&nbsp;&nbsp;&nbsp;&nbsp;&nbsp;&nbsp;&nbsp;<strong>Überprüfung und ggf. Korrektur</strong> der E-Mail-Adresse des Kunden, falls Anpassungen notwendig sind.</p><p><em>Bitte beachten: Wenn Sie die E-Mail-Adresse hier ändern, wird auch die E-Mail-Adresse im Konto angepasst.</em></p><p>·&nbsp;&nbsp;&nbsp;&nbsp;&nbsp;&nbsp;&nbsp;<strong>Kennzeichnung</strong>, falls der Kunde sich ausdrücklich keinen digitalen Offertenversand wünscht</p><p>Sobald Sie auf „Akzeptieren“ klicken, wird das digitale Angebot versendet – es sei denn, Sie haben vorher das entsprechende Kontrollkästchen markiert.</p><p><strong>2.&nbsp;&nbsp;&nbsp;&nbsp;&nbsp;&nbsp;&nbsp;Warnhinweis bei Abweichungen vom Verkaufsprozess</strong></p><p>Zusätzlich wird ein weiterer Warnhinweis (Pop-up) im Prozess der Fahrzeugmeldung (Vehicle Notification) eingeblendet, wenn ein Fahrzeug mit normalem Verkaufstyp und normaler Nutzung angemeldet wird – ohne dass zuvor ein Angebot erstellt oder eine Bestellung generiert wurde.</p><p>Ziel dieser Massnahme ist es, die Transparenz im Verkaufsprozess zu erhöhen und Fahrzeuge, die ausserhalb des definierten kommerziellen Prozesses gemeldet werden, frühzeitig zu erkennen.</p><p>Für Rückfragen oder Unterstützungsbedarf stehen wir Ihnen selbstverständlich gerne zur Verfügung. Alternativ können Sie sich auch direkt an Ihre zuständigen <strong>Zone Manager</strong> wenden.</p><p>Wir danken Ihnen für Ihre Aufmerksamkeit und Ihre kontinuierliche Zusammenarbeit,</p><p>Astara Digital Customer Experience Team</p>')
ON DUPLICATE KEY UPDATE title = VALUES(title), executive_summary = VALUES(executive_summary), content_html = VALUES(content_html);
INSERT INTO aws_notification_translations (notification_id, locale, title, executive_summary, content_html)
VALUES ('3DWN5BeMuMVNrYrnc07Jjm', 'fr-CH', 'Nouveau sur Astara Platform : pop-up & alerte', 'Dans le cadre de notre amélioration continue des processus de vente digitaux, nous introduisons deux nouvelles fonctionnalités « pop-up » dans la plateforme Astara. L’objectif est de faciliter l’envoi des offres digitales et d’identifier plus facilement les livraisons clients effectuées en dehors du processus standard. Ces deux mesures apportent une valeur ajoutée supplémentaire à nos partenaires commerciaux.', '<p>Chers partenaires distributeurs,</p><p>Dans le but de vous offrir une valeur ajoutée supplémentaire dans vos activités quotidiennes, nous souhaitons vous informer de deux nouvelles extensions fonctionnelles dans la plateforme Astara.</p><p>Ces améliorations vous aident à travailler de manière plus efficace, à améliorer la communication avec les clients et à renforcer l’envoi d’offres digitales – à l’aide de rappels et de validations intégrées.</p><p>1.&nbsp;&nbsp;&nbsp;&nbsp;&nbsp;&nbsp;&nbsp;<strong>Nouveau pop-up de confirmation avant l’envoi d’une offre digitale</strong></p><p><strong> </strong>Désormais, un pop-up s’affichera à chaque création d’offre, rappelant aux vendeurs d’envoyer activement l’offre digitale.</p><p>Les actions suivantes sont possibles via ce pop-up :</p><p>·&nbsp;&nbsp;&nbsp;&nbsp;&nbsp;&nbsp;&nbsp;Possibilité de visualiser le brouillon de l’offre digitale.</p><p><em>Remarque : quelle que soit la langue de l’envoi choisie, l’aperçu vous sera affiché dans votre langue sélectionnée. Le client recevra cependant l’offre dans la langue que vous avez spécifiée.</em></p><p>·&nbsp;&nbsp;&nbsp;&nbsp;&nbsp;&nbsp;&nbsp;Choix de la langue d’envoi de l’offre</p><p>·&nbsp;&nbsp;&nbsp;&nbsp;&nbsp;&nbsp;&nbsp;Vérification et, si nécessaire, correction de l’adresse e-mail du client.</p><p><em>Remarque : si l’adresse e-mail est modifiée ici, elle sera également mise à jour dans le compte client.</em></p><p>·&nbsp;&nbsp;&nbsp;&nbsp;&nbsp;&nbsp;&nbsp;Indication si le client ne souhaite pas recevoir l’offre digitale</p><p>Dès que vous cliquez sur « Accepter », l’offre digitale sera envoyée – sauf si vous avez coché la case correspondante avant de cliquer sur « Accepter ».</p><p>&nbsp;</p><p>2.&nbsp;&nbsp;&nbsp;&nbsp;&nbsp;&nbsp;&nbsp;<strong>Alerte en cas d’écart par rapport au processus de vente</strong></p><p>Une deuxième alerte (pop-up) apparaîtra également lors de la notification d’un véhicule, si celui-ci est enregistré avec un type de vente standard et une utilisation normale – sans qu’une offre ou une commande ait été préalablement générée.</p><p>Cette mesure vise à améliorer la transparence du processus de vente et à identifier plus facilement les véhicules qui ne suivent pas le processus commercial standard.</p><p>Pour toute question ou besoin d’assistance, nous sommes bien entendu à votre disposition.</p><p>Vous pouvez également contacter directement votre responsable de zone.</p><p>Nous vous remercions de votre attention et de votre collaboration continue,</p><p>L’équipe Astara Digital Customer Experience</p>')
ON DUPLICATE KEY UPDATE title = VALUES(title), executive_summary = VALUES(executive_summary), content_html = VALUES(content_html);
INSERT INTO aws_notification_translations (notification_id, locale, title, executive_summary, content_html)
VALUES ('3DWN5BeMuMVNrYrnc07Jjm', 'it-CH', 'Novità su Astara Platform: pop-up e avviso', 'Nell’ambito del nostro costante impegno ad ottimizzare i processi di vendita digitali, introduciamo due nuove funzionalità pop-up nella piattaforma Astara. L’obiettivo è semplificare l’invio delle offerte digitali e identificare più facilmente le consegne ai clienti al di fuori del processo commerciale standard. Entrambe le misure apportano un valore aggiunto significativo ai nostri partner di rete.', '<p>Gentili Partner,</p><p>al fine di offrirvi un ulteriore valore aggiunto nel processo di vendita desideriamo informarvi dell’introduzione di due nuove funzionalità nella piattaforma Astara.</p><p>Questi miglioramenti vi aiuteranno a lavorare in modo più efficiente, migliorare la comunicazione con il cliente e rafforzare l’invio delle offerte digitali – tramite promemoria e passaggi di verifica.</p><p>1.&nbsp;&nbsp;&nbsp;&nbsp;&nbsp;&nbsp;&nbsp;<strong>Nuovo pop-up di conferma prima dell’invio di un’Offerta Digitale</strong></p><p>Da ora in poi, ogni volta che viene creata un’offerta, apparirà una finestra pop-up che ricorderà al venditore di inviare attivamente l’offerta digitale.</p><p>Tramite il pop-up sarà possibile:</p><p>·&nbsp;&nbsp;&nbsp;&nbsp;&nbsp;&nbsp;&nbsp;Visualizzare l’anteprima dell’offerta digitale in formato bozza</p><p><em> Nota: indipendentemente dalla lingua selezionata per l’invio, l’anteprima verrà visualizzata nella lingua da voi impostata. Tuttavia, il cliente riceverà l’offerta nella lingua selezionata per lui.</em></p><p>·&nbsp;&nbsp;&nbsp;&nbsp;&nbsp;&nbsp;&nbsp;Selezionare la lingua di invio dell’offerta</p><p>·&nbsp;&nbsp;&nbsp;&nbsp;&nbsp;&nbsp;&nbsp;Verificare e, se necessario, correggere l’indirizzo e-mail del cliente</p><p><em>Nota: se l’indirizzo e-mail viene modificato in questa fase, verrà aggiornato anche nel profilo del cliente nella piattaforma.</em></p><p>·&nbsp;&nbsp;&nbsp;&nbsp;&nbsp;&nbsp;&nbsp;Indicare se il cliente ha espressamente richiesto di <strong>non ricevere</strong> offerte digitali</p><p>Non appena clicca su « Accetta », l’offerta digitale verrà inviata – a meno che non abbia selezionato la casella corrispondente prima di cliccare su « Accetta ».</p><p>2.&nbsp;&nbsp;&nbsp;&nbsp;&nbsp;&nbsp;&nbsp;<strong>Avviso in caso di deviazioni dal processo di vendita</strong></p><p>Un secondo avviso pop-up sarà mostrato durante la <strong>notifica del veicolo</strong>, se quest’ultimo viene registrato con <strong>tipo di vendita standard ed utilizzo normale</strong>, ma <strong>senza</strong> che sia stata generata un’offerta o un ordine.</p><p>Questa misura ha l’obiettivo di aumentare la trasparenza del processo di vendita e identificare tempestivamente i veicoli registrati al di fuori del percorso commerciale previsto.</p><p>Per qualsiasi domanda o necessità di supporto, siamo a vostra completa disposizione. In alternativa, potete contattare direttamente il vostro <strong>Zone Manager</strong> di riferimento.</p><p>Vi ringraziamo per l’attenzione e per la vostra continua collaborazione,</p><p>Il team Astara Digital Customer Experience</p>')
ON DUPLICATE KEY UPDATE title = VALUES(title), executive_summary = VALUES(executive_summary), content_html = VALUES(content_html);
INSERT INTO aws_notification_brands (notification_id, brand_id)
VALUES ('3DWN5BeMuMVNrYrnc07Jjm', 3)
ON DUPLICATE KEY UPDATE brand_id = VALUES(brand_id);
INSERT INTO aws_notification_brands (notification_id, brand_id)
VALUES ('3DWN5BeMuMVNrYrnc07Jjm', 5)
ON DUPLICATE KEY UPDATE brand_id = VALUES(brand_id);
INSERT INTO aws_notification_brands (notification_id, brand_id)
VALUES ('3DWN5BeMuMVNrYrnc07Jjm', 1)
ON DUPLICATE KEY UPDATE brand_id = VALUES(brand_id);
INSERT INTO aws_notification_brands (notification_id, brand_id)
VALUES ('3DWN5BeMuMVNrYrnc07Jjm', 6)
ON DUPLICATE KEY UPDATE brand_id = VALUES(brand_id);
INSERT INTO aws_notification_brands (notification_id, brand_id)
VALUES ('3DWN5BeMuMVNrYrnc07Jjm', 4)
ON DUPLICATE KEY UPDATE brand_id = VALUES(brand_id);
INSERT INTO aws_notification_brands (notification_id, brand_id)
VALUES ('3DWN5BeMuMVNrYrnc07Jjm', 10)
ON DUPLICATE KEY UPDATE brand_id = VALUES(brand_id);
INSERT INTO aws_notification_brands (notification_id, brand_id)
VALUES ('3DWN5BeMuMVNrYrnc07Jjm', 11)
ON DUPLICATE KEY UPDATE brand_id = VALUES(brand_id);
INSERT INTO aws_notification_brands (notification_id, brand_id)
VALUES ('3DWN5BeMuMVNrYrnc07Jjm', 7)
ON DUPLICATE KEY UPDATE brand_id = VALUES(brand_id);
-- 14FaJB4B7P95tIsBOQXAH7
INSERT INTO aws_notifications (id_notification, category, status, is_legacy, priority, sender, published_at)
VALUES ('14FaJB4B7P95tIsBOQXAH7', 8, 'Published', 1, 1, 'Handover Import', '2023-10-30 16:18:46')
ON DUPLICATE KEY UPDATE category = VALUES(category), status = VALUES(status), is_legacy = VALUES(is_legacy), priority = VALUES(priority), sender = VALUES(sender), published_at = VALUES(published_at);
INSERT INTO aws_notification_translations (notification_id, locale, title, executive_summary, content_html)
VALUES ('14FaJB4B7P95tIsBOQXAH7', 'de', 'Neue Funktion: Händler- und Teaminformationen', '', '')
ON DUPLICATE KEY UPDATE title = VALUES(title), executive_summary = VALUES(executive_summary), content_html = VALUES(content_html);
INSERT INTO aws_notification_translations (notification_id, locale, title, executive_summary, content_html)
VALUES ('14FaJB4B7P95tIsBOQXAH7', 'fr-CH', 'Nouvelle fonction : Info concessionnaires, équipes.', '', '')
ON DUPLICATE KEY UPDATE title = VALUES(title), executive_summary = VALUES(executive_summary), content_html = VALUES(content_html);
INSERT INTO aws_notification_translations (notification_id, locale, title, executive_summary, content_html)
VALUES ('14FaJB4B7P95tIsBOQXAH7', 'it-CH', 'Nuova funzione: informazioni sul concessionario e team', '', '')
ON DUPLICATE KEY UPDATE title = VALUES(title), executive_summary = VALUES(executive_summary), content_html = VALUES(content_html);
INSERT INTO aws_notification_brands (notification_id, brand_id)
VALUES ('14FaJB4B7P95tIsBOQXAH7', 3)
ON DUPLICATE KEY UPDATE brand_id = VALUES(brand_id);
INSERT INTO aws_notification_brands (notification_id, brand_id)
VALUES ('14FaJB4B7P95tIsBOQXAH7', 5)
ON DUPLICATE KEY UPDATE brand_id = VALUES(brand_id);
INSERT INTO aws_notification_brands (notification_id, brand_id)
VALUES ('14FaJB4B7P95tIsBOQXAH7', 1)
ON DUPLICATE KEY UPDATE brand_id = VALUES(brand_id);
INSERT INTO aws_notification_brands (notification_id, brand_id)
VALUES ('14FaJB4B7P95tIsBOQXAH7', 6)
ON DUPLICATE KEY UPDATE brand_id = VALUES(brand_id);
INSERT INTO aws_notification_brands (notification_id, brand_id)
VALUES ('14FaJB4B7P95tIsBOQXAH7', 4)
ON DUPLICATE KEY UPDATE brand_id = VALUES(brand_id);
INSERT INTO aws_notification_brands (notification_id, brand_id)
VALUES ('14FaJB4B7P95tIsBOQXAH7', 7)
ON DUPLICATE KEY UPDATE brand_id = VALUES(brand_id);
-- 01GZ190ZJQAJYEMPZ79D04VNRB
INSERT INTO aws_notifications (id_notification, category, status, is_legacy, priority, sender, published_at)
VALUES ('01GZ190ZJQAJYEMPZ79D04VNRB', 8, 'Published', 1, 1, 'Handover Import', '2023-04-27 11:54:25')
ON DUPLICATE KEY UPDATE category = VALUES(category), status = VALUES(status), is_legacy = VALUES(is_legacy), priority = VALUES(priority), sender = VALUES(sender), published_at = VALUES(published_at);
INSERT INTO aws_notification_translations (notification_id, locale, title, executive_summary, content_html)
VALUES ('01GZ190ZJQAJYEMPZ79D04VNRB', 'de', 'Neue Händlerwebseiten und das Astara Dealer Cockpit', 'Herzlich Willkommen im Astara Dealer Cockpit. Dieser digitale Arbeitsplatz erleichtert Ihnen künftig den Zugang zu wichtigen Informationen, Dokumenten und Tools und bündelt Ihre Kommunikation zeitsparend an einem Ort. Zusätzlich haben Sie die Möglichkeit, Inhalte der neuen Nissan Händler Webseite über dieses Cockpit zu aktualisieren.', '')
ON DUPLICATE KEY UPDATE title = VALUES(title), executive_summary = VALUES(executive_summary), content_html = VALUES(content_html);
INSERT INTO aws_notification_translations (notification_id, locale, title, executive_summary, content_html)
VALUES ('01GZ190ZJQAJYEMPZ79D04VNRB', 'fr-CH', 'Site web du distributeur et l\'Astara Dealer Cockpit', 'Bienvenue dans l\'Astara Dealer Cockpit. Ce poste de travail numérique vous facilitera à l\'avenir l\'accès aux informations, documents et outils importants et regroupera votre communication en un seul endroit pour vous faire gagner du temps. De plus, vous avez la possibilité de mettre à jour le contenu du nouveau site web des concessionnaires Nissan via ce cockpit.', '')
ON DUPLICATE KEY UPDATE title = VALUES(title), executive_summary = VALUES(executive_summary), content_html = VALUES(content_html);
INSERT INTO aws_notification_translations (notification_id, locale, title, executive_summary, content_html)
VALUES ('01GZ190ZJQAJYEMPZ79D04VNRB', 'it-CH', 'Nuovi siti web per i concessionari e Dealer Cockpit', 'Benvenuti nell\'Astara Dealer Cockpit. Questa postazione di lavoro digitale vi consentirà di accedere più facilmente a informazioni, documenti e strumenti importanti e di riunire le vostre comunicazioni in un unico luogo per risparmiare tempo. Inoltre, avrete la possibilità di aggiornare i contenuti del nuovo sito web del concessionario Nissan attraverso questo cockpit.', '')
ON DUPLICATE KEY UPDATE title = VALUES(title), executive_summary = VALUES(executive_summary), content_html = VALUES(content_html);
INSERT INTO aws_notification_brands (notification_id, brand_id)
VALUES ('01GZ190ZJQAJYEMPZ79D04VNRB', 7)
ON DUPLICATE KEY UPDATE brand_id = VALUES(brand_id);
-- 6EF3Wif71GJfAbgOoMZf9V
INSERT INTO aws_notifications (id_notification, category, status, is_legacy, priority, sender, published_at)
VALUES ('6EF3Wif71GJfAbgOoMZf9V', 8, 'Published', 1, 1, 'Handover Import', '2025-07-30 15:29:23')
ON DUPLICATE KEY UPDATE category = VALUES(category), status = VALUES(status), is_legacy = VALUES(is_legacy), priority = VALUES(priority), sender = VALUES(sender), published_at = VALUES(published_at);
INSERT INTO aws_notification_translations (notification_id, locale, title, executive_summary, content_html)
VALUES ('6EF3Wif71GJfAbgOoMZf9V', 'de', 'Optimierung der digitalen Offerte jetzt verfügbar', 'Mit den neuesten Updates auf der Astara Platform haben wir die digitale Offerte inhaltlich optimiert, das E-Mail-Layout überarbeitet und mit dem Pilotprojekt „Digitale Offerte zu Vertrag“ den Grundstein für einen vollständig digitalen Verkaufsprozess gelegt. Diese Verbesserungen sind ab sofort live und zielen darauf ab, die Kundenerfahrung zu verbessern und Ihre Abläufe zu vereinfachen.  ', '<p>Liebe Partner und Händler,</p><p><br></p><p>Anbei senden wir Ihnen Informationen über die drei neuesten Entwicklungen der Astara Platform. Diese Neuerungen ermöglichen effizientere Abläufe, verbessern die Kundenerfahrung und unterstützen einen vollständig digitalen Verkaufsprozess. Die Funktionen werden heute Abend auf der Astara Platform freigeschaltet und stehen Ihnen danach zur Verfügung. Sie können die neuen Funktionen eigenständig nutzen und testen. Diese sollen Ihren Tagesablauf spürbar erleichtern.&nbsp;</p><p><br></p><p><strong><u>1. Neues Layout der automatisierten E-Mails zur digitalen Offerte</u></strong><u>&nbsp;</u></p><p>Um das Layout der E-Mail noch benutzerfreundlicher zu gestalten, verwenden wir nun eine neue Vorlage. Dieses enthält einen direkten Link zur digitalen Offerte in der Astara Platform und zeigt neu das passende Fahrzeug aus der Offerte.&nbsp;</p><p><br></p><p><strong>Inhalte der E-Mail:</strong>&nbsp;</p><ul><li>Informationen zum gewünschten Fahrzeug&nbsp;</li><li>Angaben zur Garage&nbsp;</li><li>Branding der jeweiligen Marke (Farben &amp; Logos)&nbsp;</li><li>Bild vom ausgewählten Fahrzeug&nbsp;</li><li>Direkter Zugriff auf die Offerte – jederzeit, überall&nbsp;</li></ul><p><br></p><p><strong>Vorteil:</strong>&nbsp;</p><p>Dieses automatisierte Vorgehen schafft ein nahtloses Kundenerlebnis, stärkt die Kundenbindung und sorgt für mehr Transparenz im Verkaufsprozess.&nbsp;</p><p>&nbsp;</p><p><strong><u>2. Neues Layout für die digitale Offerte</u></strong><u> </u>&nbsp;</p><p>Die digitale Offerte wurde inhaltlich überarbeitet, um sie für Kundinnen und Kunden noch <strong>übersichtlicher, verständlicher und strukturierter</strong> zu gestalten – ohne grundlegende visuelle Veränderungen.&nbsp;</p><p><br></p><p><strong>Was ist neu?</strong>&nbsp;</p><ul><li>Alle Preise werden ab sofort <strong>inkl. MwSt.</strong> und <strong>ohne Rappenbeträge</strong> dargestellt – für eine klare und einheitliche Preisübersicht.&nbsp;</li><li>Klar strukturierte Darstellung aller Fahrzeugdetails&nbsp;</li><li>Übersichtliche Gliederung: Modellinformationen, Zubehör, Dienstleistungen, Preisübersicht mit Zwischensumme, Rabatten und Gesamtpreis (inkl. MwSt.), Preis für Eintauschfahrzeug &amp; Endpreis</li></ul><p><br></p><p><strong>Vorteil:</strong>&nbsp;</p><p>Das neue Layout wird automatisch bei allen digitalen Offerten verwendet und verbessert die Kundenwahrnehmung sowie die Verkaufsargumentation.&nbsp;</p><p>&nbsp;</p><p><strong><u>3. Digitale Offerte zu Vertrag (BETA-Version)</u></strong><u>&nbsp;</u></p><p>Dies ist zunächst als Testphase vorgesehen, während wir das Tool weiterentwickeln. Wir haben es bereits live geschaltet, um direktes Feedback von Ihnen zu erhalten und es agil weiter auszubauen. Mit dem Pilotprojekt <strong>„Digitale Offerte zu Vertrag“</strong> gehen wir einen Schritt weiter: Von der digitalen Offerte erstellen wir direkt den digitalen Vertrag.&nbsp;</p><p>&nbsp;</p><p>In diesem Rundschreiben finden Sie eine kurze Anleitung, wie Sie Ihre AGBs aktualisieren und einen Vertrag erstellen können.&nbsp;</p><p><br></p><p><strong>Was ist möglich?</strong>&nbsp;</p><ul><li>AGBs einmalig hochladen und bei Bedarf aktualisieren&nbsp;</li><li>Kundendaten &amp; Fahrzeuginfos werden von der digitalen Offerte direkt übernommen und man muss sie nur prüfen und/oder ergänzen&nbsp;</li><li>Automatische PDF-Erstellung des Kundenvertrags&nbsp;</li><li>Digitales Versenden oder manuell bearbeiten &amp; archivieren möglich&nbsp;</li></ul><p>&nbsp;</p><p><strong>Vorteil:</strong>&nbsp;</p><p>Ein durchdachter Verkaufsprozess – schneller, klarer und komplett in der Astara Platform. Eine Anleitung zur Nutzung finden Sie im Anhang des Rundschreibens.&nbsp;</p><p>&nbsp;</p><p>Vielen Dank für Ihre Aufmerksamkeit.&nbsp;</p><p>Falls Sie Fragen oder Feedback haben, können Sie sich jederzeit gerne bei Ihrem Zonen Manager melden.</p><p>Ihr Digital &amp; CX Team</p>')
ON DUPLICATE KEY UPDATE title = VALUES(title), executive_summary = VALUES(executive_summary), content_html = VALUES(content_html);
INSERT INTO aws_notification_translations (notification_id, locale, title, executive_summary, content_html)
VALUES ('6EF3Wif71GJfAbgOoMZf9V', 'fr-CH', 'Optimisation de l’offre digitale désormais disponible', 'Grâce aux dernières mises à jour de la plateforme Astara, nous avons optimisé le contenu de l’offre digitale, amélioré la mise en page des e-mails, et jeté les bases d’un processus de vente entièrement numérique grâce au projet pilote « Offre digitale au contrat ». Ces améliorations sont désormais en ligne et visent à améliorer l’expérience client et à simplifier vos processus. ', '<p>Chers partenaires et Garages,&nbsp;</p><p><br></p><p>Veuillez trouver ci-joint des informations sur les trois dernières évolutions de la plateforme Astara. Ces nouveautés permettent des processus plus efficaces, améliorent l’expérience client et soutiennent une démarche de vente entièrement numérique. Les fonctionnalités seront activées ce soir sur la plateforme Astara et seront ensuite disponibles. Vous pouvez utiliser et tester les nouvelles fonctionnalités de manière autonome. Elles sont conçues pour faciliter concrètement votre quotidien.&nbsp;</p><p><br></p><p><strong><u>1. Nouveau design des e-mails automatisés pour l’offre digitale</u></strong><u>&nbsp;</u></p><p>Pour rendre la présentation de l’e-mail plus conviviale, nous utilisons désormais un nouveau modèle. Celui-ci contient un lien direct vers l’offre digitale sur la plateforme Astara et affiche désormais le véhicule correspondant.&nbsp;</p><p><br></p><p><strong>Contenu de l’e-mail :</strong>&nbsp;</p><ol><li>Informations sur le véhicule souhaité&nbsp;</li><li>Coordonnées du Garage&nbsp;</li><li>Charte graphique de la marque (couleurs et logos)&nbsp;</li><li>Image du véhicule sélectionné&nbsp;</li><li>Accès direct à l’offre – à tout moment, partout&nbsp;</li></ol><p><br></p><p><strong>Avantage :</strong>&nbsp;</p><p>Ce processus automatisé crée une expérience client fluide, renforce la fidélité et assure plus de transparence dans le processus de vente.&nbsp;</p><p><u>&nbsp;</u></p><p><strong><u>2. Nouvelle mise en page de l’offre digitale</u></strong><u>&nbsp;</u></p><p>L’offre digitale a été retravaillée pour être encore plus claire, compréhensible et structurée pour vos clients – sans modifier son apparence de base.&nbsp;</p><p><br></p><p><strong>Nouveautés :</strong>&nbsp;</p><p>Tous les prix sont désormais affichés TTC et arrondis aux francs – pour une meilleure lisibilité.&nbsp;</p><p>Présentation structurée de tous les détails du véhicule&nbsp;</p><p>Structure claire : informations sur le modèle, accessoires, services, aperçu des prix avec sous-total, rabais et prix total (TTC), prix de reprise et prix final&nbsp;</p><p><br></p><p><strong>Avantage : </strong>Cette nouvelle mise en page est appliquée automatiquement à toutes les offres digitales et améliore la perception client ainsi que vos arguments de vente.&nbsp;</p><p><br></p><p><strong><u>3. De l’offre digitale au contrat (version BETA)</u></strong><u>&nbsp;</u></p><p>Ce projet est actuellement en phase pilote, en cours de développement. Il est déjà en ligne pour recueillir vos retours et l’améliorer rapidement. Avec le projet pilote <strong>«Offre digitale au contrat»</strong>, nous allons plus loin : le contrat client peut être généré directement depuis l’offre digitale.&nbsp;</p><p>Dans cette communication, vous trouverez une brève notice expliquant comment mettre à jour vos CGV et créer un contrat.&nbsp;</p><p><br></p><p><strong>Fonctionnalités possibles :</strong>&nbsp;</p><ul><li>Charger une fois vos CGV et les mettre à jour à tout moment&nbsp;</li><li>Les données client et véhicule sont reprises directement depuis l’offre digitale – il suffit de les vérifier et/ou de les compléter&nbsp;</li><li>Génération automatique d’un contrat client au format PDF&nbsp;</li><li>Envoi digital ou traitement manuel possible (édition, archivage)&nbsp;</li></ul><p><br></p><p><strong>Avantage :</strong>&nbsp;</p><p>Un processus de vente réfléchi – plus rapide, plus clair et entièrement intégré à la plateforme Astara. Vous trouverez les instructions détaillées en pièce jointe.&nbsp;</p><p><br></p><p>Nous vous remercions de votre attention.&nbsp;</p><p>Pour toute question ou remarque, n’hésitez pas à contacter votre Zone Manager.&nbsp;</p><p>Votre équipe Digital &amp; CX</p>')
ON DUPLICATE KEY UPDATE title = VALUES(title), executive_summary = VALUES(executive_summary), content_html = VALUES(content_html);
INSERT INTO aws_notification_translations (notification_id, locale, title, executive_summary, content_html)
VALUES ('6EF3Wif71GJfAbgOoMZf9V', 'it-CH', 'Ottimizzazione dell’offerta digitale ora disponibile', 'Con gli ultimi aggiornamenti della piattaforma Astara, abbiamo ottimizzato il contenuto dell’offerta digitale, rivisto il layout dell’e-mail e gettato le basi per un processo di vendita completamente digitale con il progetto pilota «Offerta digitale a contratto». Questi miglioramenti sono ora online e mirano a migliorare l’esperienza cliente e a semplificare i vostri processi.', '<p>Gentili partner e Garage,&nbsp;</p><p><br></p><p>Alleghiamo informazioni sulle tre ultime novità della piattaforma Astara. Queste innovazioni permettono processi più efficienti, migliorano l’esperienza cliente e supportano un processo di vendita completamente digitale. Le funzionalità saranno attivate questa sera sulla piattaforma Astara e saranno poi disponibili. Potrete utilizzare e testare autonomamente le nuove funzioni. Queste miglioreranno concretamente le vostre attività quotidiane.&nbsp;</p><p><br></p><p><strong><u>1. Nuovo layout delle e-mail automatizzate per l’offerta digitale</u></strong><u>&nbsp;</u></p><p>Per rendere il layout delle e-mail più intuitivo, utilizziamo ora un nuovo modello. Contiene un link diretto all’offerta digitale sulla piattaforma Astara e mostra il veicolo selezionato.&nbsp;</p><p><br></p><p><strong>Contenuto dell’e-mail:</strong>&nbsp;</p><ul><li>Informazioni sul veicolo desiderato&nbsp;</li><li>Dati del Garage&nbsp;</li><li>Branding del marchio (colori e loghi)&nbsp;</li><li>Immagine del veicolo selezionato&nbsp;</li><li>Accesso diretto all’offerta – sempre e ovunque&nbsp;</li></ul><p><br></p><p><strong>Vantaggio:</strong>&nbsp;</p><p>Questo processo automatizzato crea un’esperienza cliente fluida, rafforza la fidelizzazione e garantisce maggiore trasparenza nella vendita.&nbsp;</p><p>&nbsp;</p><p><strong><u>2. Nuovo layout per l’offerta digitale</u></strong><u>&nbsp;</u></p><p>L’offerta digitale è stata rivista nei contenuti per essere ancora più <strong>chiara, comprensibile e strutturata per i clienti</strong> – senza cambiare l’aspetto generale.&nbsp;</p><p><br></p><p><strong>Novità:</strong>&nbsp;</p><ul><li>Tutti i prezzi sono ora visualizzati IVA inclusa e arrotondati ai franchi – per maggiore chiarezza.&nbsp;</li><li>Presentazione strutturata di tutti i dettagli del veicolo&nbsp;</li><li>Struttura chiara: informazioni sul modello, accessori, servizi, panoramica dei prezzi con subtotale, sconti e prezzo totale (IVA incl.), valore di permuta e prezzo finale&nbsp;</li></ul><p><br></p><p><strong>Vantaggio:</strong>&nbsp;</p><p>Il nuovo layout viene applicato automaticamente a tutte le offerte digitali e migliora la percezione del cliente e l’argomentazione commerciale.&nbsp;</p><p><br></p><p><strong><u>3. Dall’offerta digitale al contratto (versione BETA)</u></strong></p><p>Questa fase è attualmente in test. Lo strumento è già online per raccogliere i vostri feedback e svilupparlo rapidamente. Con il progetto pilota <strong>«Offerta digitale a contratto» </strong>si va oltre: il contratto cliente può essere generato direttamente dall’offerta digitale.&nbsp;</p><p>In questa comunicazione trovate una guida su come aggiornare le CGV e creare un contratto.&nbsp;</p><p>&nbsp;</p><p><strong>Funzionalità disponibili:</strong>&nbsp;</p><ul><li>Caricare una sola volta le CGV e aggiornarle in qualsiasi momento&nbsp;</li><li>I dati cliente e veicolo vengono trasferiti direttamente dall’offerta digitale – è sufficiente verificarli e/o completarli&nbsp;</li><li>Generazione automatica del contratto cliente in PDF&nbsp;</li><li>Invio digitale o elaborazione manuale (modifica, archiviazione)&nbsp;</li></ul><p><br></p><p><strong>Vantaggio:</strong>&nbsp;</p><p>Un processo di vendita ben pensato – più veloce, più chiaro e completamente integrato nella piattaforma Astara. Le istruzioni d’uso si trovano in allegato.&nbsp;</p><p>&nbsp;</p><p>Grazie per la vostra attenzione.&nbsp;</p><p>Per domande o commenti, contattate il vostro responsabile di zona.&nbsp;</p><p>Il vostro team Digital &amp; CX</p>')
ON DUPLICATE KEY UPDATE title = VALUES(title), executive_summary = VALUES(executive_summary), content_html = VALUES(content_html);
INSERT INTO aws_notification_brands (notification_id, brand_id)
VALUES ('6EF3Wif71GJfAbgOoMZf9V', 3)
ON DUPLICATE KEY UPDATE brand_id = VALUES(brand_id);
INSERT INTO aws_notification_brands (notification_id, brand_id)
VALUES ('6EF3Wif71GJfAbgOoMZf9V', 5)
ON DUPLICATE KEY UPDATE brand_id = VALUES(brand_id);
INSERT INTO aws_notification_brands (notification_id, brand_id)
VALUES ('6EF3Wif71GJfAbgOoMZf9V', 1)
ON DUPLICATE KEY UPDATE brand_id = VALUES(brand_id);
INSERT INTO aws_notification_brands (notification_id, brand_id)
VALUES ('6EF3Wif71GJfAbgOoMZf9V', 6)
ON DUPLICATE KEY UPDATE brand_id = VALUES(brand_id);
INSERT INTO aws_notification_brands (notification_id, brand_id)
VALUES ('6EF3Wif71GJfAbgOoMZf9V', 4)
ON DUPLICATE KEY UPDATE brand_id = VALUES(brand_id);
INSERT INTO aws_notification_brands (notification_id, brand_id)
VALUES ('6EF3Wif71GJfAbgOoMZf9V', 10)
ON DUPLICATE KEY UPDATE brand_id = VALUES(brand_id);
INSERT INTO aws_notification_brands (notification_id, brand_id)
VALUES ('6EF3Wif71GJfAbgOoMZf9V', 11)
ON DUPLICATE KEY UPDATE brand_id = VALUES(brand_id);
INSERT INTO aws_notification_brands (notification_id, brand_id)
VALUES ('6EF3Wif71GJfAbgOoMZf9V', 7)
ON DUPLICATE KEY UPDATE brand_id = VALUES(brand_id);
-- 1e7STNA5VH2CLlKszIDPWS
INSERT INTO aws_notifications (id_notification, category, status, is_legacy, priority, sender, published_at)
VALUES ('1e7STNA5VH2CLlKszIDPWS', 8, 'Published', 1, 1, 'Handover Import', '2024-03-07 10:03:49')
ON DUPLICATE KEY UPDATE category = VALUES(category), status = VALUES(status), is_legacy = VALUES(is_legacy), priority = VALUES(priority), sender = VALUES(sender), published_at = VALUES(published_at);
INSERT INTO aws_notification_translations (notification_id, locale, title, executive_summary, content_html)
VALUES ('1e7STNA5VH2CLlKszIDPWS', 'de', 'Pflichtfeld Modellinformation bei Leaderstellung', 'Ab dem 11. März - Neues Pflichtfeld für die Lead-Erstellung', '<p>Ab dem 11. März gibt es ein neues Pflichtfeld für die Lead-Erstellung</p><p><br></p><p><a href=\"https://scribehow.com/shared/Quick_Guide__New_Model_Information__isubdImMTEGf7_k5zpKIFQ\" rel=\"noopener noreferrer\" target=\"_blank\"><strong>Hier finden Sie eine Kurzanleitung.</strong></a></p>')
ON DUPLICATE KEY UPDATE title = VALUES(title), executive_summary = VALUES(executive_summary), content_html = VALUES(content_html);
INSERT INTO aws_notification_translations (notification_id, locale, title, executive_summary, content_html)
VALUES ('1e7STNA5VH2CLlKszIDPWS', 'fr-CH', 'Information sur le modèle lors de la création de leads', 'A partir du 11 mars - Nouveau champ obligatoire pour la création de leads', '<p>A partir du 11 mars, il y aura un nouveau champ obligatoire pour la création de leads</p><p><br></p><p><a href=\"https://scribehow.com/shared/Quick_Guide__New_Model_Information__isubdImMTEGf7_k5zpKIFQ\" rel=\"noopener noreferrer\" target=\"_blank\"><strong>Vous trouverez ici un guide rapide.</strong></a></p>')
ON DUPLICATE KEY UPDATE title = VALUES(title), executive_summary = VALUES(executive_summary), content_html = VALUES(content_html);
INSERT INTO aws_notification_translations (notification_id, locale, title, executive_summary, content_html)
VALUES ('1e7STNA5VH2CLlKszIDPWS', 'it-CH', 'Informazioni sul modello per la creazione di lead', 'Dall\'11 marzo - Nuovo campo obbligatorio per la creazione di lead', '<p>A partire dall\'11 marzo, ci sarà un nuovo campo obbligatorio per la creazione di un lead.</p><p><br></p><p><a href=\"https://scribehow.com/shared/Quick_Guide__New_Model_Information__isubdImMTEGf7_k5zpKIFQ\" rel=\"noopener noreferrer\" target=\"_blank\"><strong>Può trovare una guida rapida qui.</strong></a></p>')
ON DUPLICATE KEY UPDATE title = VALUES(title), executive_summary = VALUES(executive_summary), content_html = VALUES(content_html);
INSERT INTO aws_notification_brands (notification_id, brand_id)
VALUES ('1e7STNA5VH2CLlKszIDPWS', 3)
ON DUPLICATE KEY UPDATE brand_id = VALUES(brand_id);
INSERT INTO aws_notification_brands (notification_id, brand_id)
VALUES ('1e7STNA5VH2CLlKszIDPWS', 5)
ON DUPLICATE KEY UPDATE brand_id = VALUES(brand_id);
INSERT INTO aws_notification_brands (notification_id, brand_id)
VALUES ('1e7STNA5VH2CLlKszIDPWS', 1)
ON DUPLICATE KEY UPDATE brand_id = VALUES(brand_id);
INSERT INTO aws_notification_brands (notification_id, brand_id)
VALUES ('1e7STNA5VH2CLlKszIDPWS', 6)
ON DUPLICATE KEY UPDATE brand_id = VALUES(brand_id);
INSERT INTO aws_notification_brands (notification_id, brand_id)
VALUES ('1e7STNA5VH2CLlKszIDPWS', 4)
ON DUPLICATE KEY UPDATE brand_id = VALUES(brand_id);
INSERT INTO aws_notification_brands (notification_id, brand_id)
VALUES ('1e7STNA5VH2CLlKszIDPWS', 7)
ON DUPLICATE KEY UPDATE brand_id = VALUES(brand_id);
-- 3VYCuwuFiZdsWIjlo6GOJJ
INSERT INTO aws_notifications (id_notification, category, status, is_legacy, priority, sender, published_at)
VALUES ('3VYCuwuFiZdsWIjlo6GOJJ', 8, 'Published', 1, 2, 'Handover Import', '2025-11-05 17:22:41')
ON DUPLICATE KEY UPDATE category = VALUES(category), status = VALUES(status), is_legacy = VALUES(is_legacy), priority = VALUES(priority), sender = VALUES(sender), published_at = VALUES(published_at);
INSERT INTO aws_notification_translations (notification_id, locale, title, executive_summary, content_html)
VALUES ('3VYCuwuFiZdsWIjlo6GOJJ', 'de', 'Pflichtfeld «Grund für Kaufabsage» bei Verkaufschancen', '', '<p>Sehr geehrte Partnerinnen und Partner,</p><p>Ab dem 06. November 2025 wird im Dealer-Portal der Astara Platform eine neue Änderung sichtbar sein.</p><p>Beim Schliessen einer Verkaufschance ist es neu verpflichtend, das Feld «Grund für Kaufabsage» auszufüllen.</p><p>Dies entspricht dem bestehenden Prozess für Leads und stellt eine einheitliche Datenqualität über alle Marken und Märkte sicher.</p><p>Diese Änderung ist wichtig, weil sie uns ermöglicht:</p><ul><li>Besser zu verstehen, weshalb sich Interessentinnen und Interessenten gegen einen Kauf entscheiden.</li><li>Verbesserungsmöglichkeiten basierend auf dem Feedback der Kundinnen und Kunden zu erkennen.</li><li>Die Datenqualität sicherzustellen und zu verhindern, dass automatisierte Mitteilungen an nicht mehr interessierte Kundinnen und Kunden gesendet werden.</li></ul><p>Bitte beachten Sie, dass das System das Schliessen einer Verkaufschance ohne ausgewählten Grund nicht zulässt.</p><p>Die Schritt-für-Schritt-Anleitung zum Markieren einer Verkaufschance als „Verloren“ finden Sie unter folgendem Link:</p><p><a href=\"https://scribehow.com/viewer/Wie_Sie_eine_verlorene_Verkaufschance_auf_Geschlossen_setzen_konnen__bLzdC7PPRc2mzfjMmCChwg?referrer=knowledge-page \" rel=\"noopener noreferrer\" target=\"_blank\">[LINK ZUR ANLEITUNG]</a></p>')
ON DUPLICATE KEY UPDATE title = VALUES(title), executive_summary = VALUES(executive_summary), content_html = VALUES(content_html);
INSERT INTO aws_notification_translations (notification_id, locale, title, executive_summary, content_html)
VALUES ('3VYCuwuFiZdsWIjlo6GOJJ', 'fr-CH', 'Champ obligatoire «Raison de non-achat»', '', '<p>Chères partenaires, chers partenaires,</p><p>À partir du 6 novembre 2025, un changement sera visible dans le Portail Concessionnaire de la plateforme Astara.</p><p>Lors de la fermeture d’une opportunité, il sera désormais obligatoire de renseigner le champ « Raison de non-achat ».</p><p>Cette évolution s’aligne sur le processus déjà en place pour les leads et garantit une qualité de données homogène pour toutes les marques et tous les marchés.</p><p>Ce changement est important, car il nous permet de :</p><ul><li>Mieux comprendre pourquoi certains prospects ne finalisent pas leur achat.</li><li>Identifier les axes d’amélioration grâce aux retours clients.</li><li>Maintenir la fiabilité des données et éviter l’envoi de communications automatiques à des clients qui ne sont plus intéressés.</li></ul><p>Veuillez noter que le système ne permettra pas de clôturer une opportunité sans sélection d’un motif.</p><p>Vous trouverez le guide étape par étape pour marquer une opportunité comme « perdue » au lien ci-dessous :</p><p><a href=\"https://scribehow.com/viewer/Comment_definir_une_opportunite_perdue_comme__cloturee___ATAzNTypQeG79dz_p-aL5g?referrer=knowledge-page \" rel=\"noopener noreferrer\" target=\"_blank\">[LIEN VERS LE GUIDE]</a></p>')
ON DUPLICATE KEY UPDATE title = VALUES(title), executive_summary = VALUES(executive_summary), content_html = VALUES(content_html);
INSERT INTO aws_notification_translations (notification_id, locale, title, executive_summary, content_html)
VALUES ('3VYCuwuFiZdsWIjlo6GOJJ', 'it-CH', 'Campo obbligatorio «Motivo della mancata vendita»', '', '<p>Gentili partner,</p><p>A partire dal 6 novembre 2025, sarà visibile una nuova modifica nella vista Dealer Portal della piattaforma Astara.</p><p>Quando si chiude un’opportunità, sarà ora obbligatorio compilare il campo «Motivo della mancata vendita».</p><p>Questo aggiornamento è in linea con il processo già esistente per i lead e garantisce una qualità dei dati coerente in tutti i marchi e mercati.</p><p>Questa modifica è importante perché ci consente di:</p><ul><li>Comprendere meglio perché i potenziali clienti decidono di non proseguire con l’acquisto.</li><li>Identificare le aree di miglioramento sulla base dei feedback dei clienti.</li><li>Mantenere l’accuratezza dei dati ed evitare che vengano inviate comunicazioni automatiche a clienti non più interessati.</li></ul><p>Si prega di notare che il sistema non consentirà di chiudere un’opportunità senza aver selezionato un motivo.</p><p>La guida passo dopo passo su come contrassegnare un’opportunità come « persa » è disponibile al seguente link:</p><p><a href=\"https://scribehow.com/viewer/Come_impostare_unopportunita_persa_su__Chiusa___sNt_lbE_R6Cf0gN2fQytkw?referrer=knowledge-page \" rel=\"noopener noreferrer\" target=\"_blank\">[LINK ALLA GUIDA]</a></p>')
ON DUPLICATE KEY UPDATE title = VALUES(title), executive_summary = VALUES(executive_summary), content_html = VALUES(content_html);
INSERT INTO aws_notification_brands (notification_id, brand_id)
VALUES ('3VYCuwuFiZdsWIjlo6GOJJ', 3)
ON DUPLICATE KEY UPDATE brand_id = VALUES(brand_id);
INSERT INTO aws_notification_brands (notification_id, brand_id)
VALUES ('3VYCuwuFiZdsWIjlo6GOJJ', 5)
ON DUPLICATE KEY UPDATE brand_id = VALUES(brand_id);
INSERT INTO aws_notification_brands (notification_id, brand_id)
VALUES ('3VYCuwuFiZdsWIjlo6GOJJ', 1)
ON DUPLICATE KEY UPDATE brand_id = VALUES(brand_id);
INSERT INTO aws_notification_brands (notification_id, brand_id)
VALUES ('3VYCuwuFiZdsWIjlo6GOJJ', 6)
ON DUPLICATE KEY UPDATE brand_id = VALUES(brand_id);
INSERT INTO aws_notification_brands (notification_id, brand_id)
VALUES ('3VYCuwuFiZdsWIjlo6GOJJ', 4)
ON DUPLICATE KEY UPDATE brand_id = VALUES(brand_id);
INSERT INTO aws_notification_brands (notification_id, brand_id)
VALUES ('3VYCuwuFiZdsWIjlo6GOJJ', 10)
ON DUPLICATE KEY UPDATE brand_id = VALUES(brand_id);
INSERT INTO aws_notification_brands (notification_id, brand_id)
VALUES ('3VYCuwuFiZdsWIjlo6GOJJ', 11)
ON DUPLICATE KEY UPDATE brand_id = VALUES(brand_id);
INSERT INTO aws_notification_brands (notification_id, brand_id)
VALUES ('3VYCuwuFiZdsWIjlo6GOJJ', 7)
ON DUPLICATE KEY UPDATE brand_id = VALUES(brand_id);
-- 1XgkH0iEXtqTikJ6imN1NN
INSERT INTO aws_notifications (id_notification, category, status, is_legacy, priority, sender, published_at)
VALUES ('1XgkH0iEXtqTikJ6imN1NN', 8, 'Published', 1, 1, 'Handover Import', '2025-11-14 08:41:57')
ON DUPLICATE KEY UPDATE category = VALUES(category), status = VALUES(status), is_legacy = VALUES(is_legacy), priority = VALUES(priority), sender = VALUES(sender), published_at = VALUES(published_at);
INSERT INTO aws_notification_translations (notification_id, locale, title, executive_summary, content_html)
VALUES ('1XgkH0iEXtqTikJ6imN1NN', 'de', 'Reaktivierung von Interessenten zur Verkaufssteigerung', 'Ende November startet eine Reaktivierungskampagne für alte Leads. \n\nBitte bis 21.11. alle Leads und Verkaufschancen in Salesforce aktualisieren, damit nur relevante Kontakte angeschrieben werden. ', '<p>Liebe Händler Partnerinnen und Partner,&nbsp;</p><p><br></p><p>Ende November starten wir eine Reaktivierungskampagne, um Ihre bestehenden Kontakte wieder für den Fahrzeugkauf zu interessieren.&nbsp;</p><p><br></p><p>Basierend auf den vorhandenen Daten in der Astara Platform kontaktieren wir automatisch per E-Mail jene Personen, die früher Interesse gezeigt, aber keinen Kauf abgeschlossen haben.&nbsp;</p><p><br></p><p><strong>Damit die Kampagne möglichst effektiv ist, bitten wir Sie, Ihre Leads und Verkaufschancen zu aktualisieren, sodass sie den aktuellen Status widerspiegeln. Weitere Informationen finden Sie unten.</strong>&nbsp;</p><p><br></p><p><strong>Ziel: </strong>Kontakte aus dem Jahr 2025, die im Verkaufsprozess nicht weitergekommen oder ohne Abschluss geblieben sind, wieder aktivieren.&nbsp;</p><p><br></p><p><strong>So funktioniert es</strong>&nbsp;</p><ul><li>Kontakte, die noch als „kontaktiert“ markiert sind oder mit einer offenen Offerte verknüpft sind, erhalten personalisierte E-Mails.&nbsp;</li><li>Die Inhalte sind auf ihren Stand im Verkaufsprozess abgestimmt und geben den Kunden die Möglichkeit, erneut kontaktiert zu werden oder eine aktualisierte Offerte zu erhalten.&nbsp;</li><li>Leads und Verkaufschancen, die bereits als „verloren“ markiert sind, werden ausgeschlossen.&nbsp;</li></ul><p><br></p><p><strong>Ihr Vorteil</strong>&nbsp;</p><ul><li>Sie erhalten in Salesforce automatisch „Hot Lead“-Aufgaben für Kontakte mit besonders hoher Abschlusswahrscheinlichkeit, basierend auf:&nbsp;</li><li>wie oft sie ihre digitale Offerte geöffnet haben,&nbsp;</li><li>wie häufig sie unsere Markenwebseiten besucht haben,&nbsp;</li><li>und wie kürzlich sie mit Marken interagiert haben.&nbsp;</li><li>Zusätzlich können direkte Kontaktanfragen von Kontakten eingehen, die auf die E-Mail reagieren und erneut Interesse zeigen.&nbsp;</li></ul><p><br></p><p><strong>Was wir von Ihnen benötigen</strong>&nbsp;</p><p>Bitte bringen Sie <strong>bis 21. November</strong> alle Leads und Offerten auf den aktuellen Stand, damit nur relevante Interessenten angeschrieben werden.&nbsp;</p><p>So vermeiden Sie, dass inaktive oder abgeschlossene Kontakte versehentlich in die Kampagne aufgenommen werden.&nbsp;</p><p><br></p><p>Hier finden Sie kurze Anleitungen:&nbsp;</p><ul><li>Wie man einen Lead schliesst&nbsp;<a href=\"https://scribehow.com/viewer/Wie_Sie_einen_verlorenen_Lead_schliessen__QH-fagc0TSCPJi_QSAZ2WQ?referrer=knowledge-page\" rel=\"noopener noreferrer\" target=\"_blank\" style=\"color: rgb(70, 120, 134);\">https://scribehow.com/viewer/Wie_Sie_einen_verlorenen_Lead_schliessen__QH-fagc0TSCPJi_QSAZ2WQ?referrer=knowledge-page</a>&nbsp;&nbsp;</li><li>Wie man eine Verkaufschance schliesst&nbsp;<a href=\"https://scribehow.com/viewer/Wie_Sie_eine_verlorene_Verkaufschance_auf_Geschlossen_setzen_konnen__bLzdC7PPRc2mzfjMmCChwg?referrer=knowledge-page\" rel=\"noopener noreferrer\" target=\"_blank\" style=\"color: rgb(70, 120, 134);\">https://scribehow.com/viewer/Wie_Sie_eine_verlorene_Verkaufschance_auf_Geschlossen_setzen_konnen__bLzdC7PPRc2mzfjMmCChwg?referrer=knowledge-page</a>&nbsp;&nbsp;</li></ul><p><br></p><p>Vielen Dank, dass Sie Ihre Daten aktuell halten.&nbsp;</p><p><br></p><p>Gemeinsam bringen wir kaufbereite Interessenten zurück in Ihre Garage zurück.&nbsp;</p><p><br></p><p>Ihr Digital &amp; CX Team&nbsp;</p>')
ON DUPLICATE KEY UPDATE title = VALUES(title), executive_summary = VALUES(executive_summary), content_html = VALUES(content_html);
INSERT INTO aws_notification_translations (notification_id, locale, title, executive_summary, content_html)
VALUES ('1XgkH0iEXtqTikJ6imN1NN', 'fr-CH', 'Réactivation de vos prospects pour stimuler les ventes', 'Fin novembre, une campagne de réactivation sera lancée pour relancer d’anciens leads. \n\nNous vous prions de mettre à jour tous vos leads et opportunités dans Salesforce avant le 21 novembre, afin que seuls les contacts pertinents soient inclus. ', '<p>Chères et chers partenaires,&nbsp;</p><p><br></p><p>Fin novembre, nous lancerons une campagne de réactivation afin de raviver l’intérêt de vos contacts existants pour l’achat d’un véhicule.&nbsp;</p><p><br></p><p>Sur la base des données déjà disponibles dans la plateforme Astara, nous contacterons automatiquement par e-mail les personnes ayant manifesté un intérêt dans le passé sans finaliser leur achat.&nbsp;</p><p><br></p><p><strong>Afin d’assurer l’efficacité maximale de la campagne, nous vous invitons à mettre à jour vos leads et opportunités afin qu’ils reflètent leur statut actuel. Vous trouverez plus d’informations ci-dessous.&nbsp;</strong></p><p><br></p><p><strong>Objectif :</strong> Réactiver les contacts de 2025 qui n’ont pas poursuivi le processus de vente ou n’ont pas concrétisé leur achat.&nbsp;</p><p><br></p><p><strong>Fonctionnement</strong>&nbsp;</p><ul><li>Les contacts marqués comme « contacté » ou liés à une offre ouverte recevront des e-mails personnalisés.&nbsp;</li><li>Le contenu est adapté à leur étape dans le processus de vente et leur permet de demander à être recontactés ou de recevoir une offre actualisée.&nbsp;</li><li>Les leads et opportunités déjà marqués comme « perdus » seront exclus.&nbsp;</li></ul><p><br></p><p><strong>Vos avantages</strong>&nbsp;</p><ul><li>Vous recevrez automatiquement dans Salesforce des tâches « Hot Lead » pour les contacts présentant une forte probabilité de conclusion, basées sur :&nbsp;</li><li>la fréquence d’ouverture de leur offre digitale,&nbsp;</li><li>la fréquence de leurs visites sur les sites de nos marques,&nbsp;</li><li>et la récence de leurs interactions avec nos marques.&nbsp;</li><li>Des demandes de contact direct peuvent également être générées par des clients répondant à l’e-mail et manifestant à nouveau de l’intérêt.&nbsp;</li></ul><p><br></p><p><strong>Ce que nous vous demandons</strong>&nbsp;</p><p>Merci de <strong>mettre à jour tous vos leads et offres avant le 21 novembre</strong>, afin que seuls les prospects pertinents soient inclus dans la campagne.&nbsp;</p><p>Cela évitera que des contacts inactifs ou déjà clôturés soient inclus par erreur.&nbsp;</p><p><br></p><p><strong>Guides rapides :</strong>&nbsp;</p><ul><li>Comment clôturer un lead https://scribehow.com/viewer/Comment_cloturer_un_Lead_comme_perdu__VNiyHURQTHaWOCJUwykImA?referrer=knowledge-page</li><li>Comment clôturer une opportunité https://scribehow.com/viewer/Comment_definir_une_opportunite_perdue_comme__cloturee___ATAzNTypQeG79dz_p-aL5g?referrer=knowledge-page</li></ul><p><br></p><p>Nous vous remercions de maintenir vos données à jour.&nbsp;</p><p><br></p><p>Ensemble, faisons revenir dans votre Garage des prospects prêts à acheter.&nbsp;</p><p><br></p><p>Votre équipe Digital &amp; CX</p>')
ON DUPLICATE KEY UPDATE title = VALUES(title), executive_summary = VALUES(executive_summary), content_html = VALUES(content_html);
INSERT INTO aws_notification_translations (notification_id, locale, title, executive_summary, content_html)
VALUES ('1XgkH0iEXtqTikJ6imN1NN', 'it-CH', 'Riattivazione dei prospect per aumentare le vendite', 'A fine novembre verrà lanciata una campagna di riattivazione per i vecchi lead. \n\nLa invitiamo a aggiornare tutti i lead e le opportunità di vendita in Salesforce entro il 21 novembre, in modo che vengano contattati solo i contatti pertinenti. ', '<p>Gentili partner,&nbsp;</p><p>A fine novembre lanceremo una campagna di riattivazione per risvegliare l’interesse dei Suoi contatti esistenti all’acquisto di un veicolo.&nbsp;</p><p><br></p><p>Sulla base dei dati già presenti nella piattaforma Astara, contatteremo automaticamente via e-mail le persone che in passato hanno mostrato interesse ma non hanno completato l’acquisto.&nbsp;</p><p><br></p><p><strong>Per garantire la massima efficacia della campagna, La invitiamo ad aggiornare i Suoi lead e le Sue opportunità affinché riflettano lo stato attuale. Maggiori informazioni sono riportate qui di seguito.&nbsp;</strong></p><p><br></p><p><strong>Obiettivo:</strong> Riattivare i contatti del 2025 che non hanno proseguito nel processo di vendita o non hanno concluso l’acquisto.&nbsp;</p><p><br></p><p><strong>Come funziona</strong>&nbsp;</p><ul><li>I contatti ancora segnati come « contattato » o collegati a un’offerta aperta riceveranno e-mail personalizzate.&nbsp;</li><li>I contenuti saranno adattati alla loro fase nel processo di vendita e offriranno la possibilità di essere ricontattati o di ricevere un’offerta aggiornata.&nbsp;</li><li>I lead e le opportunità già segnati come « perso » saranno esclusi.&nbsp;</li></ul><p><br></p><p><strong>I Suoi vantaggi</strong>&nbsp;</p><ul><li>In Salesforce riceverà automaticamente attività « Hot Lead » per i contatti con una probabilità di chiusura particolarmente alta, basate su:&nbsp;</li><li>il numero di volte in cui hanno aperto la loro offerta digitale,&nbsp;</li><li>la frequenza con cui hanno visitato i siti web dei nostri marchi,&nbsp;</li><li>e la data della loro ultima interazione con i marchi.&nbsp;</li><li>Inoltre, potranno arrivare richieste di contatto diretto da persone che risponderanno all’e-mail e mostreranno nuovamente interesse.&nbsp;</li></ul><p><br></p><p><strong>Cosa chiediamo</strong>&nbsp;</p><p>La preghiamo di <strong>aggiornare tutti i lead e le offerte entro il 21 novembre</strong>, affinché vengano contattati solo i prospect pertinenti.&nbsp;</p><p>In questo modo si eviterà che contatti inattivi o già chiusi vengano inclusi per errore nella campagna.&nbsp;</p><p><br></p><p><strong>Guide rapide:</strong>&nbsp;</p><ul><li>Come chiudere un lead:&nbsp;https://scribehow.com/viewer/Come_chiudere_un_lead_perso__ZZy9YqK-SOmglQGt7c2kDQ?referrer=knowledge-page</li><li>Come chiudere un’opportunità:&nbsp;https://scribehow.com/viewer/Come_impostare_unopportunita_persa_su__Chiusa___sNt_lbE_R6Cf0gN2fQytkw?referrer=knowledge-page</li></ul><p><br></p><p>La ringraziamo per mantenere aggiornati i Suoi dati.&nbsp;</p><p><br></p><p>Insieme riportiamo nella Sua Garage clienti pronti all’acquisto.&nbsp;</p><p><br></p><p>Il team Digital &amp; CX&nbsp;</p>')
ON DUPLICATE KEY UPDATE title = VALUES(title), executive_summary = VALUES(executive_summary), content_html = VALUES(content_html);
INSERT INTO aws_notification_brands (notification_id, brand_id)
VALUES ('1XgkH0iEXtqTikJ6imN1NN', 3)
ON DUPLICATE KEY UPDATE brand_id = VALUES(brand_id);
INSERT INTO aws_notification_brands (notification_id, brand_id)
VALUES ('1XgkH0iEXtqTikJ6imN1NN', 5)
ON DUPLICATE KEY UPDATE brand_id = VALUES(brand_id);
INSERT INTO aws_notification_brands (notification_id, brand_id)
VALUES ('1XgkH0iEXtqTikJ6imN1NN', 1)
ON DUPLICATE KEY UPDATE brand_id = VALUES(brand_id);
INSERT INTO aws_notification_brands (notification_id, brand_id)
VALUES ('1XgkH0iEXtqTikJ6imN1NN', 6)
ON DUPLICATE KEY UPDATE brand_id = VALUES(brand_id);
INSERT INTO aws_notification_brands (notification_id, brand_id)
VALUES ('1XgkH0iEXtqTikJ6imN1NN', 4)
ON DUPLICATE KEY UPDATE brand_id = VALUES(brand_id);
INSERT INTO aws_notification_brands (notification_id, brand_id)
VALUES ('1XgkH0iEXtqTikJ6imN1NN', 10)
ON DUPLICATE KEY UPDATE brand_id = VALUES(brand_id);
INSERT INTO aws_notification_brands (notification_id, brand_id)
VALUES ('1XgkH0iEXtqTikJ6imN1NN', 11)
ON DUPLICATE KEY UPDATE brand_id = VALUES(brand_id);
INSERT INTO aws_notification_brands (notification_id, brand_id)
VALUES ('1XgkH0iEXtqTikJ6imN1NN', 7)
ON DUPLICATE KEY UPDATE brand_id = VALUES(brand_id);
-- 3TZ8ZIlTBoYLKFoq9x7QS6
INSERT INTO aws_notifications (id_notification, category, status, is_legacy, priority, sender, published_at)
VALUES ('3TZ8ZIlTBoYLKFoq9x7QS6', 8, 'Published', 1, 1, 'Handover Import', '2025-11-28 15:53:09')
ON DUPLICATE KEY UPDATE category = VALUES(category), status = VALUES(status), is_legacy = VALUES(is_legacy), priority = VALUES(priority), sender = VALUES(sender), published_at = VALUES(published_at);
INSERT INTO aws_notification_translations (notification_id, locale, title, executive_summary, content_html)
VALUES ('3TZ8ZIlTBoYLKFoq9x7QS6', 'de', 'Reaktivierung von Interessenten zur Verkaufssteigerung', 'Die Folgeaktivitäten und E-Mails für die Reaktivierungskampagne wurden nun aktiviert. Nachfolgend finden Sie eine kurze Übersicht über die Arten von Folgeaktivitäten-Anfragen, die im System erscheinen können, wenn einer Ihrer früheren Kontakte erneut Interesse zeigt. ', '<p>Liebe Händlerpartner,&nbsp;</p><p><br></p><p>wie in der Dealer-Cockpit-Mitteilung vom 14.11.2025 kommuniziert, wurden nun die entsprechenden Folgeaktivitäten- und Kunden-E-Mail-Kommunikationen für Ihre bestehenden Kontakte durch die Astara Platform versendet.&nbsp;</p><p><br></p><p>Zur Erinnerung: Diese wurden an alle bestehenden Kontakte verschickt, die weder abgeschlossen noch in eine Bestellung umgewandelt wurden.&nbsp;</p><p><br></p><p>Es gibt zwei Arten von Folgeaktivitätsanfragen:&nbsp;</p><p><br></p><ul><li>Wenn ein bestehender Interessent aus Ihrer Interessentenliste erneut Interesse zeigt, erkennt das System dies und fordert Sie zu einer Folgeaktivität auf.&nbsp;</li><li>Wenn ein Kunde auf das Mailing reagiert und einen Rückruf oder ein neues Angebot anfordert, erhalten Sie ebenfalls eine Folgeaktivitäts-Anfrage, um Kontakt mit dem Kunden aufzunehmen.&nbsp;</li></ul><p><br></p><p>So stellen wir sicher, dass Sie nur Folgeaktivitäten zu Kunden erhalten, die Interesse zeigen oder erneut Interesse signalisiert haben.&nbsp;</p><p><br></p><p>Eine Anleitung, wo Sie diese Anfragen finden, finden Sie unter folgendem <a href=\"https://ace.astara-partner.com/_api/v1/document-assets/3C9ifc9zGxdsF8m3LbdyvT/de\" rel=\"noopener noreferrer\" target=\"_blank\">Link</a>.</p><p class=\"ql-align-center\"><br></p><p>Vielen Dank und wir hoffen, dass diese erneut interessierten Kunden zu erfolgreichen Verkäufen führen.&nbsp;</p><p><br></p><p>Ihr Digital &amp; CX Team&nbsp;</p>')
ON DUPLICATE KEY UPDATE title = VALUES(title), executive_summary = VALUES(executive_summary), content_html = VALUES(content_html);
INSERT INTO aws_notification_translations (notification_id, locale, title, executive_summary, content_html)
VALUES ('3TZ8ZIlTBoYLKFoq9x7QS6', 'fr-CH', 'Réactivation des prospects pour stimuler les ventes', 'Les activités de suivi et les e-mails de la campagne de réactivation ont désormais été activés. Vous trouverez ci-dessous un bref aperçu des types de demandes d’activités de suivi qui peuvent apparaître dans le système lorsque l’un de vos anciens contacts montre à nouveau de l’intérêt. ', '<p>Chers partenaires concessionnaires,&nbsp;</p><p><br></p><p>Comme indiqué dans la communication du Dealer Cockpit du 14.11.2025, les communications relatives aux activités de suivi ainsi que les e-mails clients concernant vos contacts existants ont été envoyés via la plateforme Astara.&nbsp;</p><p><br></p><p>Pour rappel, ces communications ont été adressées à tous les contacts existants qui n’avaient été ni clôturés ni convertis en commande.&nbsp;</p><p>Il existe deux types de demandes d’activités de suivi :&nbsp;</p><p><br></p><p>• Si un prospect déjà présent dans votre liste d’intéressés montre un intérêt renouvelé, le système le détecte et vous demande d’effectuer une activité de suivi.&nbsp;</p><p>• Si un client répond au mailing en demandant un appel ou une nouvelle offre, vous recevrez également une demande d’activité de suivi afin de le contacter.&nbsp;</p><p><br></p><p>Cela garantit que vous ne recevez des activités de suivi que pour les clients qui montrent ou ont montré un intérêt renouvelé.&nbsp;</p><p><br></p><p>Vous trouverez une explication sur l’emplacement de ces demandes via <a href=\"https://ace.astara-partner.com/_api/v1/document-assets/3C9ifc9zGxdsF8m3LbdyvT/de\" rel=\"noopener noreferrer\" target=\"_blank\">le lien</a> ci-dessous.</p><p><br></p><p>Merci, et nous espérons que ces clients montrant un nouvel intérêt conduiront à des ventes réussies.</p><p>&nbsp;</p><p>Votre équipe Digital &amp; CX&nbsp;</p>')
ON DUPLICATE KEY UPDATE title = VALUES(title), executive_summary = VALUES(executive_summary), content_html = VALUES(content_html);
INSERT INTO aws_notification_translations (notification_id, locale, title, executive_summary, content_html)
VALUES ('3TZ8ZIlTBoYLKFoq9x7QS6', 'it-CH', 'Riattivare clienti interessati per aumentare vendite', 'Le attività di follow-up e le e-mail della campagna di riattivazione sono state attivate a partire da adesso. Di seguito trovate una breve panoramica dei tipi di richieste di attività di follow-up che possono comparire nel sistema quando uno dei vostri contatti precedenti mostra nuovamente interesse. ', '<p>Cari partner concessionari,&nbsp;</p><p><br></p><p>Come comunicato nella comunicazione del Dealer Cockpit del 14.11.2025, le relative attività di follow-up e le comunicazioni e-mail ai clienti per i vostri contatti esistenti sono state inviate tramite la piattaforma Astara.&nbsp;</p><p><br></p><p>Come promemoria: queste comunicazioni sono state inviate a tutti i contatti esistenti che non erano stati chiusi né convertiti in un ordine.&nbsp;</p><p><br></p><p>Esistono due tipi di richieste di attività di follow-up:&nbsp;</p><p><br></p><p>• Se un cliente potenziale già presente nella vostra lista mostra un rinnovato interesse, il sistema lo rileva e vi richiede di eseguire un’attività di follow-up.&nbsp;</p><p>• Se un cliente potenziale risponde alla mail richiedendo una chiamata o un nuovo preventivo, riceverete anche una richiesta di attività di follow-up per contattarlo.&nbsp;</p><p><br></p><p>In questo modo garantiamo che riceviate attività di follow-up solo per quei clienti che mostrano o hanno mostrato un rinnovato interesse.&nbsp;</p><p><br></p><p>Una guida su dove trovare queste richieste è disponibile <a href=\"https://ace.astara-partner.com/_api/v1/document-assets/3C9ifc9zGxdsF8m3LbdyvT/de\" rel=\"noopener noreferrer\" target=\"_blank\">al link</a> seguente.</p><p><br></p><p>Grazie, e speriamo che questi clienti nuovamente interessati portino a vendite positive.&nbsp;</p><p><br></p><p>Il vostro team Digital &amp; CX&nbsp;</p>')
ON DUPLICATE KEY UPDATE title = VALUES(title), executive_summary = VALUES(executive_summary), content_html = VALUES(content_html);
INSERT INTO aws_notification_brands (notification_id, brand_id)
VALUES ('3TZ8ZIlTBoYLKFoq9x7QS6', 3)
ON DUPLICATE KEY UPDATE brand_id = VALUES(brand_id);
INSERT INTO aws_notification_brands (notification_id, brand_id)
VALUES ('3TZ8ZIlTBoYLKFoq9x7QS6', 5)
ON DUPLICATE KEY UPDATE brand_id = VALUES(brand_id);
INSERT INTO aws_notification_brands (notification_id, brand_id)
VALUES ('3TZ8ZIlTBoYLKFoq9x7QS6', 1)
ON DUPLICATE KEY UPDATE brand_id = VALUES(brand_id);
INSERT INTO aws_notification_brands (notification_id, brand_id)
VALUES ('3TZ8ZIlTBoYLKFoq9x7QS6', 6)
ON DUPLICATE KEY UPDATE brand_id = VALUES(brand_id);
INSERT INTO aws_notification_brands (notification_id, brand_id)
VALUES ('3TZ8ZIlTBoYLKFoq9x7QS6', 4)
ON DUPLICATE KEY UPDATE brand_id = VALUES(brand_id);
INSERT INTO aws_notification_brands (notification_id, brand_id)
VALUES ('3TZ8ZIlTBoYLKFoq9x7QS6', 10)
ON DUPLICATE KEY UPDATE brand_id = VALUES(brand_id);
INSERT INTO aws_notification_brands (notification_id, brand_id)
VALUES ('3TZ8ZIlTBoYLKFoq9x7QS6', 11)
ON DUPLICATE KEY UPDATE brand_id = VALUES(brand_id);
INSERT INTO aws_notification_brands (notification_id, brand_id)
VALUES ('3TZ8ZIlTBoYLKFoq9x7QS6', 7)
ON DUPLICATE KEY UPDATE brand_id = VALUES(brand_id);
-- 2Zf2gZ5MqHWcV1bUAvGyjo
INSERT INTO aws_notifications (id_notification, category, status, is_legacy, priority, sender, published_at)
VALUES ('2Zf2gZ5MqHWcV1bUAvGyjo', 8, 'Published', 1, 1, 'Handover Import', '2023-06-14 08:32:32')
ON DUPLICATE KEY UPDATE category = VALUES(category), status = VALUES(status), is_legacy = VALUES(is_legacy), priority = VALUES(priority), sender = VALUES(sender), published_at = VALUES(published_at);
INSERT INTO aws_notification_translations (notification_id, locale, title, executive_summary, content_html)
VALUES ('2Zf2gZ5MqHWcV1bUAvGyjo', 'de', 'Rechnungsstellung und neue Funktion', 'Informations-Update über die Rechnungsstellung und die neue Funktion im Dealer Cockpit und auf der Website.', '')
ON DUPLICATE KEY UPDATE title = VALUES(title), executive_summary = VALUES(executive_summary), content_html = VALUES(content_html);
INSERT INTO aws_notification_translations (notification_id, locale, title, executive_summary, content_html)
VALUES ('2Zf2gZ5MqHWcV1bUAvGyjo', 'fr-CH', 'Facturation et nouvelle fonctionnalité', 'Mise à jour des informations sur la facturation et la nouvelle fonction dans le Dealer Cockpit et sur le site web.\n', '')
ON DUPLICATE KEY UPDATE title = VALUES(title), executive_summary = VALUES(executive_summary), content_html = VALUES(content_html);
INSERT INTO aws_notification_translations (notification_id, locale, title, executive_summary, content_html)
VALUES ('2Zf2gZ5MqHWcV1bUAvGyjo', 'it-CH', 'Fatturazione e nuova funzione', 'Aggiornamento delle informazioni sulla fatturazione e sulla nuova funzione nel Dealer Cockpit e sul sito web.\n', '')
ON DUPLICATE KEY UPDATE title = VALUES(title), executive_summary = VALUES(executive_summary), content_html = VALUES(content_html);
INSERT INTO aws_notification_brands (notification_id, brand_id)
VALUES ('2Zf2gZ5MqHWcV1bUAvGyjo', 3)
ON DUPLICATE KEY UPDATE brand_id = VALUES(brand_id);
-- 33nW6krrCocUxBYtJ98ggY
INSERT INTO aws_notifications (id_notification, category, status, is_legacy, priority, sender, published_at)
VALUES ('33nW6krrCocUxBYtJ98ggY', 8, 'Published', 1, 1, 'Handover Import', '2023-06-14 08:27:57')
ON DUPLICATE KEY UPDATE category = VALUES(category), status = VALUES(status), is_legacy = VALUES(is_legacy), priority = VALUES(priority), sender = VALUES(sender), published_at = VALUES(published_at);
INSERT INTO aws_notification_translations (notification_id, locale, title, executive_summary, content_html)
VALUES ('33nW6krrCocUxBYtJ98ggY', 'de', 'Rechnungsstellung und neue Funktion', 'Informations-Update über die Rechnungsstellung und die neue Funktion im Dealer Cockpit und auf der Website.', '')
ON DUPLICATE KEY UPDATE title = VALUES(title), executive_summary = VALUES(executive_summary), content_html = VALUES(content_html);
INSERT INTO aws_notification_translations (notification_id, locale, title, executive_summary, content_html)
VALUES ('33nW6krrCocUxBYtJ98ggY', 'fr-CH', 'Facturation et nouvelle fonctionnalité', 'Mise à jour des informations sur la facturation et la nouvelle fonction dans le Dealer Cockpit et sur le site web.\n', '')
ON DUPLICATE KEY UPDATE title = VALUES(title), executive_summary = VALUES(executive_summary), content_html = VALUES(content_html);
INSERT INTO aws_notification_translations (notification_id, locale, title, executive_summary, content_html)
VALUES ('33nW6krrCocUxBYtJ98ggY', 'it-CH', 'Fatturazione e nuova funzione', 'Aggiornamento delle informazioni sulla fatturazione e sulla nuova funzione nel Dealer Cockpit e sul sito web.\n', '')
ON DUPLICATE KEY UPDATE title = VALUES(title), executive_summary = VALUES(executive_summary), content_html = VALUES(content_html);
-- 5KVwNjsXTB25xH9GI7AcP2
INSERT INTO aws_notifications (id_notification, category, status, is_legacy, priority, sender, published_at)
VALUES ('5KVwNjsXTB25xH9GI7AcP2', 8, 'Published', 1, 1, 'Handover Import', '2023-06-14 08:22:34')
ON DUPLICATE KEY UPDATE category = VALUES(category), status = VALUES(status), is_legacy = VALUES(is_legacy), priority = VALUES(priority), sender = VALUES(sender), published_at = VALUES(published_at);
INSERT INTO aws_notification_translations (notification_id, locale, title, executive_summary, content_html)
VALUES ('5KVwNjsXTB25xH9GI7AcP2', 'de', 'Rechnungsstellung und neue Funktion', 'Informations-Update über die Rechnungsstellung und die neue Funktion im Dealer Cockpit und auf der Website.', '')
ON DUPLICATE KEY UPDATE title = VALUES(title), executive_summary = VALUES(executive_summary), content_html = VALUES(content_html);
INSERT INTO aws_notification_translations (notification_id, locale, title, executive_summary, content_html)
VALUES ('5KVwNjsXTB25xH9GI7AcP2', 'fr-CH', 'Facturation et nouvelle fonctionnalité', 'Mise à jour des informations sur la facturation et la nouvelle fonction dans le Dealer Cockpit et sur le site web.\n', '')
ON DUPLICATE KEY UPDATE title = VALUES(title), executive_summary = VALUES(executive_summary), content_html = VALUES(content_html);
INSERT INTO aws_notification_translations (notification_id, locale, title, executive_summary, content_html)
VALUES ('5KVwNjsXTB25xH9GI7AcP2', 'it-CH', 'Fatturazione e nuova funzione', 'Aggiornamento delle informazioni sulla fatturazione e sulla nuova funzione nel Dealer Cockpit e sul sito web.\n', '')
ON DUPLICATE KEY UPDATE title = VALUES(title), executive_summary = VALUES(executive_summary), content_html = VALUES(content_html);
INSERT INTO aws_notification_brands (notification_id, brand_id)
VALUES ('5KVwNjsXTB25xH9GI7AcP2', 5)
ON DUPLICATE KEY UPDATE brand_id = VALUES(brand_id);
-- 7Jj91jnXZ5enf8DEe27koG
INSERT INTO aws_notifications (id_notification, category, status, is_legacy, priority, sender, published_at)
VALUES ('7Jj91jnXZ5enf8DEe27koG', 8, 'Published', 1, 1, 'Handover Import', '2023-06-13 19:19:35')
ON DUPLICATE KEY UPDATE category = VALUES(category), status = VALUES(status), is_legacy = VALUES(is_legacy), priority = VALUES(priority), sender = VALUES(sender), published_at = VALUES(published_at);
INSERT INTO aws_notification_translations (notification_id, locale, title, executive_summary, content_html)
VALUES ('7Jj91jnXZ5enf8DEe27koG', 'de', 'Rechnungsstellung und neue Funktion', 'Informations-Update über die Rechnungsstellung und die neue Funktion im Dealer Cockpit und auf der Website.', '')
ON DUPLICATE KEY UPDATE title = VALUES(title), executive_summary = VALUES(executive_summary), content_html = VALUES(content_html);
INSERT INTO aws_notification_translations (notification_id, locale, title, executive_summary, content_html)
VALUES ('7Jj91jnXZ5enf8DEe27koG', 'fr-CH', 'Facturation et nouvelle fonctionnalité ', 'Mise à jour des informations sur la facturation et la nouvelle fonction dans le Dealer Cockpit et sur le site web.\n', '')
ON DUPLICATE KEY UPDATE title = VALUES(title), executive_summary = VALUES(executive_summary), content_html = VALUES(content_html);
INSERT INTO aws_notification_translations (notification_id, locale, title, executive_summary, content_html)
VALUES ('7Jj91jnXZ5enf8DEe27koG', 'it-CH', 'Fatturazione e nuova funzione', 'Aggiornamento delle informazioni sulla fatturazione e sulla nuova funzione nel Dealer Cockpit e sul sito web.\n', '')
ON DUPLICATE KEY UPDATE title = VALUES(title), executive_summary = VALUES(executive_summary), content_html = VALUES(content_html);
INSERT INTO aws_notification_brands (notification_id, brand_id)
VALUES ('7Jj91jnXZ5enf8DEe27koG', 7)
ON DUPLICATE KEY UPDATE brand_id = VALUES(brand_id);
-- ONNuzmhw2ULRLyn1XtWo4
INSERT INTO aws_notifications (id_notification, category, status, is_legacy, priority, sender, published_at)
VALUES ('ONNuzmhw2ULRLyn1XtWo4', 8, 'Published', 1, 1, 'Handover Import', '2023-06-14 08:25:58')
ON DUPLICATE KEY UPDATE category = VALUES(category), status = VALUES(status), is_legacy = VALUES(is_legacy), priority = VALUES(priority), sender = VALUES(sender), published_at = VALUES(published_at);
INSERT INTO aws_notification_translations (notification_id, locale, title, executive_summary, content_html)
VALUES ('ONNuzmhw2ULRLyn1XtWo4', 'de', 'Rechnungsstellung und neue Funktion', 'Informations-Update über die Rechnungsstellung und die neue Funktion im Dealer Cockpit und auf der Website.', '')
ON DUPLICATE KEY UPDATE title = VALUES(title), executive_summary = VALUES(executive_summary), content_html = VALUES(content_html);
INSERT INTO aws_notification_translations (notification_id, locale, title, executive_summary, content_html)
VALUES ('ONNuzmhw2ULRLyn1XtWo4', 'fr-CH', 'Facturation et nouvelle fonctionnalité', 'Mise à jour des informations sur la facturation et la nouvelle fonction dans le Dealer Cockpit et sur le site web.\n', '')
ON DUPLICATE KEY UPDATE title = VALUES(title), executive_summary = VALUES(executive_summary), content_html = VALUES(content_html);
INSERT INTO aws_notification_translations (notification_id, locale, title, executive_summary, content_html)
VALUES ('ONNuzmhw2ULRLyn1XtWo4', 'it-CH', 'Fatturazione e nuova funzione', 'Aggiornamento delle informazioni sulla fatturazione e sulla nuova funzione nel Dealer Cockpit e sul sito web.\n', '')
ON DUPLICATE KEY UPDATE title = VALUES(title), executive_summary = VALUES(executive_summary), content_html = VALUES(content_html);
INSERT INTO aws_notification_brands (notification_id, brand_id)
VALUES ('ONNuzmhw2ULRLyn1XtWo4', 1)
ON DUPLICATE KEY UPDATE brand_id = VALUES(brand_id);
-- VuGcq7f7fAjikpmPEyj1X
INSERT INTO aws_notifications (id_notification, category, status, is_legacy, priority, sender, published_at)
VALUES ('VuGcq7f7fAjikpmPEyj1X', 8, 'Published', 1, 1, 'Handover Import', '2023-06-14 08:12:26')
ON DUPLICATE KEY UPDATE category = VALUES(category), status = VALUES(status), is_legacy = VALUES(is_legacy), priority = VALUES(priority), sender = VALUES(sender), published_at = VALUES(published_at);
INSERT INTO aws_notification_translations (notification_id, locale, title, executive_summary, content_html)
VALUES ('VuGcq7f7fAjikpmPEyj1X', 'de', 'Rechnungsstellung und neue Funktion', 'Informations-Update über die Rechnungsstellung und die neue Funktion im Dealer Cockpit und auf der Website.', '')
ON DUPLICATE KEY UPDATE title = VALUES(title), executive_summary = VALUES(executive_summary), content_html = VALUES(content_html);
INSERT INTO aws_notification_translations (notification_id, locale, title, executive_summary, content_html)
VALUES ('VuGcq7f7fAjikpmPEyj1X', 'fr-CH', 'Facturation et nouvelle fonctionnalité', 'Mise à jour des informations sur la facturation et la nouvelle fonction dans le Dealer Cockpit et sur le site web.\n', '')
ON DUPLICATE KEY UPDATE title = VALUES(title), executive_summary = VALUES(executive_summary), content_html = VALUES(content_html);
INSERT INTO aws_notification_translations (notification_id, locale, title, executive_summary, content_html)
VALUES ('VuGcq7f7fAjikpmPEyj1X', 'it-CH', 'Fatturazione e nuova funzione', 'Aggiornamento delle informazioni sulla fatturazione e sulla nuova funzione nel Dealer Cockpit e sul sito web.\n', '')
ON DUPLICATE KEY UPDATE title = VALUES(title), executive_summary = VALUES(executive_summary), content_html = VALUES(content_html);
INSERT INTO aws_notification_brands (notification_id, brand_id)
VALUES ('VuGcq7f7fAjikpmPEyj1X', 6)
ON DUPLICATE KEY UPDATE brand_id = VALUES(brand_id);
-- WASNnowBJP5hz0eh5Xj1o
INSERT INTO aws_notifications (id_notification, category, status, is_legacy, priority, sender, published_at)
VALUES ('WASNnowBJP5hz0eh5Xj1o', 8, 'Published', 1, 1, 'Handover Import', '2023-06-14 08:17:57')
ON DUPLICATE KEY UPDATE category = VALUES(category), status = VALUES(status), is_legacy = VALUES(is_legacy), priority = VALUES(priority), sender = VALUES(sender), published_at = VALUES(published_at);
INSERT INTO aws_notification_translations (notification_id, locale, title, executive_summary, content_html)
VALUES ('WASNnowBJP5hz0eh5Xj1o', 'de', 'Rechnungsstellung und neue Funktion', 'Informations-Update über die Rechnungsstellung und die neue Funktion im Dealer Cockpit und auf der Website.', '')
ON DUPLICATE KEY UPDATE title = VALUES(title), executive_summary = VALUES(executive_summary), content_html = VALUES(content_html);
INSERT INTO aws_notification_translations (notification_id, locale, title, executive_summary, content_html)
VALUES ('WASNnowBJP5hz0eh5Xj1o', 'fr-CH', 'Facturation et nouvelle fonctionnalité', 'Mise à jour des informations sur la facturation et la nouvelle fonction dans le Dealer Cockpit et sur le site web.\n', '')
ON DUPLICATE KEY UPDATE title = VALUES(title), executive_summary = VALUES(executive_summary), content_html = VALUES(content_html);
INSERT INTO aws_notification_translations (notification_id, locale, title, executive_summary, content_html)
VALUES ('WASNnowBJP5hz0eh5Xj1o', 'it-CH', 'Fatturazione e nuova funzione', 'Aggiornamento delle informazioni sulla fatturazione e sulla nuova funzione nel Dealer Cockpit e sul sito web.\n', '')
ON DUPLICATE KEY UPDATE title = VALUES(title), executive_summary = VALUES(executive_summary), content_html = VALUES(content_html);
INSERT INTO aws_notification_brands (notification_id, brand_id)
VALUES ('WASNnowBJP5hz0eh5Xj1o', 4)
ON DUPLICATE KEY UPDATE brand_id = VALUES(brand_id);
-- WsSITXQF8klUdkUDuyWQm
INSERT INTO aws_notifications (id_notification, category, status, is_legacy, priority, sender, published_at)
VALUES ('WsSITXQF8klUdkUDuyWQm', 8, 'Published', 1, 1, 'Handover Import', '2023-06-19 17:07:52')
ON DUPLICATE KEY UPDATE category = VALUES(category), status = VALUES(status), is_legacy = VALUES(is_legacy), priority = VALUES(priority), sender = VALUES(sender), published_at = VALUES(published_at);
INSERT INTO aws_notification_translations (notification_id, locale, title, executive_summary, content_html)
VALUES ('WsSITXQF8klUdkUDuyWQm', 'de', 'Start Nissan Qashqai Facebook/Instagram Lead Ads', 'Wir freuen uns über den erfolgreichen Start unsere Facebook/Instagram Lead Ads für die Qashqai-Kampagne. Alle Leads werden nach Eingang über unser Call Center zurückgerufen, um die Händlerauswahl, geplantes Kaufdatum und bevorzugte Kontaktzeiten zu klären.\n\nIdentifikation in der astara Platform:\nKampagnennamen: Crossover Qashqai FB Leads\nLead Source: Social', '')
ON DUPLICATE KEY UPDATE title = VALUES(title), executive_summary = VALUES(executive_summary), content_html = VALUES(content_html);
INSERT INTO aws_notification_translations (notification_id, locale, title, executive_summary, content_html)
VALUES ('WsSITXQF8klUdkUDuyWQm', 'fr-CH', 'Start Nissan Qashqai Facebook/Instagram Lead Ads', 'Nous sommes ravis du lancement réussi de notre campagne Facebook/Instagram Leads en soutien de la campagne Qashqai.\nTous les leads seront rappelés par notre call center dès réception, afin de clarifier le choix du concessionnaire, la date d\'achat prévue et les horaires de rappels souhaités.\n\nIdentification dans la plateforme Astara : \nNom de la campagne : Crossover Qashqai FB Leads \nSource des leads : Social\n\nNous vous remercions de traiter ces demandes rapidement.', '')
ON DUPLICATE KEY UPDATE title = VALUES(title), executive_summary = VALUES(executive_summary), content_html = VALUES(content_html);
INSERT INTO aws_notification_translations (notification_id, locale, title, executive_summary, content_html)
VALUES ('WsSITXQF8klUdkUDuyWQm', 'it-CH', 'Start Nissan Qashqai Facebook/Instagram Lead Ads', 'Siamo lieti dell\'avvio di successo delle nostre Facebook/Instagram Lead Ads per la campagna Qashqai.\nTutti i lead ricevuti saranno richiamati dal nostro Call Center per confermare la scelta del concessionario, la data di acquisto prevista e gli orari di contatto preferiti.\n\nIdentificazione nella piattaforma astara:\nNome campagna: Crossover Qashqai FB Leads\nFonte del lead: Social\n\nGrazie per la pronta gestione di queste richieste.', '')
ON DUPLICATE KEY UPDATE title = VALUES(title), executive_summary = VALUES(executive_summary), content_html = VALUES(content_html);
INSERT INTO aws_notification_brands (notification_id, brand_id)
VALUES ('WsSITXQF8klUdkUDuyWQm', 7)
ON DUPLICATE KEY UPDATE brand_id = VALUES(brand_id);
-- 2z3ASTL77mZ8HYYM4tIAHx
INSERT INTO aws_notifications (id_notification, category, status, is_legacy, priority, sender, published_at)
VALUES ('2z3ASTL77mZ8HYYM4tIAHx', 8, 'Published', 1, 1, 'Handover Import', '2024-06-26 11:04:37')
ON DUPLICATE KEY UPDATE category = VALUES(category), status = VALUES(status), is_legacy = VALUES(is_legacy), priority = VALUES(priority), sender = VALUES(sender), published_at = VALUES(published_at);
INSERT INTO aws_notification_translations (notification_id, locale, title, executive_summary, content_html)
VALUES ('2z3ASTL77mZ8HYYM4tIAHx', 'de', 'Update | Webstore: Reservierungsplattform ', 'Wie bereits am 17.06. mitgeteilt, sind die Webstores jetzt online und auf den Markenseiten integriert.', '<p>Liebe Partner,</p><p>Wie bereits am 17.06. mitgeteilt, sind die Webstores jetzt online und auf den Markenseiten integriert.</p><p><br></p><p>·&nbsp;&nbsp;&nbsp;&nbsp;&nbsp;&nbsp;&nbsp;&nbsp;<a href=\"https://eur05.safelinks.protection.outlook.com/?url=https%3A%2F%2Fwww.webstore-abarth.ch%2F&amp;data=05%7C02%7Cpatrick.simcock%40astara.com%7C0f9630f9913748c06e8508dc946e15f9%7C8eeb56e4f8c04e77a328c33b95dfa903%7C0%7C0%7C638548448457825784%7CUnknown%7CTWFpbGZsb3d8eyJWIjoiMC4wLjAwMDAiLCJQIjoiV2luMzIiLCJBTiI6Ik1haWwiLCJXVCI6Mn0%3D%7C0%7C%7C%7C&amp;sdata=eaRuK6bQTW5RkT7gr6E5%2Bf23JXeQXZoFG4Do%2FB1MBxs%3D&amp;reserved=0\" rel=\"noopener noreferrer\" target=\"_blank\">https://www.webstore-abarth.ch/</a></p><p>·&nbsp;&nbsp;&nbsp;&nbsp;&nbsp;&nbsp;&nbsp;&nbsp;<a href=\"https://eur05.safelinks.protection.outlook.com/?url=https%3A%2F%2Fwww.webstore-nissan.ch%2F&amp;data=05%7C02%7Cpatrick.simcock%40astara.com%7C0f9630f9913748c06e8508dc946e15f9%7C8eeb56e4f8c04e77a328c33b95dfa903%7C0%7C0%7C638548448457831283%7CUnknown%7CTWFpbGZsb3d8eyJWIjoiMC4wLjAwMDAiLCJQIjoiV2luMzIiLCJBTiI6Ik1haWwiLCJXVCI6Mn0%3D%7C0%7C%7C%7C&amp;sdata=zSLZZ9dywHsxJP4GfiNvwqB1SoEkv7j%2FUrlYWsxaTuc%3D&amp;reserved=0\" rel=\"noopener noreferrer\" target=\"_blank\">https://www.webstore-nissan.ch/</a></p><p>·&nbsp;&nbsp;&nbsp;&nbsp;&nbsp;&nbsp;&nbsp;&nbsp;<a href=\"https://eur05.safelinks.protection.outlook.com/?url=https%3A%2F%2Fwww.webstore-hyundai.ch%2F&amp;data=05%7C02%7Cpatrick.simcock%40astara.com%7C0f9630f9913748c06e8508dc946e15f9%7C8eeb56e4f8c04e77a328c33b95dfa903%7C0%7C0%7C638548448457836909%7CUnknown%7CTWFpbGZsb3d8eyJWIjoiMC4wLjAwMDAiLCJQIjoiV2luMzIiLCJBTiI6Ik1haWwiLCJXVCI6Mn0%3D%7C0%7C%7C%7C&amp;sdata=kcutDlVKBxp5GagXbGkZYOnJoxUnQdiEfXCyVaA%2B80M%3D&amp;reserved=0\" rel=\"noopener noreferrer\" target=\"_blank\">https://www.webstore-hyundai.ch/</a></p><p>·&nbsp;&nbsp;&nbsp;&nbsp;&nbsp;&nbsp;&nbsp;&nbsp;<a href=\"https://eur05.safelinks.protection.outlook.com/?url=https%3A%2F%2Fwww.webstore-alfaromeo.ch%2F&amp;data=05%7C02%7Cpatrick.simcock%40astara.com%7C0f9630f9913748c06e8508dc946e15f9%7C8eeb56e4f8c04e77a328c33b95dfa903%7C0%7C0%7C638548448457843319%7CUnknown%7CTWFpbGZsb3d8eyJWIjoiMC4wLjAwMDAiLCJQIjoiV2luMzIiLCJBTiI6Ik1haWwiLCJXVCI6Mn0%3D%7C0%7C%7C%7C&amp;sdata=U%2BzcvGrP3WvnTOw%2FYP52CdxR9EUDLepfuTbsAV0Pylw%3D&amp;reserved=0\" rel=\"noopener noreferrer\" target=\"_blank\">https://www.webstore-alfaromeo.ch/</a></p><p>·&nbsp;&nbsp;&nbsp;&nbsp;&nbsp;&nbsp;&nbsp;&nbsp;<a href=\"https://eur05.safelinks.protection.outlook.com/?url=https%3A%2F%2Fwww.webstore-jeep.ch%2F&amp;data=05%7C02%7Cpatrick.simcock%40astara.com%7C0f9630f9913748c06e8508dc946e15f9%7C8eeb56e4f8c04e77a328c33b95dfa903%7C0%7C0%7C638548448457848911%7CUnknown%7CTWFpbGZsb3d8eyJWIjoiMC4wLjAwMDAiLCJQIjoiV2luMzIiLCJBTiI6Ik1haWwiLCJXVCI6Mn0%3D%7C0%7C%7C%7C&amp;sdata=r8oI8sptBeH9l60eni8Ch8Gxmk%2FmpRE8OuJ1zK6VzVA%3D&amp;reserved=0\" rel=\"noopener noreferrer\" target=\"_blank\">https://www.webstore-jeep.ch/</a></p><p>·&nbsp;&nbsp;&nbsp;&nbsp;&nbsp;&nbsp;&nbsp;&nbsp;<a href=\"https://eur05.safelinks.protection.outlook.com/?url=https%3A%2F%2Fwww.webstore-fiat.ch%2F&amp;data=05%7C02%7Cpatrick.simcock%40astara.com%7C0f9630f9913748c06e8508dc946e15f9%7C8eeb56e4f8c04e77a328c33b95dfa903%7C0%7C0%7C638548448457854317%7CUnknown%7CTWFpbGZsb3d8eyJWIjoiMC4wLjAwMDAiLCJQIjoiV2luMzIiLCJBTiI6Ik1haWwiLCJXVCI6Mn0%3D%7C0%7C%7C%7C&amp;sdata=HUrETUnb9PD66I4QcfEFrt1gr3qjStt7Jni7Aix9WIg%3D&amp;reserved=0\" rel=\"noopener noreferrer\" target=\"_blank\">https://www.webstore-fiat.ch/</a></p><p>Als freundliche Erinnerung finden Sie unten Links zu den Kurzanleitungen:</p><p><a href=\"https://scribehow.com/page/Quick_Guides_or_Click_and_Drive_or_Astara_Webstore__IzJwsRl3RzmVZizaPlKtMQ\" rel=\"noopener noreferrer\" target=\"_blank\">Link zum Händlerleitfaden</a></p><p>Ausserdem finden Sie hier Links zu Schulungsvideo.</p><p><a href=\"https://youtu.be/bdyWToCE0Iw\" rel=\"noopener noreferrer\" target=\"_blank\">Link zum Video</a></p>')
ON DUPLICATE KEY UPDATE title = VALUES(title), executive_summary = VALUES(executive_summary), content_html = VALUES(content_html);
INSERT INTO aws_notification_translations (notification_id, locale, title, executive_summary, content_html)
VALUES ('2z3ASTL77mZ8HYYM4tIAHx', 'fr-CH', 'Update | Webstore : plateforme de réservation ', 'Comme communiqué le 17.06, les sites Webstore sont désormais accessibles au public et intégrés sur les sites de la marque.', '<p>Chers partenaires,</p><p>Comme communiqué le 17.06, les sites Webstore sont désormais accessibles au public et intégrés sur les sites de la marque.</p><p><a href=\"https://eur05.safelinks.protection.outlook.com/?url=https%3A%2F%2Fwww.webstore-abarth.ch%2F&amp;data=05%7C02%7Cpatrick.simcock%40astara.com%7C0f9630f9913748c06e8508dc946e15f9%7C8eeb56e4f8c04e77a328c33b95dfa903%7C0%7C0%7C638548448457870023%7CUnknown%7CTWFpbGZsb3d8eyJWIjoiMC4wLjAwMDAiLCJQIjoiV2luMzIiLCJBTiI6Ik1haWwiLCJXVCI6Mn0%3D%7C0%7C%7C%7C&amp;sdata=GGj6AMJAgaQ1QGupZOipoqn%2BklxSE8tuhbwTKgXvg34%3D&amp;reserved=0\" rel=\"noopener noreferrer\" target=\"_blank\">https://www.webstore-abarth.ch/</a></p><p><a href=\"https://eur05.safelinks.protection.outlook.com/?url=https%3A%2F%2Fwww.webstore-nissan.ch%2F&amp;data=05%7C02%7Cpatrick.simcock%40astara.com%7C0f9630f9913748c06e8508dc946e15f9%7C8eeb56e4f8c04e77a328c33b95dfa903%7C0%7C0%7C638548448457875187%7CUnknown%7CTWFpbGZsb3d8eyJWIjoiMC4wLjAwMDAiLCJQIjoiV2luMzIiLCJBTiI6Ik1haWwiLCJXVCI6Mn0%3D%7C0%7C%7C%7C&amp;sdata=S5VAPE8LsMwu23m2N3jHNYzVVrEAFxaxvd2xk5Se9Jw%3D&amp;reserved=0\" rel=\"noopener noreferrer\" target=\"_blank\">https://www.webstore-nissan.ch/</a></p><p><a href=\"https://eur05.safelinks.protection.outlook.com/?url=https%3A%2F%2Fwww.webstore-hyundai.ch%2F&amp;data=05%7C02%7Cpatrick.simcock%40astara.com%7C0f9630f9913748c06e8508dc946e15f9%7C8eeb56e4f8c04e77a328c33b95dfa903%7C0%7C0%7C638548448457880399%7CUnknown%7CTWFpbGZsb3d8eyJWIjoiMC4wLjAwMDAiLCJQIjoiV2luMzIiLCJBTiI6Ik1haWwiLCJXVCI6Mn0%3D%7C0%7C%7C%7C&amp;sdata=%2Fg5KyRG36Fr67r9h5tpA0oRTSwNGTOWpU9%2BZsxPotZU%3D&amp;reserved=0\" rel=\"noopener noreferrer\" target=\"_blank\">https://www.webstore-hyundai.ch/</a></p><p><a href=\"https://eur05.safelinks.protection.outlook.com/?url=https%3A%2F%2Fwww.webstore-alfaromeo.ch%2F&amp;data=05%7C02%7Cpatrick.simcock%40astara.com%7C0f9630f9913748c06e8508dc946e15f9%7C8eeb56e4f8c04e77a328c33b95dfa903%7C0%7C0%7C638548448457885578%7CUnknown%7CTWFpbGZsb3d8eyJWIjoiMC4wLjAwMDAiLCJQIjoiV2luMzIiLCJBTiI6Ik1haWwiLCJXVCI6Mn0%3D%7C0%7C%7C%7C&amp;sdata=tNgaqV4Zpt0646PUzXwy6C5Fbc6UVUCaG0QeRvmou6E%3D&amp;reserved=0\" rel=\"noopener noreferrer\" target=\"_blank\">https://www.webstore-alfaromeo.ch/</a></p><p><a href=\"https://eur05.safelinks.protection.outlook.com/?url=https%3A%2F%2Fwww.webstore-jeep.ch%2F&amp;data=05%7C02%7Cpatrick.simcock%40astara.com%7C0f9630f9913748c06e8508dc946e15f9%7C8eeb56e4f8c04e77a328c33b95dfa903%7C0%7C0%7C638548448457890681%7CUnknown%7CTWFpbGZsb3d8eyJWIjoiMC4wLjAwMDAiLCJQIjoiV2luMzIiLCJBTiI6Ik1haWwiLCJXVCI6Mn0%3D%7C0%7C%7C%7C&amp;sdata=vGv%2F8wxSy1%2BBmVWw%2BFHmPG3jI0VDjD1AgLoZbTkSCnA%3D&amp;reserved=0\" rel=\"noopener noreferrer\" target=\"_blank\">https://www.webstore-jeep.ch/</a></p><p><a href=\"https://www.webstore-fiat.ch/ \" rel=\"noopener noreferrer\" target=\"_blank\">https://www.webstore-fiat.ch/ </a></p><p>Pour rappel, vous trouverez ci-dessous les liens vers les guides rapides :</p><p><a href=\"https://scribehow.com/page/Quick_Guides_or_Click_and_Drive_or_Astara_Webstore__IzJwsRl3RzmVZizaPlKtMQ\" rel=\"noopener noreferrer\" target=\"_blank\">Lien vers le guide du commerçant </a></p><p>En outre, si vous êtes intéressé, vous trouverez des liens vers des vidéos de formation ici :</p><p><a href=\"https://youtu.be/dQW4WpCcQuc\" rel=\"noopener noreferrer\" target=\"_blank\">Vidéo de formation</a></p>')
ON DUPLICATE KEY UPDATE title = VALUES(title), executive_summary = VALUES(executive_summary), content_html = VALUES(content_html);
INSERT INTO aws_notification_translations (notification_id, locale, title, executive_summary, content_html)
VALUES ('2z3ASTL77mZ8HYYM4tIAHx', 'it-CH', 'Webstore: piattaforma di prenotazione', 'Come comunicato il 17 giugno, i siti Webstore sono ora disponibili e integrati nei siti del marchio.', '<p>Cari Partner,</p><p>Come comunicato il 17 giugno, i siti Webstore sono ora disponibili e integrati nei siti del marchio.</p><p><a href=\"https://eur05.safelinks.protection.outlook.com/?url=https%3A%2F%2Fwww.webstore-abarth.ch%2F&amp;data=05%7C02%7Cpatrick.simcock%40astara.com%7C0f9630f9913748c06e8508dc946e15f9%7C8eeb56e4f8c04e77a328c33b95dfa903%7C0%7C0%7C638548448457910346%7CUnknown%7CTWFpbGZsb3d8eyJWIjoiMC4wLjAwMDAiLCJQIjoiV2luMzIiLCJBTiI6Ik1haWwiLCJXVCI6Mn0%3D%7C0%7C%7C%7C&amp;sdata=wnBSR3jywe9kSahH5qpeOtdqYb0xNs4ZGioJveALgdM%3D&amp;reserved=0\" rel=\"noopener noreferrer\" target=\"_blank\">https://www.webstore-abarth.ch/</a></p><p><a href=\"https://eur05.safelinks.protection.outlook.com/?url=https%3A%2F%2Fwww.webstore-nissan.ch%2F&amp;data=05%7C02%7Cpatrick.simcock%40astara.com%7C0f9630f9913748c06e8508dc946e15f9%7C8eeb56e4f8c04e77a328c33b95dfa903%7C0%7C0%7C638548448457915706%7CUnknown%7CTWFpbGZsb3d8eyJWIjoiMC4wLjAwMDAiLCJQIjoiV2luMzIiLCJBTiI6Ik1haWwiLCJXVCI6Mn0%3D%7C0%7C%7C%7C&amp;sdata=ieAXPGBJ76vfkXtKXe49KSbsA1AA2uKjvNQ%2BJlqGsUg%3D&amp;reserved=0\" rel=\"noopener noreferrer\" target=\"_blank\">https://www.webstore-nissan.ch/</a></p><p><a href=\"https://eur05.safelinks.protection.outlook.com/?url=https%3A%2F%2Fwww.webstore-hyundai.ch%2F&amp;data=05%7C02%7Cpatrick.simcock%40astara.com%7C0f9630f9913748c06e8508dc946e15f9%7C8eeb56e4f8c04e77a328c33b95dfa903%7C0%7C0%7C638548448457920878%7CUnknown%7CTWFpbGZsb3d8eyJWIjoiMC4wLjAwMDAiLCJQIjoiV2luMzIiLCJBTiI6Ik1haWwiLCJXVCI6Mn0%3D%7C0%7C%7C%7C&amp;sdata=UNSWFPAswO5BgPWaOoMDoJ219Mw39vlF%2FrOFVUK36NY%3D&amp;reserved=0\" rel=\"noopener noreferrer\" target=\"_blank\">https://www.webstore-hyundai.ch/</a></p><p><a href=\"https://eur05.safelinks.protection.outlook.com/?url=https%3A%2F%2Fwww.webstore-alfaromeo.ch%2F&amp;data=05%7C02%7Cpatrick.simcock%40astara.com%7C0f9630f9913748c06e8508dc946e15f9%7C8eeb56e4f8c04e77a328c33b95dfa903%7C0%7C0%7C638548448457926092%7CUnknown%7CTWFpbGZsb3d8eyJWIjoiMC4wLjAwMDAiLCJQIjoiV2luMzIiLCJBTiI6Ik1haWwiLCJXVCI6Mn0%3D%7C0%7C%7C%7C&amp;sdata=2%2BgaGGu34%2BW05j6DoNWnHx39cR9yiv2iy9%2FCAPVPpXQ%3D&amp;reserved=0\" rel=\"noopener noreferrer\" target=\"_blank\">https://www.webstore-alfaromeo.ch/</a></p><p><a href=\"https://eur05.safelinks.protection.outlook.com/?url=https%3A%2F%2Fwww.webstore-jeep.ch%2F&amp;data=05%7C02%7Cpatrick.simcock%40astara.com%7C0f9630f9913748c06e8508dc946e15f9%7C8eeb56e4f8c04e77a328c33b95dfa903%7C0%7C0%7C638548448457931183%7CUnknown%7CTWFpbGZsb3d8eyJWIjoiMC4wLjAwMDAiLCJQIjoiV2luMzIiLCJBTiI6Ik1haWwiLCJXVCI6Mn0%3D%7C0%7C%7C%7C&amp;sdata=52vND%2B%2Bm2KtAJazndcOcidXsPqlMdvGrqLu5qCQ%2Bxf0%3D&amp;reserved=0\" rel=\"noopener noreferrer\" target=\"_blank\">https://www.webstore-jeep.ch/</a></p><p><a href=\"https://www.webstore-fiat.ch/\" rel=\"noopener noreferrer\" target=\"_blank\">https://www.webstore-fiat.ch/ </a></p><p>Di seguito trovate i link alle guide rapide:</p><p><a href=\"https://scribehow.com/page/Quick_Guides_or_Click_and_Drive_or_Astara_Webstore__IzJwsRl3RzmVZizaPlKtMQ\" rel=\"noopener noreferrer\" target=\"_blank\">Link al Guida</a></p><p>Inoltre, trovate i video di formazione al link sottostante:</p><p><a href=\"https://youtu.be/_tRQCHF3oIk\" rel=\"noopener noreferrer\" target=\"_blank\">Link al Video</a></p>')
ON DUPLICATE KEY UPDATE title = VALUES(title), executive_summary = VALUES(executive_summary), content_html = VALUES(content_html);
INSERT INTO aws_notification_brands (notification_id, brand_id)
VALUES ('2z3ASTL77mZ8HYYM4tIAHx', 3)
ON DUPLICATE KEY UPDATE brand_id = VALUES(brand_id);
INSERT INTO aws_notification_brands (notification_id, brand_id)
VALUES ('2z3ASTL77mZ8HYYM4tIAHx', 5)
ON DUPLICATE KEY UPDATE brand_id = VALUES(brand_id);
INSERT INTO aws_notification_brands (notification_id, brand_id)
VALUES ('2z3ASTL77mZ8HYYM4tIAHx', 1)
ON DUPLICATE KEY UPDATE brand_id = VALUES(brand_id);
INSERT INTO aws_notification_brands (notification_id, brand_id)
VALUES ('2z3ASTL77mZ8HYYM4tIAHx', 6)
ON DUPLICATE KEY UPDATE brand_id = VALUES(brand_id);
INSERT INTO aws_notification_brands (notification_id, brand_id)
VALUES ('2z3ASTL77mZ8HYYM4tIAHx', 4)
ON DUPLICATE KEY UPDATE brand_id = VALUES(brand_id);
INSERT INTO aws_notification_brands (notification_id, brand_id)
VALUES ('2z3ASTL77mZ8HYYM4tIAHx', 7)
ON DUPLICATE KEY UPDATE brand_id = VALUES(brand_id);
-- 6xLw1a97nwVjqzvf6tK84q
INSERT INTO aws_notifications (id_notification, category, status, is_legacy, priority, sender, published_at)
VALUES ('6xLw1a97nwVjqzvf6tK84q', 8, 'Published', 1, 0, 'Handover Import', '2025-03-14 15:29:43')
ON DUPLICATE KEY UPDATE category = VALUES(category), status = VALUES(status), is_legacy = VALUES(is_legacy), priority = VALUES(priority), sender = VALUES(sender), published_at = VALUES(published_at);
INSERT INTO aws_notification_translations (notification_id, locale, title, executive_summary, content_html)
VALUES ('6xLw1a97nwVjqzvf6tK84q', 'de', 'Update: Automatisierte E-Mails ', 'Wir aktualisieren die automatisierte E-Mails, um das Kundenerlebnis zu verbessern. Diese E-Mails werden durch bestimmte Aktionen auf der Astara Platform ausgelöst. ', '<p>Liebe Händlerpartner,&nbsp;</p><p>In den kommenden Wochen aktualisieren wir die bestehenden automatisierte E-Mails, um das Kauf- und Besitzerlebnis für potenzielle und bestehende Kunden zu optimieren.&nbsp;</p><p>&nbsp;</p><p>Diese E-Mails werden automatisch durch Aktionen oder Ereignisse auf der Astara Platform ausgelöst.&nbsp;</p><p>&nbsp;</p><p>Um eine reibungslose Erfahrung zu gewährleisten, verwalten Sie bitte weiterhin Ihre Leads und Accounts sorgfältig, um unerwünschte E-Mails zu vermeiden.&nbsp;</p><p>&nbsp;</p><p>Wichtige Punkte:&nbsp;</p><p>&nbsp;</p><ul><li>Die E-Mails werden schrittweise eingeführt.&nbsp;</li><li>Sie werden im Namen der Marke versendet, nicht im Namen der Garage.&nbsp;</li><li>Der Versand basiert auf Informationen in der Astara Plattform.&nbsp;</li></ul><p>&nbsp;</p><p>Die folgenden automatisierten E-Mails werden in den kommenden Wochen eingeführt:&nbsp;</p><p><br></p><ol><li><strong>Eingangsbestätigung für digitale Leads</strong>: Kunden erhalten eine automatische Bestätigung ihrer Anfrage über Website, Social Media &amp; Co.</li><li><strong>Erinnerung zur digitalen Offerte</strong>: Automatische Erinnerung nach einigen Tagen, wenn der Kunde die Offerte häufig oder noch nicht geöffnet hat.</li><li><strong>Bestätigung, Erinnerung &amp; Umfrage zur Probefahrt:</strong> In Verbindung mit Probefahrt-Aktionen auf der Astara Plattform.</li><li><strong>Nachverfolgung unkontaktierter Leads</strong>: Wird 4 Tage nach Zuweisung gesendet, wenn Lead ist nicht kontaktiert.</li><li><strong>Rückgewinnung digitaler Leads:</strong> Ansprache von Leads, die seit 30 Tage im Status \"Kontaktiert\" sind.</li><li><strong>Fahrzeugerneuerung</strong>: Erinnerung an Autobesitzer nach 4 Jahren.</li><li><strong>Hochinteressierte Leads</strong>: Identifikation auf Basis des Webseiten-Verhaltens, sofern ein Lead vorhanden ist.</li></ol><p>&nbsp;</p><p>Vielen Dank für Ihre&nbsp;&nbsp;</p><p>Unterstützung!&nbsp;</p><p>&nbsp;</p><p>Patrick Simcock&nbsp;</p><p>Digital &amp; CX Department&nbsp;</p>')
ON DUPLICATE KEY UPDATE title = VALUES(title), executive_summary = VALUES(executive_summary), content_html = VALUES(content_html);
INSERT INTO aws_notification_translations (notification_id, locale, title, executive_summary, content_html)
VALUES ('6xLw1a97nwVjqzvf6tK84q', 'fr-CH', 'Update: E-mails automatisés ', 'Nous mettons à jour les e-mails automatisés afin d\'améliorer l\'expérience client. Ces e-mails sont déclenchés par certaines actions sur la plateforme Astara.', '<p>Chers partenaires commerçants,&nbsp;</p><p><br></p><p>Dans les prochaines semaines, nous lancerons des e-mails automatisés mis à jour afin d\'optimiser l\'expérience d\'achat et de possession pour les clients potentiels et existants.&nbsp;</p><p>&nbsp;</p><p>Ces e-mails seront automatiquement déclenchés par des actions ou des événements sur la plateforme Astara.&nbsp;</p><p>&nbsp;</p><p>Pour garantir une expérience fluide, nous vous prions de continuer à gérer soigneusement vos prospects et comptes afin d\'éviter l\'envoi d\'e-mails indésirables.&nbsp;</p><p>&nbsp;</p><p>Points importants:&nbsp;</p><ul><li>Les e-mails seront introduits progressivement.&nbsp;</li><li>Ils seront envoyés au nom de la marque, et non au nom du garage.&nbsp;</li><li>L\'envoi sera basé sur des informations pertinentes dans la plateforme Astara.&nbsp;</li></ul><p>&nbsp;</p><p>Les e-mails automatisés suivants seront lancés dans les prochaines semaines:&nbsp;</p><ol><li><strong>Confirmation de réception des leads</strong> digitaux : les clients reçoivent une confirmation automatique de leur demande via le site web, les réseaux sociaux, etc.</li><li><strong>Rappel de l\'offre digitale</strong> : rappel automatique après quelques jours si le client a déjà consulté l\'offre ou ne l\'a pas encore ouverte.</li><li><strong>Confirmation, rappel et enquête sur l\'essai routier :</strong> en lien avec les offres d\'essai routier sur la plateforme Astara.</li><li><strong>Suivi des leads non contactés</strong> : envoyé 4 jours après l\'attribution, si le lead n\'a pas été contacté.</li><li><strong>Récupération des leads digitaux :</strong> prise de contact avec des leads dont le statut est « contacté » depuis 30 jours.</li><li><strong>Renouvellement du véhicule</strong> : rappel aux propriétaires de voiture après 4 ans.</li><li><strong>Leads très intéressants</strong> : identification sur la base du comportement sur le site Internet, s\'il existe un lead.</li></ol><p>&nbsp;</p><p>Merci beaucoup pour votre soutien !&nbsp;</p><p>&nbsp;</p><p>Patrick Simcock&nbsp;</p><p>Digital &amp; CX Department&nbsp;</p>')
ON DUPLICATE KEY UPDATE title = VALUES(title), executive_summary = VALUES(executive_summary), content_html = VALUES(content_html);
INSERT INTO aws_notification_translations (notification_id, locale, title, executive_summary, content_html)
VALUES ('6xLw1a97nwVjqzvf6tK84q', 'it-CH', 'Update: E-mail automatizzate ', 'Aggiorniamo le e-mail automatiche per migliorare l\'esperienza del cliente. Queste e-mail vengono attivate da determinate azioni sulla piattaforma Astara.', '<p>Gentile partner,&nbsp;</p><p><br></p><p>Nelle prossime settimane lanceremo e-mail automatizzate aggiornate per ottimizzare l\'esperienza di acquisto e di possesso per i clienti potenziali ed esistenti.&nbsp;</p><p>&nbsp;</p><p>Queste e-mail saranno automaticamente attivate da azioni o eventi sulla piattaforma Astara.&nbsp;</p><p>&nbsp;</p><p>Per garantire un\'esperienza senza problemi, vi preghiamo di continuare a gestire accuratamente le vostre lead e accounts per evitare e-mail indesiderate.&nbsp;</p><p>&nbsp;</p><p>Punti importanti:&nbsp;</p><ul><li>Le e-mail saranno introdotte gradualmente.&nbsp;</li><li>Saranno inviate a nome del marchio, non a nome del garage.&nbsp;</li><li>L\'invio si baserà su informazioni pertinenti nella piattaforma Astara.&nbsp;</li></ul><p><br></p><p>Le seguenti e-mail automatizzate saranno introdotte nelle prossime settimane:&nbsp;</p><ol><li><strong>Conferma di ricezione per lead</strong> digitali: i clienti ricevono una conferma automatica della loro richiesta tramite sito web, social media, ecc.</li><li><strong>Promemoria per il preventivo digitale</strong>: promemoria automatico dopo alcuni giorni, se il cliente ha aperto il preventivo spesso o non l\'ha ancora aperto.</li><li><strong>Conferma, promemoria e sondaggio per il test drive:</strong> in relazione alle promozioni per il test drive sulla piattaforma Astara.</li><li><strong>Monitoraggio dei lead non contattati</strong>: viene inviato 4 giorni dopo l\'assegnazione, se il lead non è stato contattato.</li><li><strong>Recupero dei lead digitali:</strong> contattare i lead che sono stati contattati da 30 giorni.</li><li><strong>Rinnovo del veicolo</strong>: promemoria ai proprietari di auto dopo 4 anni.</li><li><strong>Lead altamente interessati</strong>: identificazione basata sul comportamento sul sito web, se è presente un lead.&nbsp;</li></ol><p><br></p><p>Grazie mille per il suo supporto!&nbsp;</p><p><br></p><p>Patrick Simcock&nbsp;</p><p>Digital &amp; CX Department&nbsp;</p>')
ON DUPLICATE KEY UPDATE title = VALUES(title), executive_summary = VALUES(executive_summary), content_html = VALUES(content_html);
INSERT INTO aws_notification_brands (notification_id, brand_id)
VALUES ('6xLw1a97nwVjqzvf6tK84q', 3)
ON DUPLICATE KEY UPDATE brand_id = VALUES(brand_id);
INSERT INTO aws_notification_brands (notification_id, brand_id)
VALUES ('6xLw1a97nwVjqzvf6tK84q', 5)
ON DUPLICATE KEY UPDATE brand_id = VALUES(brand_id);
INSERT INTO aws_notification_brands (notification_id, brand_id)
VALUES ('6xLw1a97nwVjqzvf6tK84q', 1)
ON DUPLICATE KEY UPDATE brand_id = VALUES(brand_id);
INSERT INTO aws_notification_brands (notification_id, brand_id)
VALUES ('6xLw1a97nwVjqzvf6tK84q', 6)
ON DUPLICATE KEY UPDATE brand_id = VALUES(brand_id);
INSERT INTO aws_notification_brands (notification_id, brand_id)
VALUES ('6xLw1a97nwVjqzvf6tK84q', 4)
ON DUPLICATE KEY UPDATE brand_id = VALUES(brand_id);
INSERT INTO aws_notification_brands (notification_id, brand_id)
VALUES ('6xLw1a97nwVjqzvf6tK84q', 10)
ON DUPLICATE KEY UPDATE brand_id = VALUES(brand_id);
INSERT INTO aws_notification_brands (notification_id, brand_id)
VALUES ('6xLw1a97nwVjqzvf6tK84q', 11)
ON DUPLICATE KEY UPDATE brand_id = VALUES(brand_id);
INSERT INTO aws_notification_brands (notification_id, brand_id)
VALUES ('6xLw1a97nwVjqzvf6tK84q', 7)
ON DUPLICATE KEY UPDATE brand_id = VALUES(brand_id);
-- 6XNCsd10ah5qniJHPGMfBl
INSERT INTO aws_notifications (id_notification, category, status, is_legacy, priority, sender, published_at)
VALUES ('6XNCsd10ah5qniJHPGMfBl', 8, 'Published', 1, 0, 'Handover Import', '2025-03-31 15:10:46')
ON DUPLICATE KEY UPDATE category = VALUES(category), status = VALUES(status), is_legacy = VALUES(is_legacy), priority = VALUES(priority), sender = VALUES(sender), published_at = VALUES(published_at);
INSERT INTO aws_notification_translations (notification_id, locale, title, executive_summary, content_html)
VALUES ('6XNCsd10ah5qniJHPGMfBl', 'de', 'Verbesserungen in der digitalen Offerte', 'Verbesserungen an der digitalen Offerte wurden bereits umgesetzt bzw. sind in Planung. Bitte lesen Sie dieses Rundschreiben, um weitere Informationen zu erhalten.', '<p>Liebe Händlerpartner,</p><p><br></p><p>Wir haben in den letzten Monaten intensiv daran gearbeitet, die allgemeine Benutzerfreundlichkeit der digitalen Offerte zu verbessern.</p><p><br></p><p>Heute freuen wir uns, Ihnen Informationen über die neu eingeführten Änderungen und die Änderungen, die in Kürze kommen werden, mitzuteilen.</p><p>&nbsp;</p><p><strong><u>Folgendes wurde live geschaltet:</u></strong></p><ul><li>Verständlichere Benachrichtigungs-E-Mails</li><li>Aktualisierungen des Begrüssungs- und Einführungsabsatzes</li><li>Aktualisierungen der Sprachversandoptionen</li><li>Aktualisierungen des Wortlauts, um das digitale Angebot verständlicher zu machen</li><li>Ab dem neuesten Modelljahr wird im Konfigurator auch Zubehör ersichtlich sein</li></ul><p>&nbsp;</p><p><strong><u>Bald verfügbar:</u></strong></p><ul><li>Aktualisierungen des Layouts der Preisberechnung</li></ul><p>&nbsp;</p><p>Weitere Details zu den Aktualisierungen finden Sie unten.</p><p><br></p><p>1. <strong><u>Anrede und Intro</u></strong></p><p><br></p><p>Wir haben die Anrede sowie deren Schreibweise verbessert, einen neuen Willkommenssatz hinzugefügt und ein neues Symbol für den Treibstoff in der Ausstattungsübersicht integriert. Zudem haben wir den oberen Bereich übersichtlicher und aufgeräumter gestaltet. Der Satz bezüglich der Ablieferungskosten wurde entfernt, und die Summe ist nun in der Kalkulation enthalten.</p><p>&nbsp;</p><p><strong>2. <u>Versandsprache der digitalen Offerte</u></strong></p><p>&nbsp;</p><p>Wir haben eine neue Option hinzugefügt, mit der Sie die Sprache der digitalen Offerte beim Versand selbst auswählen können – <strong>Deutsch</strong>, <strong>Français</strong> oder <strong>Italiano</strong>. Dadurch ist die Sprache des Nutzer- oder Händlerkontos nicht ausschlaggebend, da sie vor dem Versand individuell festgelegt werden kann.</p><p>&nbsp;</p><p><strong>3. <u>Broschüre und Preisliste</u></strong></p><p><br></p><p>Wir haben die Texte auf der rechten Seite angepasst, um für den Kunden klarer zu kennzeichnen, wo er für weitere Informationen klicken kann (z.B., um zur Webseite zu gelangen) und wo die Preisliste zu finden ist. Falls für Ihre Marke keine Preisliste verfügbar ist, wird der entsprechende Button nicht angezeigt.&nbsp;&nbsp;</p><p class=\"ql-align-center\">&nbsp;</p><p><strong>4.&nbsp;<u>Automatisierte Kommunikation</u></strong></p><p><br></p><p>Wir haben für Sie E-Mails vorbereitet, die durch Kundenaktivitäten in der digitalen Offerte ausgelöst werden und folgende Themen umfassen:&nbsp;</p><p>&nbsp;</p><ul><li>Eine Person, die ein digitales Offerte erhalten hat, bittet um erneuten Kontakt.</li><li>Eine Person, die ein digitales Offerte erhalten hat, bittet um eine Probefahrt im Zusammenhang mit dem erhaltenen Angebot.</li><li>Eine Person, die ein digitales Offerte erhalten hat, sucht nach Finanzierungsmöglichkeiten für das erhaltene Angebot. Bitte kontaktieren.</li><li>Eine Person, die ein digitales Offerte erhalten hat, möchte ihr altes Fahrzeug im Zusammenhang mit dem erhaltenen digitalen Offerte in Zahlung geben.&nbsp;</li><li>Ein Kollege/ eine Kollegin hat Ihnen neue Leads zugewiesen. Bitte bearbeiten.&nbsp;&nbsp;</li></ul><p>&nbsp;</p><p><strong>5.&nbsp;<u>Zubehör im Konfigurator</u></strong></p><p><br></p><p>Im Astara Konfigurator, der zur Erstellung der digitalen Offerte verwendet wird, besteht nun die Möglichkeit, auch passendes Zubehör auszuwählen. Dies gilt für alle Modelle des neuesten Modelljahres.</p><p>&nbsp;</p><p><strong>6.&nbsp;<u>Kalkulation</u></strong></p><p><br></p><p>Wir haben die Kalkulation neu strukturiert, um sie für den Kunden übersichtlicher zu gestalten. Die Preise werden nun klar mit und ohne Mehrwertsteuer ausgewiesen, sodass der Betrag leicht nachvollziehbar ist – auch im Falle eines Fahrzeugtausches. Darüber hinaus wird nun transparenter dargestellt, wie viel Rabatt und Promo-Rabatt der Händler gewährt.</p><p><br></p><p>Wir sind überzeugt, dass diese Aktualisierungen und E-Mails Ihre Arbeit strukturierter gestalten und Sie dabei unterstützen werden, mehr Deals erfolgreich abzuschliessen.&nbsp;</p><p><br></p><p>Wie immer freuen wir uns über Ihr Feedback.</p><p><br></p><p>Vielen Dank,&nbsp;</p><p>Digital &amp; CX Team&nbsp;&nbsp;</p>')
ON DUPLICATE KEY UPDATE title = VALUES(title), executive_summary = VALUES(executive_summary), content_html = VALUES(content_html);
INSERT INTO aws_notification_translations (notification_id, locale, title, executive_summary, content_html)
VALUES ('6XNCsd10ah5qniJHPGMfBl', 'fr-CH', 'Améliorations de l’offre digitale', 'Des améliorations de l’offre digitale ont déjà été mises en œuvre ou sont en cours de planification. Veuillez lire cette circulaire pour en savoir plus.', '<p>Chers partenaires concessionnaires,</p><p><br></p><p>Ces derniers mois, nous avons travaillé intensément pour améliorer l’expérience utilisateur globale de l’offre digitale.</p><p><br></p><p>Aujourd’hui, nous sommes heureux de vous partager des informations sur les changements récemment introduits ainsi que ceux à venir.</p><p><br></p><p><strong><u>Mises en ligne récentes :</u></strong></p><ul><li>E-mails de notification plus clairs</li><li>Mises à jour du paragraphe d’introduction et d’accueil</li><li>Mises à jour des options de langue d’envoi</li><li>Ajustements du texte pour rendre l’offre digitale plus compréhensible</li><li>À partir du dernier millésime, les accessoires seront visibles dans le configurateur</li></ul><p><br></p><p><strong><u>Bientôt disponible :</u></strong></p><ul><li>Mise à jour de la présentation du calcul des prix</li></ul><p><br></p><p>Vous trouverez ci-dessous plus de détails sur ces améliorations.</p><p>&nbsp;</p><p><strong><u>1. Formule de salutation et introduction</u></strong></p><p><br></p><p>Nous avons amélioré la formule de salutation et sa mise en forme, ajouté une nouvelle phrase d’accueil et intégré une nouvelle icône pour le type de carburant dans l’aperçu des équipements. De plus, nous avons optimisé la mise en page de la partie supérieure pour une meilleure lisibilité. La mention des frais de livraison a été supprimée et est désormais intégrée directement dans le calcul des prix.</p><p>&nbsp;</p><p><strong><u>2. Langue d’envoi de l’offre digitale</u></strong></p><p><br></p><p>Une nouvelle option vous permet désormais de choisir la langue de l’offre digitale avant l’envoi – <strong>Allemand, Français ou Italien</strong>. Ainsi, la langue du compte utilisateur ou du concessionnaire n’a plus d’impact, car elle peut être définie individuellement avant l’envoi.</p><p>&nbsp;</p><p><strong><u>3. Brochure et liste de prix</u></strong></p><p><br></p><p>Nous avons ajusté les textes situés à droite afin de mieux guider les clients vers les sections pertinentes (ex. lien vers le site web) et leur indiquer clairement où trouver la liste de prix. Si aucune liste de prix n’est disponible pour votre marque, le bouton correspondant ne s’affichera pas.</p><p>&nbsp;</p><p><strong><u>4. Communication automatisée</u></strong></p><p><br></p><p>Nous avons préparé des e-mails automatisés déclenchés par les actions des clients dans l’offre digitale. Ceux-ci couvrent sujets :</p><p><br></p><ul><li>Un client ayant reçu une offre digitale demande un nouveau contact.</li><li>Un client ayant reçu une offre digitale souhaite effectuer un essai en lien avec cette offre.</li><li>Un client ayant reçu une offre digitale recherche des options de financement et souhaite être contacté.</li><li>Un client ayant reçu une offre digitale souhaite échanger son ancien véhicule dans le cadre de cette offre.</li><li>Un collègue vous a attribué de nouveaux leads. Merci de les traiter.</li></ul><p><br></p><p><strong><u>5. Accessoires dans le configurateur</u></strong></p><p><br></p><p>Le configurateur Astara, utilisé pour générer des offres digitales, configurer des véhicules pour les commandes en stock et sélectionner des véhicules pour le processus de commande, permet désormais de sélectionner des accessoires compatibles. Cette fonctionnalité est disponible pour tous les modèles du dernier millésime.</p><p>&nbsp;</p><p><strong><u>6. Calcul des prix</u></strong></p><p><br></p><p>Nous avons restructuré le calcul des prix afin de le rendre plus lisible pour le client. Les montants sont désormais clairement affichés avec et sans TVA, facilitant la compréhension du prix final, y compris en cas de reprise d’un véhicule. De plus, les remises accordées par le concessionnaire et les promotions sont désormais mises en évidence de manière plus transparente.</p><p>&nbsp;</p><p>Nous sommes convaincus que ces mises à jour et e-mails amélioreront votre organisation et vous aideront à conclure davantage d’affaires avec succès.</p><p><br></p><p>Comme toujours, nous restons à l’écoute de vos retours.</p><p><br></p><p>Merci beaucoup,</p><p>L’équipe Digital &amp; CX</p>')
ON DUPLICATE KEY UPDATE title = VALUES(title), executive_summary = VALUES(executive_summary), content_html = VALUES(content_html);
INSERT INTO aws_notification_translations (notification_id, locale, title, executive_summary, content_html)
VALUES ('6XNCsd10ah5qniJHPGMfBl', 'it-CH', 'Miglioramenti nell’offerta digitale', 'Sono già stati implementati o pianificati miglioramenti all’offerta digitale. La invitiamo a leggere questa circolare per ulteriori informazioni.', '<p>Cari partner,</p><p><br></p><p>Negli ultimi mesi, abbiamo lavorato intensamente per migliorare l\'esperienza complessiva dell’offerta digitale per i nostri clienti.</p><p><br></p><p>Oggi siamo lieti di condividere con voi informazioni sulle modifiche recentemente introdotte e su quelle che verranno implementate a breve.</p><p><br></p><p><strong><u>Modifiche già disponibili:</u></strong></p><ul><li>E-mail di notifica più chiare</li><li>Aggiornamenti al paragrafo di benvenuto e introduzione</li><li>Aggiornamenti delle opzioni linguistiche di invio</li><li>Modifiche al testo per rendere l’offerta digitale più comprensibile</li><li>A partire dall\'ultimo model year, gli accessori saranno visibili nel configuratore</li></ul><p><br></p><p><strong><u>Prossimamente disponibile:</u></strong></p><ul><li>Aggiornamenti al layout del calcolo dei prezzi</li></ul><p><br></p><p>Di seguito troverete maggiori dettagli sulle modifiche introdotte.</p><p>&nbsp;</p><p><strong><u>1. Saluto iniziale ed introduzione</u></strong></p><p><br></p><p>Abbiamo migliorato la formula di saluto e la sua formattazione, aggiunto una nuova frase di benvenuto e integrato una nuova icona per il tipo di carburante nella panoramica delle dotazioni. Inoltre, abbiamo riorganizzato la parte superiore per renderla più chiara e leggibile. La dicitura relativa ai costi di consegna è stata rimossa e ora è direttamente inclusa nel calcolo dei prezzi.</p><p>&nbsp;</p><p><strong><u>2. Lingua di invio dell’offerta digitale</u></strong></p><p><br></p><p>Abbiamo aggiunto una nuova opzione che permette di scegliere la lingua dell’offerta digitale prima dell’invio – <strong>Tedesco, Francese o Italiano</strong>. In questo modo, la lingua del conto utente o del concessionario non è più vincolante, poiché può essere selezionata individualmente prima dell’invio.</p><p>&nbsp;</p><p><strong><u>3. Brochure e listino prezzi</u></strong></p><p><br></p><p>Abbiamo aggiornato i testi sulla parte destra per aiutare il cliente a individuare chiaramente dove può cliccare per ottenere maggiori informazioni (es. per accedere al sito web) e dove trovare il listino prezzi. Se per il vostro marchio non è disponibile un listino prezzi, il pulsante corrispondente non verrà mostrato.</p><p>&nbsp;</p><p><strong><u>4. Comunicazione automatizzata</u></strong></p><p><br></p><p>Abbiamo predisposto e-mail automatiche che vengono attivate in base alle azioni dei clienti nell’offerta digitale. Queste e-mail riguardano scenari specifici:</p><p><br></p><ul><li>Un cliente che ha ricevuto un’offerta digitale richiede un nuovo contatto.</li><li>Un cliente che ha ricevuto un’offerta digitale desidera prenotare un test drive in relazione a tale offerta.</li><li>Un cliente che ha ricevuto un’offerta digitale è interessato a opzioni di finanziamento e desidera essere contattato.</li><li>Un cliente che ha ricevuto un’offerta digitale vuole permutare il proprio veicolo nell’ambito dell’offerta ricevuta.</li><li>Un collega vi ha assegnato nuovi lead. Vi invitiamo a prenderli in carico.</li></ul><p>&nbsp;</p><p><strong><u>5. Accessori nel configuratore</u></strong></p><p><br></p><p>Il configuratore Astara, utilizzato per generare offerte digitali, configurare veicoli per ordini a stock e selezionare veicoli per il processo di ordinazione, ora permette anche di selezionare accessori compatibili. Questa funzione è disponibile per tutti i modelli dell’ultimo model year.</p><p>&nbsp;</p><p><strong><u>6. Calcolo dei prezzi</u></strong></p><p><br></p><p>Abbiamo riorganizzato il calcolo dei prezzi per renderlo più chiaro per il cliente. Ora i prezzi vengono mostrati chiaramente con e senza IVA, facilitando la comprensione del prezzo finale, anche in caso di permuta del veicolo. Inoltre, gli sconti concessi dal concessionario e le promozioni sono ora evidenziati in modo più trasparente.</p><p><br></p><p>Siamo certi che queste modifiche e le e-mail automatizzate renderanno il vostro lavoro più organizzato e vi aiuteranno a concludere più vendite con successo.</p><p><br></p><p>Come sempre, siamo lieti di ricevere il vostro feedback.</p><p><br></p><p>Cordiali Saluti,</p><p>Il team Digital &amp; CX&nbsp;</p>')
ON DUPLICATE KEY UPDATE title = VALUES(title), executive_summary = VALUES(executive_summary), content_html = VALUES(content_html);
INSERT INTO aws_notification_brands (notification_id, brand_id)
VALUES ('6XNCsd10ah5qniJHPGMfBl', 3)
ON DUPLICATE KEY UPDATE brand_id = VALUES(brand_id);
INSERT INTO aws_notification_brands (notification_id, brand_id)
VALUES ('6XNCsd10ah5qniJHPGMfBl', 5)
ON DUPLICATE KEY UPDATE brand_id = VALUES(brand_id);
INSERT INTO aws_notification_brands (notification_id, brand_id)
VALUES ('6XNCsd10ah5qniJHPGMfBl', 1)
ON DUPLICATE KEY UPDATE brand_id = VALUES(brand_id);
INSERT INTO aws_notification_brands (notification_id, brand_id)
VALUES ('6XNCsd10ah5qniJHPGMfBl', 6)
ON DUPLICATE KEY UPDATE brand_id = VALUES(brand_id);
INSERT INTO aws_notification_brands (notification_id, brand_id)
VALUES ('6XNCsd10ah5qniJHPGMfBl', 4)
ON DUPLICATE KEY UPDATE brand_id = VALUES(brand_id);
INSERT INTO aws_notification_brands (notification_id, brand_id)
VALUES ('6XNCsd10ah5qniJHPGMfBl', 10)
ON DUPLICATE KEY UPDATE brand_id = VALUES(brand_id);
INSERT INTO aws_notification_brands (notification_id, brand_id)
VALUES ('6XNCsd10ah5qniJHPGMfBl', 11)
ON DUPLICATE KEY UPDATE brand_id = VALUES(brand_id);
INSERT INTO aws_notification_brands (notification_id, brand_id)
VALUES ('6XNCsd10ah5qniJHPGMfBl', 7)
ON DUPLICATE KEY UPDATE brand_id = VALUES(brand_id);
-- 6CDv9hzjuoXSdf7IOKhWik
INSERT INTO aws_notifications (id_notification, category, status, is_legacy, priority, sender, published_at)
VALUES ('6CDv9hzjuoXSdf7IOKhWik', 8, 'Published', 1, 2, 'Handover Import', '2024-08-07 16:29:32')
ON DUPLICATE KEY UPDATE category = VALUES(category), status = VALUES(status), is_legacy = VALUES(is_legacy), priority = VALUES(priority), sender = VALUES(sender), published_at = VALUES(published_at);
INSERT INTO aws_notification_translations (notification_id, locale, title, executive_summary, content_html)
VALUES ('6CDv9hzjuoXSdf7IOKhWik', 'de', 'Verhindern der Erstellung von Lead-Duplikaten', 'Am 8. August veröffentlichen wir eine neue Funktion, die die Effizienz und Genauigkeit des Lead-Managements verbessern soll.', '<p class=\"ql-align-justify\">Am 8. August veröffentlichen wir eine neue Funktion, die die Effizienz und Genauigkeit des Lead-Managements verbessern soll. Mit dieser Funktion wird ein Abgleichmechanismus eingeführt, der die Erstellung neuer Leads verhindert, wenn die E-Mail oder die Telefonnummer des neuen Leads bereits im System vorhanden ist. Wenn ein Lead-Duplikat gefunden wird, können Sie den vorhandenen Lead auswählen und weiter bearbeiten.</p>')
ON DUPLICATE KEY UPDATE title = VALUES(title), executive_summary = VALUES(executive_summary), content_html = VALUES(content_html);
INSERT INTO aws_notification_translations (notification_id, locale, title, executive_summary, content_html)
VALUES ('6CDv9hzjuoXSdf7IOKhWik', 'fr-CH', 'Empêcher la création de doublons de leads', 'Le 8 août, nous publierons une nouvelle fonctionnalité destinée à améliorer l\'efficacité et la précision de la gestion des leads.', '<p>Le 8 août, nous publierons une nouvelle fonctionnalité destinée à améliorer l\'efficacité et la précision de la gestion des leads. Cette fonction introduit un mécanisme de correspondance qui empêche la création de nouveaux leads si l\'e-mail ou le numéro de téléphone du nouveau lead existe déjà dans le système. Lorsqu\'un doublon de prospect est trouvé, vous pouvez sélectionner ce prospect et le modifier.</p>')
ON DUPLICATE KEY UPDATE title = VALUES(title), executive_summary = VALUES(executive_summary), content_html = VALUES(content_html);
INSERT INTO aws_notification_translations (notification_id, locale, title, executive_summary, content_html)
VALUES ('6CDv9hzjuoXSdf7IOKhWik', 'it-CH', 'Impedire la creazione di lead duplicate', 'L\'8 agosto rilasceremo una nuova funzionalità progettata per migliorare l\'efficienza e l\'accuratezza della gestione delle lead.', '<p>L\'8 agosto rilasceremo una nuova funzionalità progettata per migliorare l\'efficienza e l\'accuratezza della gestione delle lead. Questa funzione introdurrà un meccanismo di corrispondenza che impedirà la creazione di nuove lead se l\'e-mail o il numero di telefono della nuova lead esiste già nel sistema. Se viene trovato una lead duplicata, è possibile selezionarla e modificarla.</p>')
ON DUPLICATE KEY UPDATE title = VALUES(title), executive_summary = VALUES(executive_summary), content_html = VALUES(content_html);
INSERT INTO aws_notification_brands (notification_id, brand_id)
VALUES ('6CDv9hzjuoXSdf7IOKhWik', 3)
ON DUPLICATE KEY UPDATE brand_id = VALUES(brand_id);
INSERT INTO aws_notification_brands (notification_id, brand_id)
VALUES ('6CDv9hzjuoXSdf7IOKhWik', 5)
ON DUPLICATE KEY UPDATE brand_id = VALUES(brand_id);
INSERT INTO aws_notification_brands (notification_id, brand_id)
VALUES ('6CDv9hzjuoXSdf7IOKhWik', 1)
ON DUPLICATE KEY UPDATE brand_id = VALUES(brand_id);
INSERT INTO aws_notification_brands (notification_id, brand_id)
VALUES ('6CDv9hzjuoXSdf7IOKhWik', 6)
ON DUPLICATE KEY UPDATE brand_id = VALUES(brand_id);
INSERT INTO aws_notification_brands (notification_id, brand_id)
VALUES ('6CDv9hzjuoXSdf7IOKhWik', 4)
ON DUPLICATE KEY UPDATE brand_id = VALUES(brand_id);
INSERT INTO aws_notification_brands (notification_id, brand_id)
VALUES ('6CDv9hzjuoXSdf7IOKhWik', 7)
ON DUPLICATE KEY UPDATE brand_id = VALUES(brand_id);
-- 62RSvMqRrvHzhleftbiVI0
INSERT INTO aws_notifications (id_notification, category, status, is_legacy, priority, sender, published_at)
VALUES ('62RSvMqRrvHzhleftbiVI0', 8, 'Published', 1, 1, 'Handover Import', '2024-06-02 21:00:35')
ON DUPLICATE KEY UPDATE category = VALUES(category), status = VALUES(status), is_legacy = VALUES(is_legacy), priority = VALUES(priority), sender = VALUES(sender), published_at = VALUES(published_at);
INSERT INTO aws_notification_translations (notification_id, locale, title, executive_summary, content_html)
VALUES ('62RSvMqRrvHzhleftbiVI0', 'de', 'Vorabinfo: Reservierungsplattform Click & Drive', 'Wir freuen uns, Ihnen weitere Informationen und den Zeitplan für unsere Click & Drive Reservierungsplattform vorzustellen. Click & Drive ist ein Online-Marktplatz von Astara für sofort verfügbare Neuwagen, die der Kunde direkt mittels einer Gebühr reservieren kann. Die Plattform ist vollständig in die Astara-Plattform integriert und bietet Ihnen einen zusätzlichen digitalen Vertriebskanal, um potenzielle Kunden anzusprechen.', '<p><br></p><p><strong><u>﻿Wichtige Daten:</u></strong></p><ul><li><strong>Lancierung/Go-Live</strong> in <strong>KW 26</strong> (24.-30.06.)</li><li>Verteilung eines <strong>Rundschreibens mit detaillierter Anleitung</strong> in <strong>KW 24</strong> (10.-16.06.)</li><li>Test mit ausgewählten Pilothändlern in KW 23 (03.-09.06.)</li></ul><p><br></p><p><strong><u>Ihre Vorteile:</u></strong></p><ul><li><strong>Zugang zu hochqualifizierten Leads:</strong> Interessenten, die je nach Anfrage eine Reservierungsgebühr hinterlegt haben.</li><li><strong>Optimierter Bestellprozess:</strong> Integration in die bestehenden Prozesse der Astara-Plattform, sodass weniger Aufwand für Sie entsteht. Bestellungen können wie gewohnt bearbeitet werden.</li><li><strong>Erweiterter Vertriebskanal:</strong> Zusätzliche Möglichkeit, potenzielle Käufer über traditionelle Kanäle hinaus zu erreichen, um die Reichweite und Verkaufschancen zu erhöhen.</li></ul><p>&nbsp;</p><p><strong><u>Kundenvorteile:</u></strong></p><ul><li><strong>Mühelose Fahrzeugsuche: </strong>Einfache Fahrzeugsuche für Kunden, die es ihnen ermöglicht, den verfügbaren Bestand zu erkunden, Optionen zu vergleichen und ihr bevorzugtes Fahrzeug direkt für CHF 500 zu reservieren.</li><li><strong>Flexible Händlerauswahl: </strong>Kunden können ihren bevorzugten Haupthändler wählen und ein nahtloses, persönliches Kauferlebnis zu erhalten.</li><li><strong>Vorrangiger Zugang zu gewünschten Fahrzeugen: </strong>Durch die Reservierung sichern sich die Kunden ihr Wunschfahrzeug für CHF 500. Der Betrag wird dem Kunden bei Stornierung oder Abschluss eines Kaufvertrags automatisch zurückerstattet.</li></ul><p><br></p><p>Vielen Dank für Ihre kontinuierliche Partnerschaft und Unterstützung.</p>')
ON DUPLICATE KEY UPDATE title = VALUES(title), executive_summary = VALUES(executive_summary), content_html = VALUES(content_html);
INSERT INTO aws_notification_translations (notification_id, locale, title, executive_summary, content_html)
VALUES ('62RSvMqRrvHzhleftbiVI0', 'fr-CH', 'Plateforme de réservation Click & Drive par Astara', 'Nous sommes ravis de vous présenter plus d’informations ainsi que le calendrier de notre plateforme de réservation Click & Drive. Click & Drive est une place de marché en ligne pour des voitures neuves disponibles immédiatement, que les clients peuvent réserver directement en payant des frais. La plateforme est entièrement intégrée à la plateforme Astara et vous offre un canal de vente digitale supplémentaire pour atteindre des clients potentiels.', '<p><br></p><p><strong><u>Calendrier clé :</u></strong></p><ul><li><strong>Lancement</strong> en <strong>Semaine 26</strong> (24-30.06.)</li><li>Distribution d\'une <strong>circulaire</strong> <strong>avec des instructions</strong> détaillées en <strong>Semaine 24</strong> (10-16.06.)</li><li>Test avec des concessionnaires pilotes sélectionnés en Semaine 23 (03-09.06.)</li></ul><p><br></p><p><strong><u>Vos avantages :</u></strong></p><ul><li><strong>Accès à des prospects hautement qualifiés :</strong> Intéressés qui ont payé des frais de réservation en fonction de la nature de la demande.</li><li><strong>Processus de commande optimisé :</strong> Intégration dans les processus existants de la plateforme Astara, aucune adaptation nécessaire de votre part. Les commandes peuvent être traitées comme d\'habitude.</li><li><strong>Canal de vente élargi :</strong> Possibilité supplémentaire de toucher des acheteurs potentiels au-delà des visites en showroom traditionnelles, augmentant ainsi la portée du marché et les opportunités de vente.</li></ul><p><br></p><p><strong><u>Avantages pour les clients :</u></strong></p><ul><li><strong>Découverte de véhicules sans effort :</strong> Processus simple de recherche de véhicules permettant aux clients d\'explorer le stock disponible, de comparer les options et de réserver leur véhicule préféré pour CHF 500.</li><li><strong>Choix flexible des concessionnaires :</strong> Les clients peuvent choisir leur concessionnaire préféré, travaillant ainsi avec des partenaires de confiance pour garantir une expérience d\'achat fluide et personnalisée.</li><li><strong>Accès prioritaire aux véhicules souhaités :</strong> En réservant, les clients sécurisent leur véhicule désiré pour CHF 500. Ce montant est intégralement remboursé en cas d\'annulation ou de conclusion d\'un contrat d\'achat.</li></ul><p><br></p><p>Merci pour votre partenariat et votre soutien continus.</p>')
ON DUPLICATE KEY UPDATE title = VALUES(title), executive_summary = VALUES(executive_summary), content_html = VALUES(content_html);
INSERT INTO aws_notification_translations (notification_id, locale, title, executive_summary, content_html)
VALUES ('62RSvMqRrvHzhleftbiVI0', 'it-CH', 'Anteprima: Piattaforma di prenotazione Click & Drive', 'Siamo lieti di presentarvi ulteriori informazioni e il calendario per la nostra piattaforma di prenotazione Click & Drive. Click & Drive è un marketplace online da Astara per auto nuove disponibili immediatamente, che i clienti possono prenotare direttamente pagando una tariffa. La piattaforma è completamente integrata con la piattaforma Astara e offre un canale di vendita digitale aggiuntivo per raggiungere potenziali clienti.', '<p><br></p><p><strong><u>Tempistiche chiave:</u></strong></p><ul><li><strong>Go-Live</strong> nella <strong>Settimana 26</strong> (24-30.06.)</li><li>Distribuzione di una <strong>circolare con istruzioni </strong>dettagliate nella <strong>Settimana 24</strong> (10-16.06.)</li><li>Test con concessionari pilota selezionati nella Settimana 23 (03-09.06.)</li></ul><p><br></p><p><strong><u>I vostri vantaggi:</u></strong>&nbsp;</p><ul><li><strong>Accesso a lead altamente qualificati:</strong> Interessati che hanno pagato una tariffa di prenotazione a seconda del tipo di richiesta.</li><li><strong>Processo di ordinazione ottimizzato:</strong> Integrazione nei processi esistenti della piattaforma Astara, senza necessità di adattamenti da parte vostra. Gli ordini possono essere gestiti come di consueto.</li><li><strong>Canale di vendita ampliato:</strong> Ulteriore opportunità di raggiungere potenziali acquirenti oltre le visite tradizionali in showroom, aumentando così la portata del mercato e le opportunità di vendita.</li></ul><p><br></p><p><strong><u>Vantaggi per i clienti:</u></strong></p><ul><li><strong>Scoperta dei veicoli senza sforzo:</strong> Processo semplice di ricerca dei veicoli che consente ai clienti di esplorare lo stock disponibile, confrontare le opzioni e prenotare il veicolo preferito per CHF 500.</li><li><strong>Scelta flessibile dei concessionari: </strong>I clienti possono scegliere il loro concessionario preferito, collaborando così con partner di fiducia per garantire un\'esperienza di acquisto fluida e personalizzata.</li><li><strong>Accesso prioritario ai veicoli desiderati:</strong> Prenotando, i clienti assicurano il veicolo desiderato per CHF 500. Questo importo viene rimborsato integralmente in caso di annullamento o conclusione di un contratto di acquisto.</li></ul><p><br></p><p>Grazie per la vostra continua collaborazione e supporto.</p>')
ON DUPLICATE KEY UPDATE title = VALUES(title), executive_summary = VALUES(executive_summary), content_html = VALUES(content_html);
INSERT INTO aws_notification_brands (notification_id, brand_id)
VALUES ('62RSvMqRrvHzhleftbiVI0', 3)
ON DUPLICATE KEY UPDATE brand_id = VALUES(brand_id);
INSERT INTO aws_notification_brands (notification_id, brand_id)
VALUES ('62RSvMqRrvHzhleftbiVI0', 5)
ON DUPLICATE KEY UPDATE brand_id = VALUES(brand_id);
INSERT INTO aws_notification_brands (notification_id, brand_id)
VALUES ('62RSvMqRrvHzhleftbiVI0', 1)
ON DUPLICATE KEY UPDATE brand_id = VALUES(brand_id);
INSERT INTO aws_notification_brands (notification_id, brand_id)
VALUES ('62RSvMqRrvHzhleftbiVI0', 6)
ON DUPLICATE KEY UPDATE brand_id = VALUES(brand_id);
INSERT INTO aws_notification_brands (notification_id, brand_id)
VALUES ('62RSvMqRrvHzhleftbiVI0', 4)
ON DUPLICATE KEY UPDATE brand_id = VALUES(brand_id);
INSERT INTO aws_notification_brands (notification_id, brand_id)
VALUES ('62RSvMqRrvHzhleftbiVI0', 7)
ON DUPLICATE KEY UPDATE brand_id = VALUES(brand_id);
-- 7ofPi9r78UyQTgnmrRYC2g
INSERT INTO aws_notifications (id_notification, category, status, is_legacy, priority, sender, published_at)
VALUES ('7ofPi9r78UyQTgnmrRYC2g', 8, 'Published', 1, 2, 'Handover Import', '2024-11-26 08:46:02')
ON DUPLICATE KEY UPDATE category = VALUES(category), status = VALUES(status), is_legacy = VALUES(is_legacy), priority = VALUES(priority), sender = VALUES(sender), published_at = VALUES(published_at);
INSERT INTO aws_notification_translations (notification_id, locale, title, executive_summary, content_html)
VALUES ('7ofPi9r78UyQTgnmrRYC2g', 'de', 'Webinar Lead Mgmt & Digital Quote: Präsentation und Q&A', 'Im Anhang finden Sie die Präsentation, die für das Webinar geteilt wurde, sowie die Antworten auf die gestellten Fragen.', '<p>Sehr geehrte Damen und Herren</p><p>Vielen Dank für Ihre Teilnahme am Webinar.</p><p>Im Anhang finden Sie die Präsentation mit den Videos der wichtigsten Aktivitäten für die korrekte Verwaltung der Leads und die Erstellung des digitalen Angebots.</p><p>Am Ende der Präsentation finden Sie auch die Antworten auf die Fragen, die während des Webinars gestellt wurden.</p><p>Für weitere Fragen steht Ihnen das Digital Team gerne zur Verfügung.</p><p>Freundliche Grüsse,</p><p>Digital &amp; CX Team</p>')
ON DUPLICATE KEY UPDATE title = VALUES(title), executive_summary = VALUES(executive_summary), content_html = VALUES(content_html);
INSERT INTO aws_notification_translations (notification_id, locale, title, executive_summary, content_html)
VALUES ('7ofPi9r78UyQTgnmrRYC2g', 'fr-CH', 'Webinar Lead Mgmt & offre digitale: Présentation et Q&A', 'En pièce jointe, vous trouverez la présentation partagée lors du webinaire ainsi que les réponses aux questions posées.', '<p>Madames et messieurs,</p><p>Nous vous remercions de votre participation au webinar.</p><p>Vous trouverez en pièce jointe la présentation avec les vidéos des activités les plus importantes pour la gestion correcte des leads et la création de l\'offre digitale.</p><p>À la fin de la présentation, vous trouverez également les réponses aux questions posées lors du webinar.</p><p>Pour toute question supplémentaire, l\'équipe Digital est à votre disposition.</p><p>Cordialement,</p><p>L\'équipe Digital &amp; CX</p>')
ON DUPLICATE KEY UPDATE title = VALUES(title), executive_summary = VALUES(executive_summary), content_html = VALUES(content_html);
INSERT INTO aws_notification_translations (notification_id, locale, title, executive_summary, content_html)
VALUES ('7ofPi9r78UyQTgnmrRYC2g', 'it-CH', 'Webinar Lead Mgmt & Digital Quote: Presentazione e Q&A', 'In allegato trova la presentazione condivisa durante il webinar e le risposte alle domande poste durante il training.', '<p>Gentili Signori e Signore,</p><p>Vi ringraziamo per la vostra partecipazione al webinar.</p><p>In allegato troverete la presentazione con i video delle attività più importanti per la corretta gestione delle lead e per la creazione dell\'offerta digitale.</p><p>Alla fine della presentazione troverete anche le risposte alle domande poste durante il webinar.</p><p>Per ulteriori domande, il Team Digital è a vostra disposizione.</p><p>Cordiali saluti,</p><p>Digital &amp; CX Team</p>')
ON DUPLICATE KEY UPDATE title = VALUES(title), executive_summary = VALUES(executive_summary), content_html = VALUES(content_html);
INSERT INTO aws_notification_brands (notification_id, brand_id)
VALUES ('7ofPi9r78UyQTgnmrRYC2g', 3)
ON DUPLICATE KEY UPDATE brand_id = VALUES(brand_id);
INSERT INTO aws_notification_brands (notification_id, brand_id)
VALUES ('7ofPi9r78UyQTgnmrRYC2g', 5)
ON DUPLICATE KEY UPDATE brand_id = VALUES(brand_id);
INSERT INTO aws_notification_brands (notification_id, brand_id)
VALUES ('7ofPi9r78UyQTgnmrRYC2g', 1)
ON DUPLICATE KEY UPDATE brand_id = VALUES(brand_id);
INSERT INTO aws_notification_brands (notification_id, brand_id)
VALUES ('7ofPi9r78UyQTgnmrRYC2g', 4)
ON DUPLICATE KEY UPDATE brand_id = VALUES(brand_id);
INSERT INTO aws_notification_brands (notification_id, brand_id)
VALUES ('7ofPi9r78UyQTgnmrRYC2g', 10)
ON DUPLICATE KEY UPDATE brand_id = VALUES(brand_id);
INSERT INTO aws_notification_brands (notification_id, brand_id)
VALUES ('7ofPi9r78UyQTgnmrRYC2g', 11)
ON DUPLICATE KEY UPDATE brand_id = VALUES(brand_id);
INSERT INTO aws_notification_brands (notification_id, brand_id)
VALUES ('7ofPi9r78UyQTgnmrRYC2g', 7)
ON DUPLICATE KEY UPDATE brand_id = VALUES(brand_id);
-- ijdyOAmWGVYN7E8iVjJzC
INSERT INTO aws_notifications (id_notification, category, status, is_legacy, priority, sender, published_at)
VALUES ('ijdyOAmWGVYN7E8iVjJzC', 1, 'Published', 1, 2, 'Handover Import', '2026-02-06 19:17:02')
ON DUPLICATE KEY UPDATE category = VALUES(category), status = VALUES(status), is_legacy = VALUES(is_legacy), priority = VALUES(priority), sender = VALUES(sender), published_at = VALUES(published_at);
INSERT INTO aws_notification_translations (notification_id, locale, title, executive_summary, content_html)
VALUES ('ijdyOAmWGVYN7E8iVjJzC', 'de', 'Launch Offerte Nissan Micra All Inclusive/Pro', '', '<p>Sehr geehrte Nissan Partner</p><p><br></p><p>Hiermit senden wir Ihnen das Rundschreiben bezüglich der Aktion Launch Offerte Nissan Micra wleche wir Ihnen an der Produktschulung vom Nissan Micra diesen Dienstag im Trafo Baden vorgestellt haben.</p><p><br></p><p>&nbsp;Besten Dank für die Kenntnisnahme und wir wünschen Ihnen erfolgreiche Verkäufe.</p><p><br></p><p>&nbsp;</p><p>Ihr B2B Team</p>')
ON DUPLICATE KEY UPDATE title = VALUES(title), executive_summary = VALUES(executive_summary), content_html = VALUES(content_html);
INSERT INTO aws_notification_translations (notification_id, locale, title, executive_summary, content_html)
VALUES ('ijdyOAmWGVYN7E8iVjJzC', 'fr-CH', 'Offre de lancement Nissan Micra All Inclusive / Pro', '', '<p><strong>Chers partenaires Nissan,</strong></p><p><br></p><p>Nous vous adressons par la présente la circulaire concernant l’offre de lancement du Nissan Micra, que nous vous avons présentée lors de la formation produit dédiée au Nissan Micra ce mardi au Trafo Baden.</p><p>Nous vous remercions de votre attention et vous souhaitons beaucoup de succès dans vos ventes.</p><p><br></p><p><strong>Votre équipe B2B</strong></p>')
ON DUPLICATE KEY UPDATE title = VALUES(title), executive_summary = VALUES(executive_summary), content_html = VALUES(content_html);
INSERT INTO aws_notification_translations (notification_id, locale, title, executive_summary, content_html)
VALUES ('ijdyOAmWGVYN7E8iVjJzC', 'it-CH', 'Offerta di lancio Nissan Micra All Inclusive / Pro', '', '<p><strong>Gentili partner Nissan,</strong></p><p><br></p><p>Con la presente vi inviamo la circolare relativa all’offerta di lancio della Nissan Micra, che vi abbiamo presentato durante la formazione prodotto sul Nissan Micra tenutasi questo martedì al Trafo Baden.</p><p>Vi ringraziamo per l’attenzione e vi auguriamo molto successo nelle vendite.</p><p><br></p><p><strong>Il vostro team B2B</strong></p>')
ON DUPLICATE KEY UPDATE title = VALUES(title), executive_summary = VALUES(executive_summary), content_html = VALUES(content_html);
INSERT INTO aws_notification_brands (notification_id, brand_id)
VALUES ('ijdyOAmWGVYN7E8iVjJzC', 7)
ON DUPLICATE KEY UPDATE brand_id = VALUES(brand_id);
-- 6PUifCLt45A53fnJSQ1Cqw
INSERT INTO aws_notifications (id_notification, category, status, is_legacy, priority, sender, published_at)
VALUES ('6PUifCLt45A53fnJSQ1Cqw', 1, 'Published', 1, 2, 'Handover Import', '2026-02-27 17:55:29')
ON DUPLICATE KEY UPDATE category = VALUES(category), status = VALUES(status), is_legacy = VALUES(is_legacy), priority = VALUES(priority), sender = VALUES(sender), published_at = VALUES(published_at);
INSERT INTO aws_notification_translations (notification_id, locale, title, executive_summary, content_html)
VALUES ('6PUifCLt45A53fnJSQ1Cqw', 'de', 'New Ariya Action ab dem  01.03.2026', 'INF-2026-03-NISSAN ARIYA ALL INCLUSIVE & PRO – AKTION FÜR 0 KM-Fahrzeuge', '<p>Sehr geehrte Nissan Partner</p><p><br></p><p>Es freut uns Ihnen mitteilen zu können, dass die Nissan Ariya Aktion per 01. März weitergeführt wird und auf zusätzliche Versionen ausgeweitet wurde. Die neuen Monatsraten bleiben trotz leichter Anpassungen sehr attraktiv und kundenfreundlich. Besten Dank für die Kenntnisnahme und wir wünschen Ihnen erfolgreiche Verkäufe.</p><p><br></p><p>Ihr B2B Team</p>')
ON DUPLICATE KEY UPDATE title = VALUES(title), executive_summary = VALUES(executive_summary), content_html = VALUES(content_html);
INSERT INTO aws_notification_translations (notification_id, locale, title, executive_summary, content_html)
VALUES ('6PUifCLt45A53fnJSQ1Cqw', 'fr-CH', 'New Ariya Action a partir du 01.03.2026', 'INF-2026-03-NISSAN ARIYA ALL INCLUSIVE & PRO – AKTION FÜR 0 KM-Vehicules', '<p><strong>Chers Partenaires Nissan,</strong></p><p><br></p><p>Nous avons le plaisir de vous informer que l’action Nissan Ariya sera prolongée à partir du <strong>1er mars</strong> et étendue à des versions supplémentaires. Malgré quelques ajustements, les nouvelles mensualités restent très attractives et avantageuses pour vos clients.</p><p>Nous vous remercions de votre attention et vous souhaitons plein succès dans vos ventes.</p><p><br></p><p><strong>Votre équipe B2B</strong></p>')
ON DUPLICATE KEY UPDATE title = VALUES(title), executive_summary = VALUES(executive_summary), content_html = VALUES(content_html);
INSERT INTO aws_notification_translations (notification_id, locale, title, executive_summary, content_html)
VALUES ('6PUifCLt45A53fnJSQ1Cqw', 'it-CH', 'New Ariya Action a partire dal 01.03.2026', 'INF-2026-03-NISSAN ARIYA ALL INCLUSIVE & PRO – AKTION FÜR 0 KM-Fahrzeuge\nINF-2026-03-NISSAN ARIYA ALL INCLUSIVE & PRO – AKTION FÜR 0 KM-Vehicules', '<p>Sehr geehrte Nissan Partner</p><p><br></p><p>Es freut uns Ihnen mitteilen zu können, dass die Nissan Ariya Aktion per 01. März weitergeführt wird und auf zusätzliche Versionen ausgeweitet wurde. Die neuen Monatsraten bleiben trotz leichter Anpassungen sehr attraktiv und kundenfreundlich. Besten Dank für die Kenntnisnahme und wir wünschen Ihnen erfolgreiche Verkäufe.</p><p><br></p><p>Ihr B2B Team</p><p>---------------------</p><p><br></p><p><strong>Chers Partenaires Nissan,</strong></p><p>Nous avons le plaisir de vous informer que l’action Nissan Ariya sera prolongée à partir du <strong>1er mars</strong> et étendue à des versions supplémentaires. Malgré quelques ajustements, les nouvelles mensualités restent très attractives et avantageuses pour vos clients.</p><p>Nous vous remercions de votre attention et vous souhaitons plein succès dans vos ventes.</p><p><strong>Votre équipe B2B</strong></p>')
ON DUPLICATE KEY UPDATE title = VALUES(title), executive_summary = VALUES(executive_summary), content_html = VALUES(content_html);
INSERT INTO aws_notification_brands (notification_id, brand_id)
VALUES ('6PUifCLt45A53fnJSQ1Cqw', 7)
ON DUPLICATE KEY UPDATE brand_id = VALUES(brand_id);
-- 3ZEGPewyX348BaGXNZ6CCM
INSERT INTO aws_notifications (id_notification, category, status, is_legacy, priority, sender, published_at)
VALUES ('3ZEGPewyX348BaGXNZ6CCM', 1, 'Published', 1, 2, 'Handover Import', '2026-02-12 17:02:18')
ON DUPLICATE KEY UPDATE category = VALUES(category), status = VALUES(status), is_legacy = VALUES(is_legacy), priority = VALUES(priority), sender = VALUES(sender), published_at = VALUES(published_at);
INSERT INTO aws_notification_translations (notification_id, locale, title, executive_summary, content_html)
VALUES ('3ZEGPewyX348BaGXNZ6CCM', 'de', 'UPDATE_Aktion Nissan Ariya All Inclusive (Pro) Q1/26', 'INF-2026-01-LAST CALL Nissan Ariya All Inclusive_Update', '<p>Sehr geehrte Nissan Partner</p><p><br></p><p>Hiermit senden wir Ihnen die Informationen zur Verlängerung der Aktion_Nissan Ariya All Inclusive/Pro.</p><p><br></p><p>Besten Dank für die Kenntnisnahme und wir wünschen Ihnen erfolgreiche Verkäufe.</p><p><br></p><p>Ihr B2B Team</p>')
ON DUPLICATE KEY UPDATE title = VALUES(title), executive_summary = VALUES(executive_summary), content_html = VALUES(content_html);
INSERT INTO aws_notification_translations (notification_id, locale, title, executive_summary, content_html)
VALUES ('3ZEGPewyX348BaGXNZ6CCM', 'fr-CH', 'UPDATE_Action Nissan Ariya All Inclusive (Pro) Q1/26', 'INF-2026-01-LAST CALL Nissan Ariya All Inclusive_Update\n', '<p>Chers partenaires,</p><p>&nbsp;</p><p>Veuillez trouver ci-joint des informations concernant la prolongation de l\'action_Nissan Ariya All Inclusive/Pro.</p><p><br></p><p>Merci de bien vouloir prendre note et nous vous souhaitions d\'excellentes ventes.</p><p>&nbsp;</p><p>Votre équipe de B2B</p>')
ON DUPLICATE KEY UPDATE title = VALUES(title), executive_summary = VALUES(executive_summary), content_html = VALUES(content_html);
INSERT INTO aws_notification_translations (notification_id, locale, title, executive_summary, content_html)
VALUES ('3ZEGPewyX348BaGXNZ6CCM', 'it-CH', 'UPDATE_Action Nissan Ariya All Inclusive (Pro) Q1/26', 'INF-2026-01-LAST CALL Nissan Ariya All Inclusive_Update', '<p>Chers partenaires,</p><p>&nbsp;</p><p>Veuillez trouver ci-joint des informations concernant la prolongation de l\'action_Nissan Ariya All Inclusive/Pro.</p><p><br></p><p>Merci de bien vouloir prendre note et nous vous souhaitions d\'excellentes ventes.</p><p>&nbsp;</p><p>Votre équipe de B2B</p>')
ON DUPLICATE KEY UPDATE title = VALUES(title), executive_summary = VALUES(executive_summary), content_html = VALUES(content_html);
INSERT INTO aws_notification_brands (notification_id, brand_id)
VALUES ('3ZEGPewyX348BaGXNZ6CCM', 7)
ON DUPLICATE KEY UPDATE brand_id = VALUES(brand_id);
-- 3NJLZe9Q927vlKfflJLLWy
INSERT INTO aws_notifications (id_notification, category, status, is_legacy, priority, sender, published_at)
VALUES ('3NJLZe9Q927vlKfflJLLWy', 1, 'Published', 1, 0, 'Handover Import', '2026-02-10 14:34:47')
ON DUPLICATE KEY UPDATE category = VALUES(category), status = VALUES(status), is_legacy = VALUES(is_legacy), priority = VALUES(priority), sender = VALUES(sender), published_at = VALUES(published_at);
INSERT INTO aws_notification_translations (notification_id, locale, title, executive_summary, content_html)
VALUES ('3NJLZe9Q927vlKfflJLLWy', 'de', 'Vorlage Flottenkundenkonditionen Hyundai _Typ A & Typ C', '', '')
ON DUPLICATE KEY UPDATE title = VALUES(title), executive_summary = VALUES(executive_summary), content_html = VALUES(content_html);
INSERT INTO aws_notification_translations (notification_id, locale, title, executive_summary, content_html)
VALUES ('3NJLZe9Q927vlKfflJLLWy', 'fr-CH', 'Hyundai conditions client flotte modèle_type A & type C', '', '')
ON DUPLICATE KEY UPDATE title = VALUES(title), executive_summary = VALUES(executive_summary), content_html = VALUES(content_html);
INSERT INTO aws_notification_translations (notification_id, locale, title, executive_summary, content_html)
VALUES ('3NJLZe9Q927vlKfflJLLWy', 'it-CH', 'Hyundai conditions client flotte modèle_type A & type C', '', '')
ON DUPLICATE KEY UPDATE title = VALUES(title), executive_summary = VALUES(executive_summary), content_html = VALUES(content_html);
INSERT INTO aws_notification_brands (notification_id, brand_id)
VALUES ('3NJLZe9Q927vlKfflJLLWy', 6)
ON DUPLICATE KEY UPDATE brand_id = VALUES(brand_id);
-- 3N9EoufGi8URu4sNA7zMNe
INSERT INTO aws_notifications (id_notification, category, status, is_legacy, priority, sender, published_at)
VALUES ('3N9EoufGi8URu4sNA7zMNe', 5, 'Published', 1, 1, 'Handover Import', '2026-02-18 14:01:22')
ON DUPLICATE KEY UPDATE category = VALUES(category), status = VALUES(status), is_legacy = VALUES(is_legacy), priority = VALUES(priority), sender = VALUES(sender), published_at = VALUES(published_at);
INSERT INTO aws_notification_translations (notification_id, locale, title, executive_summary, content_html)
VALUES ('3N9EoufGi8URu4sNA7zMNe', 'de', '2026.02_HYUNDAI_DISPO NEWSLETTER', '2026.02_HYUNDAI_DISPO NEWSLETTER', '<p>Sehr geehrte HYUNDAI Partner,</p><p><br></p><p>Im Anhang finden Sie die neue Logistik Newsletter und die aktuellen Lieferfristen.</p><p>Wir wünschen Ihnen erfolgreiche Verkäufe.</p><p><br></p><p>Freundliche Grüsse</p><p>Logistik Hyundai</p>')
ON DUPLICATE KEY UPDATE title = VALUES(title), executive_summary = VALUES(executive_summary), content_html = VALUES(content_html);
INSERT INTO aws_notification_translations (notification_id, locale, title, executive_summary, content_html)
VALUES ('3N9EoufGi8URu4sNA7zMNe', 'fr-CH', '2026.02_HYUNDAI_DISPO NEWSLETTER', '2026.02_HYUNDAI_DISPO NEWSLETTER', '<p>Chers partenaires HYUNDAI,</p><p><br></p><p>Veuillez trouver en pièce jointe la nouvelle newsletter Logistique et les délais de livraison actuels.</p><p>Nous vous souhaitons des ventes réussies.</p><p><br></p><p>Cordialement,</p><p>Logistique Hyundai</p>')
ON DUPLICATE KEY UPDATE title = VALUES(title), executive_summary = VALUES(executive_summary), content_html = VALUES(content_html);
INSERT INTO aws_notification_translations (notification_id, locale, title, executive_summary, content_html)
VALUES ('3N9EoufGi8URu4sNA7zMNe', 'it-CH', '2026.02_HYUNDAI_DISPO NEWSLETTER', '2026.02_HYUNDAI_DISPO NEWSLETTER', '<p>Cari Partner HYUNDAI,</p><p><br></p><p>In allegato, troverete la nuova newsletter Logistica e le tempistiche di consegna attuali.</p><p>Vi auguriamo ogni successo nelle vendite.</p><p><br></p><p>Cordiali saluti,</p><p>Logistica Hyundai</p>')
ON DUPLICATE KEY UPDATE title = VALUES(title), executive_summary = VALUES(executive_summary), content_html = VALUES(content_html);
INSERT INTO aws_notification_brands (notification_id, brand_id)
VALUES ('3N9EoufGi8URu4sNA7zMNe', 6)
ON DUPLICATE KEY UPDATE brand_id = VALUES(brand_id);
-- 3yVbQmUgk23U3HlHEGq7ly
INSERT INTO aws_notifications (id_notification, category, status, is_legacy, priority, sender, published_at)
VALUES ('3yVbQmUgk23U3HlHEGq7ly', 5, 'Published', 1, 1, 'Handover Import', '2026-02-18 17:04:09')
ON DUPLICATE KEY UPDATE category = VALUES(category), status = VALUES(status), is_legacy = VALUES(is_legacy), priority = VALUES(priority), sender = VALUES(sender), published_at = VALUES(published_at);
INSERT INTO aws_notification_translations (notification_id, locale, title, executive_summary, content_html)
VALUES ('3yVbQmUgk23U3HlHEGq7ly', 'de', '2026.02_ITAL_DISPO NEWSLETTER', '', '<p>Sehr geehrte ITAL Partner,</p><p>&nbsp;</p><p>Im Anhang finden Sie die neue Logistik Newsletter und die aktuellen Lieferfristen.</p><p>Wir wünschen Ihnen erfolgreiche Verkäufe.</p><p>&nbsp;</p><p>Freundliche Grüsse</p><p>Logistik ITAL</p>')
ON DUPLICATE KEY UPDATE title = VALUES(title), executive_summary = VALUES(executive_summary), content_html = VALUES(content_html);
INSERT INTO aws_notification_translations (notification_id, locale, title, executive_summary, content_html)
VALUES ('3yVbQmUgk23U3HlHEGq7ly', 'fr-CH', '2026.02_ITAL_DISPO NEWSLETTER', '', '<p>Chers partenaires ITAL,</p><p><br></p><p>&nbsp;Veuillez trouver en pièce jointe la nouvelle newsletter Logistique et les délais de livraison actuels.</p><p>Nous vous souhaitons des ventes réussies.</p><p>&nbsp;</p><p>Cordialement,</p><p>Logistique ITAL</p>')
ON DUPLICATE KEY UPDATE title = VALUES(title), executive_summary = VALUES(executive_summary), content_html = VALUES(content_html);
INSERT INTO aws_notification_translations (notification_id, locale, title, executive_summary, content_html)
VALUES ('3yVbQmUgk23U3HlHEGq7ly', 'it-CH', '2026.02_ITAL_DISPO NEWSLETTER', '', '<p>Cari Partner ITAL,</p><p>&nbsp;</p><p>In allegato, troverete la nuova newsletter Logistica e le tempistiche di consegna attuali.</p><p>Vi auguriamo ogni successo nelle vendite.</p><p>&nbsp;</p><p>Cordiali saluti,</p><p>Logistica Ital</p>')
ON DUPLICATE KEY UPDATE title = VALUES(title), executive_summary = VALUES(executive_summary), content_html = VALUES(content_html);
INSERT INTO aws_notification_brands (notification_id, brand_id)
VALUES ('3yVbQmUgk23U3HlHEGq7ly', 3)
ON DUPLICATE KEY UPDATE brand_id = VALUES(brand_id);
INSERT INTO aws_notification_brands (notification_id, brand_id)
VALUES ('3yVbQmUgk23U3HlHEGq7ly', 5)
ON DUPLICATE KEY UPDATE brand_id = VALUES(brand_id);
INSERT INTO aws_notification_brands (notification_id, brand_id)
VALUES ('3yVbQmUgk23U3HlHEGq7ly', 1)
ON DUPLICATE KEY UPDATE brand_id = VALUES(brand_id);
INSERT INTO aws_notification_brands (notification_id, brand_id)
VALUES ('3yVbQmUgk23U3HlHEGq7ly', 4)
ON DUPLICATE KEY UPDATE brand_id = VALUES(brand_id);
-- eWpBXFwvnO7K0bLMW5mW1
INSERT INTO aws_notifications (id_notification, category, status, is_legacy, priority, sender, published_at)
VALUES ('eWpBXFwvnO7K0bLMW5mW1', 5, 'Published', 1, 1, 'Handover Import', '2026-02-18 14:15:18')
ON DUPLICATE KEY UPDATE category = VALUES(category), status = VALUES(status), is_legacy = VALUES(is_legacy), priority = VALUES(priority), sender = VALUES(sender), published_at = VALUES(published_at);
INSERT INTO aws_notification_translations (notification_id, locale, title, executive_summary, content_html)
VALUES ('eWpBXFwvnO7K0bLMW5mW1', 'de', '2026.02_KGM_DISPO NEWSLETTER', '-', '<p>Sehr geehrte KGM Partner,</p><p>&nbsp;</p><p>Im Anhang finden Sie die neue Logistik Newsletter und die aktuellen Lieferfristen.</p><p>Wir wünschen Ihnen erfolgreiche Verkäufe.</p><p>&nbsp;</p><p>Freundliche Grüsse</p><p>Logistik KGM</p>')
ON DUPLICATE KEY UPDATE title = VALUES(title), executive_summary = VALUES(executive_summary), content_html = VALUES(content_html);
INSERT INTO aws_notification_translations (notification_id, locale, title, executive_summary, content_html)
VALUES ('eWpBXFwvnO7K0bLMW5mW1', 'fr-CH', '2026.02_KGM_DISPO NEWSLETTER', '-', '<p>Chers partenaires KGM,</p><p>&nbsp;</p><p>Veuillez trouver en pièce jointe la nouvelle newsletter Logistique et les délais de livraison actuels.</p><p>Nous vous souhaitons des ventes réussies.</p><p>&nbsp;</p><p>Cordialement,</p><p>Logistique KGM</p>')
ON DUPLICATE KEY UPDATE title = VALUES(title), executive_summary = VALUES(executive_summary), content_html = VALUES(content_html);
INSERT INTO aws_notification_translations (notification_id, locale, title, executive_summary, content_html)
VALUES ('eWpBXFwvnO7K0bLMW5mW1', 'it-CH', '2026.02_KGM_DISPO NEWSLETTER', '-', '<p>Cari Partner KGM,</p><p>&nbsp;</p><p>In allegato, troverete la nuova newsletter Logistica e le tempistiche di consegna attuali.</p><p>Vi auguriamo ogni successo nelle vendite.</p><p>&nbsp;</p><p>Cordiali saluti,</p><p>Logistica KGM</p>')
ON DUPLICATE KEY UPDATE title = VALUES(title), executive_summary = VALUES(executive_summary), content_html = VALUES(content_html);
INSERT INTO aws_notification_brands (notification_id, brand_id)
VALUES ('eWpBXFwvnO7K0bLMW5mW1', 10)
ON DUPLICATE KEY UPDATE brand_id = VALUES(brand_id);
-- 4fJOdfl3BfEYKxX5AGPluk
INSERT INTO aws_notifications (id_notification, category, status, is_legacy, priority, sender, published_at)
VALUES ('4fJOdfl3BfEYKxX5AGPluk', 5, 'Published', 1, 1, 'Handover Import', '2026-02-18 16:59:15')
ON DUPLICATE KEY UPDATE category = VALUES(category), status = VALUES(status), is_legacy = VALUES(is_legacy), priority = VALUES(priority), sender = VALUES(sender), published_at = VALUES(published_at);
INSERT INTO aws_notification_translations (notification_id, locale, title, executive_summary, content_html)
VALUES ('4fJOdfl3BfEYKxX5AGPluk', 'de', '2026.02_MAXUS_DISPO NEWSLETTER', '-', '<p>Sehr geehrte MAXUS Partner,</p><p>&nbsp;</p><p>Im Anhang finden Sie die neue Logistik Newsletter und die aktuellen Lieferfristen.</p><p>Wir wünschen Ihnen erfolgreiche Verkäufe.</p><p>&nbsp;</p><p>Freundliche Grüsse</p><p>Logistik MAXUS</p>')
ON DUPLICATE KEY UPDATE title = VALUES(title), executive_summary = VALUES(executive_summary), content_html = VALUES(content_html);
INSERT INTO aws_notification_translations (notification_id, locale, title, executive_summary, content_html)
VALUES ('4fJOdfl3BfEYKxX5AGPluk', 'fr-CH', '2026.02_MAXUS_DISPO NEWSLETTER', '-', '<p>Chers partenaires MAXUS,</p><p>&nbsp;</p><p>Veuillez trouver en pièce jointe la nouvelle newsletter Logistique et les délais de livraison actuels.</p><p>Nous vous souhaitons des ventes réussies.</p><p>&nbsp;</p><p>Cordialement,</p><p>Logistique MAXUS</p>')
ON DUPLICATE KEY UPDATE title = VALUES(title), executive_summary = VALUES(executive_summary), content_html = VALUES(content_html);
INSERT INTO aws_notification_translations (notification_id, locale, title, executive_summary, content_html)
VALUES ('4fJOdfl3BfEYKxX5AGPluk', 'it-CH', '2026.02_MAXUS_DISPO NEWSLETTER', '-', '<p>Cari Partner MAXUS,</p><p><br></p><p>In allegato, troverete la nuova newsletter Logistica e le tempistiche di consegna attuali.</p><p>Vi auguriamo ogni successo nelle vendite.</p><p><br></p><p>Cordiali saluti,</p><p>Logistica MAXUS</p>')
ON DUPLICATE KEY UPDATE title = VALUES(title), executive_summary = VALUES(executive_summary), content_html = VALUES(content_html);
INSERT INTO aws_notification_brands (notification_id, brand_id)
VALUES ('4fJOdfl3BfEYKxX5AGPluk', 11)
ON DUPLICATE KEY UPDATE brand_id = VALUES(brand_id);
-- xcqYdo00SdyWc1uon5f0T
INSERT INTO aws_notifications (id_notification, category, status, is_legacy, priority, sender, published_at)
VALUES ('xcqYdo00SdyWc1uon5f0T', 5, 'Published', 1, 1, 'Handover Import', '2026-02-18 14:20:36')
ON DUPLICATE KEY UPDATE category = VALUES(category), status = VALUES(status), is_legacy = VALUES(is_legacy), priority = VALUES(priority), sender = VALUES(sender), published_at = VALUES(published_at);
INSERT INTO aws_notification_translations (notification_id, locale, title, executive_summary, content_html)
VALUES ('xcqYdo00SdyWc1uon5f0T', 'de', '2026.02_NISSAN_DISPO NEWSLETTER', '-', '<p>Sehr geehrte NISSAN Partner,</p><p><br></p><p>Im Anhang finden Sie die neue Logistik Newsletter und die aktuellen Lieferfristen.</p><p>Wir wünschen Ihnen erfolgreiche Verkäufe.</p><p><br></p><p>Freundliche Grüsse</p><p>Logistik Nissan</p>')
ON DUPLICATE KEY UPDATE title = VALUES(title), executive_summary = VALUES(executive_summary), content_html = VALUES(content_html);
INSERT INTO aws_notification_translations (notification_id, locale, title, executive_summary, content_html)
VALUES ('xcqYdo00SdyWc1uon5f0T', 'fr-CH', '2026.02_NISSAN_DISPO NEWSLETTER', '-', '<p>Chers partenaires NISSAN,</p><p><br></p><p>Veuillez trouver en pièce jointe la nouvelle newsletter Logistique et les délais de livraison actuels.</p><p>Nous vous souhaitons des ventes réussies.</p><p><br></p><p>Cordialement,</p><p>Logistique Nissan</p>')
ON DUPLICATE KEY UPDATE title = VALUES(title), executive_summary = VALUES(executive_summary), content_html = VALUES(content_html);
INSERT INTO aws_notification_translations (notification_id, locale, title, executive_summary, content_html)
VALUES ('xcqYdo00SdyWc1uon5f0T', 'it-CH', '2026.02_NISSAN_DISPO NEWSLETTER', '-', '<p>Cari Partner NISSAN,</p><p><br></p><p>In allegato, troverete la nuova newsletter Logistica e le tempistiche di consegna attuali.</p><p>Vi auguriamo ogni successo nelle vendite.</p><p><br></p><p>Cordiali saluti,</p><p>Logistica Nissan</p>')
ON DUPLICATE KEY UPDATE title = VALUES(title), executive_summary = VALUES(executive_summary), content_html = VALUES(content_html);
INSERT INTO aws_notification_brands (notification_id, brand_id)
VALUES ('xcqYdo00SdyWc1uon5f0T', 7)
ON DUPLICATE KEY UPDATE brand_id = VALUES(brand_id);
-- 63uGtmZeFiICG8QQyAeM7v
INSERT INTO aws_notifications (id_notification, category, status, is_legacy, priority, sender, published_at)
VALUES ('63uGtmZeFiICG8QQyAeM7v', 5, 'Published', 1, 1, 'Handover Import', '2026-02-06 11:13:25')
ON DUPLICATE KEY UPDATE category = VALUES(category), status = VALUES(status), is_legacy = VALUES(is_legacy), priority = VALUES(priority), sender = VALUES(sender), published_at = VALUES(published_at);
INSERT INTO aws_notification_translations (notification_id, locale, title, executive_summary, content_html)
VALUES ('63uGtmZeFiICG8QQyAeM7v', 'de', 'Dealer Pipeline & Stock Report 06.02.2026', '', '')
ON DUPLICATE KEY UPDATE title = VALUES(title), executive_summary = VALUES(executive_summary), content_html = VALUES(content_html);
INSERT INTO aws_notification_translations (notification_id, locale, title, executive_summary, content_html)
VALUES ('63uGtmZeFiICG8QQyAeM7v', 'fr-CH', 'Dealer Pipeline & Stock Report 06.02.2026', '', '')
ON DUPLICATE KEY UPDATE title = VALUES(title), executive_summary = VALUES(executive_summary), content_html = VALUES(content_html);
INSERT INTO aws_notification_translations (notification_id, locale, title, executive_summary, content_html)
VALUES ('63uGtmZeFiICG8QQyAeM7v', 'it-CH', 'Dealer Pipeline & Stock Report 06.02.2026', '', '')
ON DUPLICATE KEY UPDATE title = VALUES(title), executive_summary = VALUES(executive_summary), content_html = VALUES(content_html);
INSERT INTO aws_notification_brands (notification_id, brand_id)
VALUES ('63uGtmZeFiICG8QQyAeM7v', 3)
ON DUPLICATE KEY UPDATE brand_id = VALUES(brand_id);
INSERT INTO aws_notification_brands (notification_id, brand_id)
VALUES ('63uGtmZeFiICG8QQyAeM7v', 5)
ON DUPLICATE KEY UPDATE brand_id = VALUES(brand_id);
INSERT INTO aws_notification_brands (notification_id, brand_id)
VALUES ('63uGtmZeFiICG8QQyAeM7v', 1)
ON DUPLICATE KEY UPDATE brand_id = VALUES(brand_id);
INSERT INTO aws_notification_brands (notification_id, brand_id)
VALUES ('63uGtmZeFiICG8QQyAeM7v', 4)
ON DUPLICATE KEY UPDATE brand_id = VALUES(brand_id);
-- 5RbeDhzczQ9SAlbSQRpGMb
INSERT INTO aws_notifications (id_notification, category, status, is_legacy, priority, sender, published_at)
VALUES ('5RbeDhzczQ9SAlbSQRpGMb', 5, 'Published', 1, 1, 'Handover Import', '2026-02-13 15:52:06')
ON DUPLICATE KEY UPDATE category = VALUES(category), status = VALUES(status), is_legacy = VALUES(is_legacy), priority = VALUES(priority), sender = VALUES(sender), published_at = VALUES(published_at);
INSERT INTO aws_notification_translations (notification_id, locale, title, executive_summary, content_html)
VALUES ('5RbeDhzczQ9SAlbSQRpGMb', 'de', 'Dealer Pipeline & Stock Report 13.02.2026', '', '')
ON DUPLICATE KEY UPDATE title = VALUES(title), executive_summary = VALUES(executive_summary), content_html = VALUES(content_html);
INSERT INTO aws_notification_translations (notification_id, locale, title, executive_summary, content_html)
VALUES ('5RbeDhzczQ9SAlbSQRpGMb', 'fr-CH', 'Dealer Pipeline & Stock Report 13.02.2026', '', '')
ON DUPLICATE KEY UPDATE title = VALUES(title), executive_summary = VALUES(executive_summary), content_html = VALUES(content_html);
INSERT INTO aws_notification_translations (notification_id, locale, title, executive_summary, content_html)
VALUES ('5RbeDhzczQ9SAlbSQRpGMb', 'it-CH', 'Dealer Pipeline & Stock Report 13.02.2026', '', '')
ON DUPLICATE KEY UPDATE title = VALUES(title), executive_summary = VALUES(executive_summary), content_html = VALUES(content_html);
INSERT INTO aws_notification_brands (notification_id, brand_id)
VALUES ('5RbeDhzczQ9SAlbSQRpGMb', 3)
ON DUPLICATE KEY UPDATE brand_id = VALUES(brand_id);
INSERT INTO aws_notification_brands (notification_id, brand_id)
VALUES ('5RbeDhzczQ9SAlbSQRpGMb', 5)
ON DUPLICATE KEY UPDATE brand_id = VALUES(brand_id);
INSERT INTO aws_notification_brands (notification_id, brand_id)
VALUES ('5RbeDhzczQ9SAlbSQRpGMb', 1)
ON DUPLICATE KEY UPDATE brand_id = VALUES(brand_id);
INSERT INTO aws_notification_brands (notification_id, brand_id)
VALUES ('5RbeDhzczQ9SAlbSQRpGMb', 4)
ON DUPLICATE KEY UPDATE brand_id = VALUES(brand_id);
-- 27AoMgy1xijsJdJPMHrfek
INSERT INTO aws_notifications (id_notification, category, status, is_legacy, priority, sender, published_at)
VALUES ('27AoMgy1xijsJdJPMHrfek', 5, 'Published', 1, 1, 'Handover Import', '2026-02-20 16:19:53')
ON DUPLICATE KEY UPDATE category = VALUES(category), status = VALUES(status), is_legacy = VALUES(is_legacy), priority = VALUES(priority), sender = VALUES(sender), published_at = VALUES(published_at);
INSERT INTO aws_notification_translations (notification_id, locale, title, executive_summary, content_html)
VALUES ('27AoMgy1xijsJdJPMHrfek', 'de', 'Dealer Pipeline & Stock Report 20.02.2026', '', '')
ON DUPLICATE KEY UPDATE title = VALUES(title), executive_summary = VALUES(executive_summary), content_html = VALUES(content_html);
INSERT INTO aws_notification_translations (notification_id, locale, title, executive_summary, content_html)
VALUES ('27AoMgy1xijsJdJPMHrfek', 'fr-CH', 'Dealer Pipeline & Stock Report 20.02.2026', '', '')
ON DUPLICATE KEY UPDATE title = VALUES(title), executive_summary = VALUES(executive_summary), content_html = VALUES(content_html);
INSERT INTO aws_notification_translations (notification_id, locale, title, executive_summary, content_html)
VALUES ('27AoMgy1xijsJdJPMHrfek', 'it-CH', 'Dealer Pipeline & Stock Report 20.02.2026', '', '')
ON DUPLICATE KEY UPDATE title = VALUES(title), executive_summary = VALUES(executive_summary), content_html = VALUES(content_html);
INSERT INTO aws_notification_brands (notification_id, brand_id)
VALUES ('27AoMgy1xijsJdJPMHrfek', 3)
ON DUPLICATE KEY UPDATE brand_id = VALUES(brand_id);
INSERT INTO aws_notification_brands (notification_id, brand_id)
VALUES ('27AoMgy1xijsJdJPMHrfek', 5)
ON DUPLICATE KEY UPDATE brand_id = VALUES(brand_id);
INSERT INTO aws_notification_brands (notification_id, brand_id)
VALUES ('27AoMgy1xijsJdJPMHrfek', 1)
ON DUPLICATE KEY UPDATE brand_id = VALUES(brand_id);
INSERT INTO aws_notification_brands (notification_id, brand_id)
VALUES ('27AoMgy1xijsJdJPMHrfek', 4)
ON DUPLICATE KEY UPDATE brand_id = VALUES(brand_id);
-- vdau2oTkYszrzqmtFmE9H
INSERT INTO aws_notifications (id_notification, category, status, is_legacy, priority, sender, published_at)
VALUES ('vdau2oTkYszrzqmtFmE9H', 5, 'Published', 1, 1, 'Handover Import', '2026-02-27 14:50:38')
ON DUPLICATE KEY UPDATE category = VALUES(category), status = VALUES(status), is_legacy = VALUES(is_legacy), priority = VALUES(priority), sender = VALUES(sender), published_at = VALUES(published_at);
INSERT INTO aws_notification_translations (notification_id, locale, title, executive_summary, content_html)
VALUES ('vdau2oTkYszrzqmtFmE9H', 'de', 'Dealer Pipeline & Stock Report 27.02.2026', '', '')
ON DUPLICATE KEY UPDATE title = VALUES(title), executive_summary = VALUES(executive_summary), content_html = VALUES(content_html);
INSERT INTO aws_notification_translations (notification_id, locale, title, executive_summary, content_html)
VALUES ('vdau2oTkYszrzqmtFmE9H', 'fr-CH', 'Dealer Pipeline & Stock Report 27.02.2026', '', '')
ON DUPLICATE KEY UPDATE title = VALUES(title), executive_summary = VALUES(executive_summary), content_html = VALUES(content_html);
INSERT INTO aws_notification_translations (notification_id, locale, title, executive_summary, content_html)
VALUES ('vdau2oTkYszrzqmtFmE9H', 'it-CH', 'Dealer Pipeline & Stock Report 27.02.2026', '', '')
ON DUPLICATE KEY UPDATE title = VALUES(title), executive_summary = VALUES(executive_summary), content_html = VALUES(content_html);
INSERT INTO aws_notification_brands (notification_id, brand_id)
VALUES ('vdau2oTkYszrzqmtFmE9H', 3)
ON DUPLICATE KEY UPDATE brand_id = VALUES(brand_id);
INSERT INTO aws_notification_brands (notification_id, brand_id)
VALUES ('vdau2oTkYszrzqmtFmE9H', 5)
ON DUPLICATE KEY UPDATE brand_id = VALUES(brand_id);
INSERT INTO aws_notification_brands (notification_id, brand_id)
VALUES ('vdau2oTkYszrzqmtFmE9H', 1)
ON DUPLICATE KEY UPDATE brand_id = VALUES(brand_id);
INSERT INTO aws_notification_brands (notification_id, brand_id)
VALUES ('vdau2oTkYszrzqmtFmE9H', 4)
ON DUPLICATE KEY UPDATE brand_id = VALUES(brand_id);
-- B4HfDNSZr9bUDdnZPhEAP
INSERT INTO aws_notifications (id_notification, category, status, is_legacy, priority, sender, published_at)
VALUES ('B4HfDNSZr9bUDdnZPhEAP', 5, 'Published', 1, 2, 'Handover Import', '2024-10-15 11:52:37')
ON DUPLICATE KEY UPDATE category = VALUES(category), status = VALUES(status), is_legacy = VALUES(is_legacy), priority = VALUES(priority), sender = VALUES(sender), published_at = VALUES(published_at);
INSERT INTO aws_notification_translations (notification_id, locale, title, executive_summary, content_html)
VALUES ('B4HfDNSZr9bUDdnZPhEAP', 'de', 'INF - 2024 -10 OPSLOG -Order deadlines Oktober_D', 'INF - 2024 -10 OPSLOG -Order deadlines Oktober_D', '<p>Sehr geehrter Hyundai Partner</p><p><br></p><p>Anbei das neuste OPSLOG Rundschreiben.</p><p><br></p><p>Freundliche Grüsse</p><p><br></p><p>Logistik</p>')
ON DUPLICATE KEY UPDATE title = VALUES(title), executive_summary = VALUES(executive_summary), content_html = VALUES(content_html);
INSERT INTO aws_notification_translations (notification_id, locale, title, executive_summary, content_html)
VALUES ('B4HfDNSZr9bUDdnZPhEAP', 'fr-CH', 'INF - 2024 -10 OPSLOG -Order deadlines octobre_F', 'INF - 2024 -10 OPSLOG -Order deadlines octobre_F', '<p>Cher partenaire Hyundai</p><p><br></p><p>Veuillez trouver ci-joint la dernière circulaire OPSLOG.</p><p><br></p><p>Meilleures salutations</p><p><br></p><p>Logistique</p>')
ON DUPLICATE KEY UPDATE title = VALUES(title), executive_summary = VALUES(executive_summary), content_html = VALUES(content_html);
INSERT INTO aws_notification_translations (notification_id, locale, title, executive_summary, content_html)
VALUES ('B4HfDNSZr9bUDdnZPhEAP', 'it-CH', 'INF - 2024 -10 OPSLOG -Order deadlines Oktober_D+F', 'INF - 2024 -10 OPSLOG -Order deadlines Oktober_D+F', '<p>Sehr geehrter Hyundai Partner</p><p><br></p><p>Anbei das neuste OPSLOG Rundschreiben.</p><p><br></p><p>Freundliche Grüsse</p><p><br></p><p>Logistik</p><p><br></p><p><br></p><p><br></p><p>Cher partenaire Hyundai</p><p><br></p><p>Veuillez trouver ci-joint la dernière circulaire OPSLOG.</p><p><br></p><p>Meilleures salutations</p><p><br></p><p>Logistique</p><p><br></p>')
ON DUPLICATE KEY UPDATE title = VALUES(title), executive_summary = VALUES(executive_summary), content_html = VALUES(content_html);
INSERT INTO aws_notification_brands (notification_id, brand_id)
VALUES ('B4HfDNSZr9bUDdnZPhEAP', 6)
ON DUPLICATE KEY UPDATE brand_id = VALUES(brand_id);
-- 4ST7ykqDTaPEVg4BE7MLEN
INSERT INTO aws_notifications (id_notification, category, status, is_legacy, priority, sender, published_at)
VALUES ('4ST7ykqDTaPEVg4BE7MLEN', 3, 'Published', 1, 2, 'Handover Import', '2026-02-18 17:15:19')
ON DUPLICATE KEY UPDATE category = VALUES(category), status = VALUES(status), is_legacy = VALUES(is_legacy), priority = VALUES(priority), sender = VALUES(sender), published_at = VALUES(published_at);
INSERT INTO aws_notification_translations (notification_id, locale, title, executive_summary, content_html)
VALUES ('4ST7ykqDTaPEVg4BE7MLEN', 'de', 'Frühlingsausstellung: Werbemittel zur lokalen Bewerbung', 'Um Ihre Frühlingsausstellung lokal zu bewerben, stehen Ihnen ab sofort diverse Werbemittel auf dem Kampagnenportal zur Verfügung.', '<p>Bitte entnehmen Sie alle relevanten Informationen dem beiliegenden PDF.</p>')
ON DUPLICATE KEY UPDATE title = VALUES(title), executive_summary = VALUES(executive_summary), content_html = VALUES(content_html);
INSERT INTO aws_notification_translations (notification_id, locale, title, executive_summary, content_html)
VALUES ('4ST7ykqDTaPEVg4BE7MLEN', 'fr-CH', 'Exposition de printemps : supports publicitaires ', 'Afin de promouvoir localement votre exposition de printemps, divers supports publicitaires sont désormais disponibles sur le portail de campagne.', '<p>Veuillez consulter toutes les informations pertinentes dans le fichier PDF ci-joint.</p>')
ON DUPLICATE KEY UPDATE title = VALUES(title), executive_summary = VALUES(executive_summary), content_html = VALUES(content_html);
INSERT INTO aws_notification_translations (notification_id, locale, title, executive_summary, content_html)
VALUES ('4ST7ykqDTaPEVg4BE7MLEN', 'it-CH', 'Esposizione primaverile: materiale pubblicitario ', 'Per promuovere la vostra esposizione primaverile a livello locale, sono ora disponibili diversi strumenti pubblicitari sul portale della campagna.', '<p>Si prega di consultare il PDF allegato per tutte le informazioni rilevanti.</p>')
ON DUPLICATE KEY UPDATE title = VALUES(title), executive_summary = VALUES(executive_summary), content_html = VALUES(content_html);
INSERT INTO aws_notification_brands (notification_id, brand_id)
VALUES ('4ST7ykqDTaPEVg4BE7MLEN', 6)
ON DUPLICATE KEY UPDATE brand_id = VALUES(brand_id);
-- 70ifAQ46BfmP0BVWzrdEK8
INSERT INTO aws_notifications (id_notification, category, status, is_legacy, priority, sender, published_at)
VALUES ('70ifAQ46BfmP0BVWzrdEK8', 3, 'Published', 1, 2, 'Handover Import', '2026-02-09 12:24:07')
ON DUPLICATE KEY UPDATE category = VALUES(category), status = VALUES(status), is_legacy = VALUES(is_legacy), priority = VALUES(priority), sender = VALUES(sender), published_at = VALUES(published_at);
INSERT INTO aws_notification_translations (notification_id, locale, title, executive_summary, content_html)
VALUES ('70ifAQ46BfmP0BVWzrdEK8', 'de', 'GOOGLE SEA ANGEBOT', '', '<p>Gerade für Marken wie Maxus, die noch nicht flächendeckend bekannt sind, bietet Google SEA eine wirkungsvolle Möglichkeit, bei relevanten Suchanfragen wie „Nutzfahrzeuge“ oder „Pick-ups“ gezielt sichtbar zu werden und potenzielle Kunden direkt anzusprechen.&nbsp;</p>')
ON DUPLICATE KEY UPDATE title = VALUES(title), executive_summary = VALUES(executive_summary), content_html = VALUES(content_html);
INSERT INTO aws_notification_translations (notification_id, locale, title, executive_summary, content_html)
VALUES ('70ifAQ46BfmP0BVWzrdEK8', 'fr-CH', 'OFFRE GOOGLE SEA', '', '<p>En particulier pour des marques comme Maxus, qui ne sont pas encore connues de manière généralisée, Google SEA offre une opportunité efficace d’être visible de manière ciblée lors de recherches pertinentes telles que « véhicules utilitaires » ou « pick-ups » et de s’adresser directement à des clients potentiels.&nbsp;</p>')
ON DUPLICATE KEY UPDATE title = VALUES(title), executive_summary = VALUES(executive_summary), content_html = VALUES(content_html);
INSERT INTO aws_notification_translations (notification_id, locale, title, executive_summary, content_html)
VALUES ('70ifAQ46BfmP0BVWzrdEK8', 'it-CH', 'OFFERTA GOOGLE SEA', '', '<p>Soprattutto per marchi come Maxus, che non sono ancora conosciuti in modo capillare, Google SEA rappresenta un’opportunità efficace per ottenere visibilità mirata in ricerche rilevanti come “veicoli commerciali” o “pick-up” e per rivolgersi direttamente a potenziali clienti.&nbsp;</p>')
ON DUPLICATE KEY UPDATE title = VALUES(title), executive_summary = VALUES(executive_summary), content_html = VALUES(content_html);
INSERT INTO aws_notification_brands (notification_id, brand_id)
VALUES ('70ifAQ46BfmP0BVWzrdEK8', 11)
ON DUPLICATE KEY UPDATE brand_id = VALUES(brand_id);
-- 7dKA83inmMnnHCcDLA3M1H
INSERT INTO aws_notifications (id_notification, category, status, is_legacy, priority, sender, published_at)
VALUES ('7dKA83inmMnnHCcDLA3M1H', 3, 'Published', 1, 2, 'Handover Import', '2026-02-12 14:54:44')
ON DUPLICATE KEY UPDATE category = VALUES(category), status = VALUES(status), is_legacy = VALUES(is_legacy), priority = VALUES(priority), sender = VALUES(sender), published_at = VALUES(published_at);
INSERT INTO aws_notification_translations (notification_id, locale, title, executive_summary, content_html)
VALUES ('7dKA83inmMnnHCcDLA3M1H', 'de', 'Händlerwerbemittel Destocking Q1', 'Händlerwerbmittel mit angepassten Lagerprämien und zusätzliche Modellen ab sofort im Kampagnen-Portal verfügbar.', '<p>Für die bestehende Destocking Q1-Kampagne wurden die neuen Lagerprämien angepasst sowie mit den Modellen TUCSON, SANTA FE und KONA Hybrid ergänzt. Diese angepassten Werbemittel finden Sie ab sofort im Kampagnen-Portal (Dealer Cockpit).</p>')
ON DUPLICATE KEY UPDATE title = VALUES(title), executive_summary = VALUES(executive_summary), content_html = VALUES(content_html);
INSERT INTO aws_notification_translations (notification_id, locale, title, executive_summary, content_html)
VALUES ('7dKA83inmMnnHCcDLA3M1H', 'fr-CH', 'Matériel publicitaire concessionnaires Destocking Q1', 'Les supports promotionnels pour les concessionnaires, avec des primes de stocks adaptées et des modèles supplémentaires, sont désormais disponibles sur le portail de la campagne.', '<p>Dans le cadre de la campagne de déstockage du premier trimestre, les nouvelles primes de stock ont été adaptées et complétées par les modèles TUCSON, SANTA FE et KONA Hybrid. Vous trouverez dès à présent ces supports publicitaires adaptés sur le portail de la campagne (Dealer Cockpit).</p>')
ON DUPLICATE KEY UPDATE title = VALUES(title), executive_summary = VALUES(executive_summary), content_html = VALUES(content_html);
INSERT INTO aws_notification_translations (notification_id, locale, title, executive_summary, content_html)
VALUES ('7dKA83inmMnnHCcDLA3M1H', 'it-CH', 'Materiale promo. per i concessionari Destocking Q1', 'Materiale promozionale per i concessionari con premi di stock adeguati e modelli aggiuntivi è ora disponibile sul portale della campagna.', '<p>Per l\'attuale campagna di destoccaggio Q1, i nuovi premi di stock sono stati adeguati e integrati con i modelli TUCSON, SANTA FE e KONA Hybrid. Il materiale pubblicitario aggiornato è ora disponibile nel portale della campagna (Dealer Cockpit).</p>')
ON DUPLICATE KEY UPDATE title = VALUES(title), executive_summary = VALUES(executive_summary), content_html = VALUES(content_html);
INSERT INTO aws_notification_brands (notification_id, brand_id)
VALUES ('7dKA83inmMnnHCcDLA3M1H', 6)
ON DUPLICATE KEY UPDATE brand_id = VALUES(brand_id);
-- 1HhaR0pPK65NRe6K9BeE6a
INSERT INTO aws_notifications (id_notification, category, status, is_legacy, priority, sender, published_at)
VALUES ('1HhaR0pPK65NRe6K9BeE6a', 3, 'Published', 1, 1, 'Handover Import', '2026-02-20 10:29:27')
ON DUPLICATE KEY UPDATE category = VALUES(category), status = VALUES(status), is_legacy = VALUES(is_legacy), priority = VALUES(priority), sender = VALUES(sender), published_at = VALUES(published_at);
INSERT INTO aws_notification_translations (notification_id, locale, title, executive_summary, content_html)
VALUES ('1HhaR0pPK65NRe6K9BeE6a', 'de', 'Händlerwerbemittel SUV «Swiss Edition»', 'Händlerwerbmittel mit zusätzlicher Extra-Prämie ab sofort im Kampagnen-Portal verfügbar.', '<p>Für die bestehende SUV «Swiss Edition» Kampagne wurde das Kundenangebot aktualisiert. Die angepassten Werbemittel finden Sie ab sofort im Kampagnen-Portal (Dealer Cockpit).</p>')
ON DUPLICATE KEY UPDATE title = VALUES(title), executive_summary = VALUES(executive_summary), content_html = VALUES(content_html);
INSERT INTO aws_notification_translations (notification_id, locale, title, executive_summary, content_html)
VALUES ('1HhaR0pPK65NRe6K9BeE6a', 'fr-CH', 'Matériel publicitaire concs. SUV «Swiss Edition »', 'Moyens publicitaires pour les concessionnaires avec prime spécial supplémentaire immédiatement disponibles sur le portail de campagne.', '<p>Pour la campagne SUV « Swiss Edition » existante, l’offre client a été mise à jour. Les supports publicitaires adaptés sont désormais disponibles dans le portail de campagne (Dealer Cockpit).</p>')
ON DUPLICATE KEY UPDATE title = VALUES(title), executive_summary = VALUES(executive_summary), content_html = VALUES(content_html);
INSERT INTO aws_notification_translations (notification_id, locale, title, executive_summary, content_html)
VALUES ('1HhaR0pPK65NRe6K9BeE6a', 'it-CH', 'Materiale promo. per concessionari SUV \"Swiss Edition\"', 'Materiale pubblicitario per i concessionari con premio extra aggiuntivo ora disponibile nel portale campagne.', '<p>Per la campagna SUV « Swiss Edition » esistente, l’offerta cliente è stata aggiornata. Il materiale pubblicitario aggiornato è ora disponibile nel portale campagne (Dealer Cockpit).</p>')
ON DUPLICATE KEY UPDATE title = VALUES(title), executive_summary = VALUES(executive_summary), content_html = VALUES(content_html);
INSERT INTO aws_notification_brands (notification_id, brand_id)
VALUES ('1HhaR0pPK65NRe6K9BeE6a', 6)
ON DUPLICATE KEY UPDATE brand_id = VALUES(brand_id);
-- 3xVgduTuO03ARCpcb1nB7j
INSERT INTO aws_notifications (id_notification, category, status, is_legacy, priority, sender, published_at)
VALUES ('3xVgduTuO03ARCpcb1nB7j', 3, 'Published', 1, 1, 'Handover Import', '2026-02-16 16:20:46')
ON DUPLICATE KEY UPDATE category = VALUES(category), status = VALUES(status), is_legacy = VALUES(is_legacy), priority = VALUES(priority), sender = VALUES(sender), published_at = VALUES(published_at);
INSERT INTO aws_notification_translations (notification_id, locale, title, executive_summary, content_html)
VALUES ('3xVgduTuO03ARCpcb1nB7j', 'de', 'JEEP Newsletter - New Compass Launch Aktivitäten', 'Im Anhang erhalten Sie das Rundschreiben mit den wichtigsten Informationen über die Launch Aktivitäten des neuen Jeep Compass.', '<p>Sehr geehrte Jeep Vertriebspartner</p><p><br></p><p>Im beiliegenden Rundschreiben erhalten Sie die wichtigsten Informationen über die Launch Aktivitäten des neuen Jeep Compass.</p><p><br></p><p>Freundliche Grüsse</p><p>Team Jeep</p>')
ON DUPLICATE KEY UPDATE title = VALUES(title), executive_summary = VALUES(executive_summary), content_html = VALUES(content_html);
INSERT INTO aws_notification_translations (notification_id, locale, title, executive_summary, content_html)
VALUES ('3xVgduTuO03ARCpcb1nB7j', 'fr-CH', 'JEEP Newsletter - New Compass Activités de lancement', 'Vous trouverez ci-joint la circulaire avec les informations les plus importantes concernant les activités de lancement de la nouvelle Jeep Compass.', '<p>Chers partenaires Jeep,</p><p><br></p><p>Dans la circulaire ci-jointe, nous souhaitons vous donner un aperçu complet des informations&nbsp;les plus importantes concernant les activités de lancement de la nouvelle Jeep Compass.</p><p><br></p><p>Cordialement</p><p>Team Jeep</p>')
ON DUPLICATE KEY UPDATE title = VALUES(title), executive_summary = VALUES(executive_summary), content_html = VALUES(content_html);
INSERT INTO aws_notification_translations (notification_id, locale, title, executive_summary, content_html)
VALUES ('3xVgduTuO03ARCpcb1nB7j', 'it-CH', 'JEEP Newsletter - New Compass Attività di lancio', 'In allegato trovate la circolare con le principali informazioni sulle attività di lancio previste per la nuova Jeep Compass.', '<p>Cari Partner Jeep,</p><p><br></p><p>nella circolare allegata desideriamo fornirvi un’overview completa con le principali informazioni sulle attività di lancio previste per la nuova Jeep Compass.</p><p><br></p><p>Cordiali saluti,</p><p>Team Jeep</p>')
ON DUPLICATE KEY UPDATE title = VALUES(title), executive_summary = VALUES(executive_summary), content_html = VALUES(content_html);
INSERT INTO aws_notification_brands (notification_id, brand_id)
VALUES ('3xVgduTuO03ARCpcb1nB7j', 4)
ON DUPLICATE KEY UPDATE brand_id = VALUES(brand_id);
-- 77mrwknfxBJ2tSfDPn4xso
INSERT INTO aws_notifications (id_notification, category, status, is_legacy, priority, sender, published_at)
VALUES ('77mrwknfxBJ2tSfDPn4xso', 4, 'Published', 1, 1, 'Handover Import', '2026-02-10 15:56:42')
ON DUPLICATE KEY UPDATE category = VALUES(category), status = VALUES(status), is_legacy = VALUES(is_legacy), priority = VALUES(priority), sender = VALUES(sender), published_at = VALUES(published_at);
INSERT INTO aws_notification_translations (notification_id, locale, title, executive_summary, content_html)
VALUES ('77mrwknfxBJ2tSfDPn4xso', 'de', '2026.02 - Micra 7 Jahre Garantie Kanalgültigkeit', 'Sehr geehrte Nissan Partnerin,\nsehr geehrter Nissan Partner\n\nBitte finden Sie im Anhang das Rundschreiben zur Kanal­gültigkeit der neuen 7 Years Nissan Swiss Warranty für den neuen Nissan MICRA.\n\nWir wünschen Ihnen erfolgreiche Geschäfte und stehen Ihnen für Fragen gerne zur Verfügung.\n\nFreundliche Grüsse\n\nAstara Mobility Switzerland AG\nNissan Switzerland', '')
ON DUPLICATE KEY UPDATE title = VALUES(title), executive_summary = VALUES(executive_summary), content_html = VALUES(content_html);
INSERT INTO aws_notification_translations (notification_id, locale, title, executive_summary, content_html)
VALUES ('77mrwknfxBJ2tSfDPn4xso', 'fr-CH', '2026.02 - Micra 7 years warranty Validité du canal', 'Chère partenaire Nissan,\nCher partenaire Nissan\n\nVeuillez trouver en pièce jointe la circulaire concernant la validité intercanale de la nouvelle 7 Years Nissan Swiss Warranty pour la nouvelle Nissan MICRA.\n\nNous vous souhaitons beaucoup de succès dans vos activités et restons volontiers à votre disposition pour toute question.\n\nCordialement\n\nAstara Mobility Switzerland AG\nNissan Switzerland', '')
ON DUPLICATE KEY UPDATE title = VALUES(title), executive_summary = VALUES(executive_summary), content_html = VALUES(content_html);
INSERT INTO aws_notification_translations (notification_id, locale, title, executive_summary, content_html)
VALUES ('77mrwknfxBJ2tSfDPn4xso', 'it-CH', '2026.02 - Micra 7 years warranty Validità del canale', 'Gentile Partner Nissan,\n\nIn allegato trova la circolare relativa alla validità trasversale della nuova 7 Years Nissan Swiss Warranty per la nuova Nissan MICRA.\n\nVi auguriamo buoni affari e rimaniamo volentieri a vostra disposizione per qualsiasi domanda.\n\nCordiali saluti\n\nAstara Mobility Switzerland AG\nNissan Switzerland', '')
ON DUPLICATE KEY UPDATE title = VALUES(title), executive_summary = VALUES(executive_summary), content_html = VALUES(content_html);
INSERT INTO aws_notification_brands (notification_id, brand_id)
VALUES ('77mrwknfxBJ2tSfDPn4xso', 7)
ON DUPLICATE KEY UPDATE brand_id = VALUES(brand_id);
-- 1pEQMFQ6l0InzftC0kHy8Y
INSERT INTO aws_notifications (id_notification, category, status, is_legacy, priority, sender, published_at)
VALUES ('1pEQMFQ6l0InzftC0kHy8Y', 4, 'Published', 1, 1, 'Handover Import', '2026-02-24 19:23:43')
ON DUPLICATE KEY UPDATE category = VALUES(category), status = VALUES(status), is_legacy = VALUES(is_legacy), priority = VALUES(priority), sender = VALUES(sender), published_at = VALUES(published_at);
INSERT INTO aws_notification_translations (notification_id, locale, title, executive_summary, content_html)
VALUES ('1pEQMFQ6l0InzftC0kHy8Y', 'de', 'ABARTH - 500e MY26', 'Abarth 500e ab jetzt wieder bestellbar!', '<p>Sehr geehrte Abarth Vertriebspartner</p><p>Wir möchten Sie mitteilen, dass der Abarth 500e jetzt wieder bestellbar ist.</p><p>Anbei dieser Mitteilung erhalten Sie den Produktrundschreiben und die aktualisierte Preisliste. Die Preisliste ist ab sofort auf abarth.ch verfügbar.</p><p>Freundliche Grüsse</p><p>Ihr Abarth Team</p>')
ON DUPLICATE KEY UPDATE title = VALUES(title), executive_summary = VALUES(executive_summary), content_html = VALUES(content_html);
INSERT INTO aws_notification_translations (notification_id, locale, title, executive_summary, content_html)
VALUES ('1pEQMFQ6l0InzftC0kHy8Y', 'fr-CH', 'ABARTH - 500e MY26', 'Abarth 500e : à nouveau disponible à la commande !', '<p>Chers partenaires Abarth,</p><p>nous vous informons que l’Abarth 500e est à nouveau disponible à la commande.</p><p>En annexe à cette communication vous recevez la circulaire de produit et la liste de prix mise à jour. La liste de prix est désormais disponible sur abarth.ch.</p><p>Meilleures salutations,</p><p>Votre équipe Abarth</p>')
ON DUPLICATE KEY UPDATE title = VALUES(title), executive_summary = VALUES(executive_summary), content_html = VALUES(content_html);
INSERT INTO aws_notification_translations (notification_id, locale, title, executive_summary, content_html)
VALUES ('1pEQMFQ6l0InzftC0kHy8Y', 'it-CH', 'ABARTH - 500e MY26', 'Abarth 500e: nuovamente ordinabile!', '<p>Cari partner Abarth,</p><p>Con la presente vi informiamo che l’Abarth 500e è nuovamente ordinabile.</p><p>In allegato ricevete la newsletter di prodotto e il listino prezzi aggiornato, il quale è già ora disponibile su abarth.ch.</p><p>Cordialmente,</p><p>Il vostro team Abarth</p>')
ON DUPLICATE KEY UPDATE title = VALUES(title), executive_summary = VALUES(executive_summary), content_html = VALUES(content_html);
INSERT INTO aws_notification_brands (notification_id, brand_id)
VALUES ('1pEQMFQ6l0InzftC0kHy8Y', 3)
ON DUPLICATE KEY UPDATE brand_id = VALUES(brand_id);
-- rYc5L6nr8yssoOH4d4OeX
INSERT INTO aws_notifications (id_notification, category, status, is_legacy, priority, sender, published_at)
VALUES ('rYc5L6nr8yssoOH4d4OeX', 4, 'Published', 1, 1, 'Handover Import', '2026-02-24 19:45:29')
ON DUPLICATE KEY UPDATE category = VALUES(category), status = VALUES(status), is_legacy = VALUES(is_legacy), priority = VALUES(priority), sender = VALUES(sender), published_at = VALUES(published_at);
INSERT INTO aws_notification_translations (notification_id, locale, title, executive_summary, content_html)
VALUES ('rYc5L6nr8yssoOH4d4OeX', 'de', 'ALFA ROMEO - GIULIA & STELVIO MY25', 'Alfa Romeo Giulia und Stelvio wieder bestellbar!\nDie Bestellfenster ist bis am 9. März geöffnet.', '<p>Sehr geehrte Alfa Romeo Vertriebspartner</p><p>Wir möchten Sie mitteilen, dass der Alfa Romeo Giulia und Stelvio MY25 ab sofort bestellbar sind.</p><p>Anbei dieser Mitteilung erhalten Sie den Produkt-Rundschreiben.</p><p>Freundliche Grüsse</p><p>Ihr Alfa Romeo Team</p>')
ON DUPLICATE KEY UPDATE title = VALUES(title), executive_summary = VALUES(executive_summary), content_html = VALUES(content_html);
INSERT INTO aws_notification_translations (notification_id, locale, title, executive_summary, content_html)
VALUES ('rYc5L6nr8yssoOH4d4OeX', 'fr-CH', 'ALFA ROMEO - GIULIA & STELVIO MY25', 'Alfa Romeo Giulia et Stelvio sont à nouveau disponibles à la commande !\nLa fenêtre de commande est ouverte jusqu’au 9 mars.', '<p>Chers partenaires Alfa Romeo,</p><p>nous vous informons que Alfa Romeo Giulia et Stelvio sont désormais disponibles à la commande.</p><p>En annexe à cette communication vous recevez la circulaire de produit.</p><p>Meilleures salutations,</p><p>Votre équipe Alfa Romeo</p>')
ON DUPLICATE KEY UPDATE title = VALUES(title), executive_summary = VALUES(executive_summary), content_html = VALUES(content_html);
INSERT INTO aws_notification_translations (notification_id, locale, title, executive_summary, content_html)
VALUES ('rYc5L6nr8yssoOH4d4OeX', 'it-CH', 'ALFA ROMEO - GIULIA & STELVIO MY25', 'Alfa Romeo Giulia e Stelvio sono nuovamente ordinabili!\nLa finestra dedicata agli ordini chiude il 9 marzo.', '<p>Cari partner Alfa Romeo,</p><p>Con la presente vi informiamo sulla Alfa Romeo Giulia e Stelvio sono nuovamente ordinabili.</p><p>In allegato ricevete la newsletter di prodotto.</p><p>Cordialmente,</p><p>Il vostro team Alfa Romeo</p>')
ON DUPLICATE KEY UPDATE title = VALUES(title), executive_summary = VALUES(executive_summary), content_html = VALUES(content_html);
INSERT INTO aws_notification_brands (notification_id, brand_id)
VALUES ('rYc5L6nr8yssoOH4d4OeX', 5)
ON DUPLICATE KEY UPDATE brand_id = VALUES(brand_id);
-- 7z9dkrsMtNxcCNH28Rl08W
INSERT INTO aws_notifications (id_notification, category, status, is_legacy, priority, sender, published_at)
VALUES ('7z9dkrsMtNxcCNH28Rl08W', 4, 'Published', 1, 1, 'Handover Import', '2026-02-19 17:43:28')
ON DUPLICATE KEY UPDATE category = VALUES(category), status = VALUES(status), is_legacy = VALUES(is_legacy), priority = VALUES(priority), sender = VALUES(sender), published_at = VALUES(published_at);
INSERT INTO aws_notification_translations (notification_id, locale, title, executive_summary, content_html)
VALUES ('7z9dkrsMtNxcCNH28Rl08W', 'de', 'ALFA ROMEO – TONALE MY26 Update', 'Alfa Romeo Tonale MY26 Sport Speciale, neu mit DVS im Pack Premium.\nDie Launch-Kampagne startet am 2. März!', '<p>Sehr geehrte Alfa Romeo Vertriebspartner</p><p>Wir möchten Sie mitteilen, dass der Alfa Romeo Tonale MCA MY26 ein Update bekommt. Der DVS – Alfa Romeo Dual-Valve Suspension ist ab sofort im Pack Premium der Sport Speciale Varianten verfügbar.</p><p>Ab dem 2. März startet die digitale Kampagne. Das Video wird im TV und Kino ausgestrahlt und ebenfalls auf Social Media veröffentlicht.</p><p>Anbei dieser Mitteilung erhalten Sie den Produkt- und Kommunikationsrundschreiben. Die Preisliste ist ab sofort auf alfaromeo.ch verfügbar.</p><p>Freundliche Grüsse</p><p>Ihr Alfa Romeo Team</p>')
ON DUPLICATE KEY UPDATE title = VALUES(title), executive_summary = VALUES(executive_summary), content_html = VALUES(content_html);
INSERT INTO aws_notification_translations (notification_id, locale, title, executive_summary, content_html)
VALUES ('7z9dkrsMtNxcCNH28Rl08W', 'fr-CH', 'ALFA ROMEO – TONALE MY26 Update', 'Alfa Romeo Tonale MY26 Sport Speciale, nouveau avec DVS in Pack Premium.\nLa campagne de lancement démarrera le 2 mars !', '<p>Chers partenaires Alfa Romeo,</p><p>nous vous informons que l’Alfa Romeo Tonale MCA MY26 obtient une mise à jour. Le DVS – Alfa Romeo Dual-Stage Valve Suspension est désormais disponible sur Sport Speciale dans le Pack Premium.</p><p>À partir du 2 mars, la campagne digitale sera lancée. La vidéo sera diffusée à la télévision et au cinéma, et également publiée sur les réseaux sociaux.</p><p>En annexe à cette communication vous recevez la circulaire de produit et communication. La liste de prix est disponible sur alfaromeo.ch.</p><p>Meilleures salutations,</p><p>Votre équipe Alfa Romeo</p>')
ON DUPLICATE KEY UPDATE title = VALUES(title), executive_summary = VALUES(executive_summary), content_html = VALUES(content_html);
INSERT INTO aws_notification_translations (notification_id, locale, title, executive_summary, content_html)
VALUES ('7z9dkrsMtNxcCNH28Rl08W', 'it-CH', 'ALFA ROMEO – TONALE MY26 Update', 'Alfa Romeo Tonale MY26 Sport Speciale, ora con DVS nel Pack Premium.\nLa campagna di lancio inizia il 2 marzo!', '<p>Cari partner Alfa Romeo,</p><p>Con la presente vi informiamo sulla Alfa Romeo Tonale MCA MY26 riceve un aggiornamento. Il DVS – Alfa Romeo Dual-Stage Valve Suspension è ora disponibile nel Pack Premium per le varianti Sport Speciale.</p><p>Dal 2 marzo partirà la campagna digitale. Il video verrà trasmesso in TV e al cinema e sarà inoltre pubblicato sui nostri canali social media.</p><p>In allegato ricevete la newsletter di prodotto e comunicazione. Il listino prezzi aggiornato è già ora disponibile su alfaromeo.ch.</p><p>Cordialmente,</p><p>Il vostro team Alfa Romeo</p>')
ON DUPLICATE KEY UPDATE title = VALUES(title), executive_summary = VALUES(executive_summary), content_html = VALUES(content_html);
INSERT INTO aws_notification_brands (notification_id, brand_id)
VALUES ('7z9dkrsMtNxcCNH28Rl08W', 5)
ON DUPLICATE KEY UPDATE brand_id = VALUES(brand_id);
-- 9tbetjVmu6gYLSGMXNSLE
INSERT INTO aws_notifications (id_notification, category, status, is_legacy, priority, sender, published_at)
VALUES ('9tbetjVmu6gYLSGMXNSLE', 4, 'Published', 1, 2, 'Handover Import', '2026-02-12 16:00:07')
ON DUPLICATE KEY UPDATE category = VALUES(category), status = VALUES(status), is_legacy = VALUES(is_legacy), priority = VALUES(priority), sender = VALUES(sender), published_at = VALUES(published_at);
INSERT INTO aws_notification_translations (notification_id, locale, title, executive_summary, content_html)
VALUES ('9tbetjVmu6gYLSGMXNSLE', 'de', 'FAQ Schulung Nissan MICRA Trafo Baden', '', '<p>Sehr geehrte Nissan Partnerin,</p><p>Sehr geehrter Nissan Partner</p><p><br></p><p>Anbei können Sie die Fragen, die während der Micra Schulung am 03.02.2026 gestellt wurden, inklusive der entsprechenden Antworten einsehen.</p><p><br></p><p>Vielen Dank für Ihre Kenntnisnahme wir wünschen Ihnen erfolgreiche Geschäfte.</p><p><br></p><p>Bei Fragen stehen wir Ihnen gerne zur Verfügung.</p><p><br></p><p>Beste Grüsse</p><p><br></p><p>Astara Mobility Switzerland AG</p><p>Nissan Switzerland</p>')
ON DUPLICATE KEY UPDATE title = VALUES(title), executive_summary = VALUES(executive_summary), content_html = VALUES(content_html);
INSERT INTO aws_notification_translations (notification_id, locale, title, executive_summary, content_html)
VALUES ('9tbetjVmu6gYLSGMXNSLE', 'fr-CH', 'FAQ Formation Nissan MICRA Trafo Baden', '', '<p>Chère partenaire Nissan,</p><p>Cher partenaire Nissan</p><p><br></p><p>Vous trouverez ci-joint les questions posées lors de la formation Micra du 03/02/2026, ainsi que les réponses correspondantes.&nbsp;</p><p><br></p><p>Nous vous remercions de votre attention et vous souhaitons beaucoup de succès dans vos activités.&nbsp;</p><p><br></p><p>Nous restons à votre disposition pour toute question.</p><p><br></p><p>Meilleures salutations</p><p><br></p><p>Astara Mobility Switzerland AG</p><p>Nissan Switzerland</p>')
ON DUPLICATE KEY UPDATE title = VALUES(title), executive_summary = VALUES(executive_summary), content_html = VALUES(content_html);
INSERT INTO aws_notification_translations (notification_id, locale, title, executive_summary, content_html)
VALUES ('9tbetjVmu6gYLSGMXNSLE', 'it-CH', 'FAQ Formazione Nissan MICRA Trafo Baden', '', '<p>Gentile partner Nissan,</p><p><br></p><p>In allegato troverete le domande poste durante il corso di formazione Micra del 03.02.2026, comprese le relative risposte.&nbsp;</p><p><br></p><p>Grazie per l\'attenzione e vi auguriamo un lavoro proficuo.&nbsp;</p><p><br></p><p>Siamo a vostra disposizione per qualsiasi domanda.</p><p><br></p><p>Cordiali saluti</p><p><br></p><p>Astara Mobility Switzerland AG</p><p>Nissan Switzerland</p>')
ON DUPLICATE KEY UPDATE title = VALUES(title), executive_summary = VALUES(executive_summary), content_html = VALUES(content_html);
INSERT INTO aws_notification_brands (notification_id, brand_id)
VALUES ('9tbetjVmu6gYLSGMXNSLE', 7)
ON DUPLICATE KEY UPDATE brand_id = VALUES(brand_id);
-- 6HzNv6PiH8bNRWNcA4lbMa
INSERT INTO aws_notifications (id_notification, category, status, is_legacy, priority, sender, published_at)
VALUES ('6HzNv6PiH8bNRWNcA4lbMa', 4, 'Published', 1, 1, 'Handover Import', '2026-02-16 14:54:26')
ON DUPLICATE KEY UPDATE category = VALUES(category), status = VALUES(status), is_legacy = VALUES(is_legacy), priority = VALUES(priority), sender = VALUES(sender), published_at = VALUES(published_at);
INSERT INTO aws_notification_translations (notification_id, locale, title, executive_summary, content_html)
VALUES ('6HzNv6PiH8bNRWNcA4lbMa', 'de', 'FIAT Pro: neue Lieferadresse HESS AG', 'Info zur neuen Lieferadresse HESS AG', '<p>Info zur neuen Lieferadresse HESS AG</p>')
ON DUPLICATE KEY UPDATE title = VALUES(title), executive_summary = VALUES(executive_summary), content_html = VALUES(content_html);
INSERT INTO aws_notification_translations (notification_id, locale, title, executive_summary, content_html)
VALUES ('6HzNv6PiH8bNRWNcA4lbMa', 'fr-CH', 'FIAT Pro: nouvelle adresse de livraison HESS AG', 'Nouvelle adresse de livraison HESS AG', '<p>Nouvelle adresse de livraison HESS AG</p>')
ON DUPLICATE KEY UPDATE title = VALUES(title), executive_summary = VALUES(executive_summary), content_html = VALUES(content_html);
INSERT INTO aws_notification_translations (notification_id, locale, title, executive_summary, content_html)
VALUES ('6HzNv6PiH8bNRWNcA4lbMa', 'it-CH', 'FIAT Pro: nuovo indirizzo di consegna HESS AG', 'Nuovo indirizzo di consegna HESS AG', '<p>Nuovo indirizzo di consegna HESS AG</p>')
ON DUPLICATE KEY UPDATE title = VALUES(title), executive_summary = VALUES(executive_summary), content_html = VALUES(content_html);
-- 3PatS1Z2I1TMTzDW9nEK6F
INSERT INTO aws_notifications (id_notification, category, status, is_legacy, priority, sender, published_at)
VALUES ('3PatS1Z2I1TMTzDW9nEK6F', 4, 'Published', 1, 1, 'Handover Import', '2026-02-11 14:12:39')
ON DUPLICATE KEY UPDATE category = VALUES(category), status = VALUES(status), is_legacy = VALUES(is_legacy), priority = VALUES(priority), sender = VALUES(sender), published_at = VALUES(published_at);
INSERT INTO aws_notification_translations (notification_id, locale, title, executive_summary, content_html)
VALUES ('3PatS1Z2I1TMTzDW9nEK6F', 'de', 'FIAT Professional – Doblò Dangel 4WD (ICE & BEV)', 'Produktinformation ', '<p>Produktinformation</p>')
ON DUPLICATE KEY UPDATE title = VALUES(title), executive_summary = VALUES(executive_summary), content_html = VALUES(content_html);
INSERT INTO aws_notification_translations (notification_id, locale, title, executive_summary, content_html)
VALUES ('3PatS1Z2I1TMTzDW9nEK6F', 'fr-CH', 'FIAT Professional – Doblò Dangel 4WD (ICE & BEV)', 'Lettre Produit', '<p>Lettre Produit</p>')
ON DUPLICATE KEY UPDATE title = VALUES(title), executive_summary = VALUES(executive_summary), content_html = VALUES(content_html);
INSERT INTO aws_notification_translations (notification_id, locale, title, executive_summary, content_html)
VALUES ('3PatS1Z2I1TMTzDW9nEK6F', 'it-CH', 'FIAT Professional – Doblò Dangel 4WD (ICE & BEV)', 'Lettera Prodotto', '<p>Lettera Prodotto</p>')
ON DUPLICATE KEY UPDATE title = VALUES(title), executive_summary = VALUES(executive_summary), content_html = VALUES(content_html);
-- 3gLPZ3MKO6ZV3fdlSuqEPj
INSERT INTO aws_notifications (id_notification, category, status, is_legacy, priority, sender, published_at)
VALUES ('3gLPZ3MKO6ZV3fdlSuqEPj', 4, 'Published', 1, 1, 'Handover Import', '2026-03-02 16:35:00')
ON DUPLICATE KEY UPDATE category = VALUES(category), status = VALUES(status), is_legacy = VALUES(is_legacy), priority = VALUES(priority), sender = VALUES(sender), published_at = VALUES(published_at);
INSERT INTO aws_notification_translations (notification_id, locale, title, executive_summary, content_html)
VALUES ('3gLPZ3MKO6ZV3fdlSuqEPj', 'de', 'FIAT Topolino: Die neue Preisliste ist da!', 'FIAT Topolino: Die neue Preisliste ist da, sehen Sie sich die neue Farbe „Corallo“ an!', '<p>Sehr geehrter FIAT Partner,</p><p><br></p><p>Wie Sie bereits wissen, ist der Topolino MY26 auf der Astara Plattform bestellbar.</p><p><br></p><p>Im Anhang dieser Nachricht schicken wir Ihnen die neue Preisliste. Der Topolino ist in zwei Farben erhältlich: im neuen „Corallo“ Orange und dem bekannten „Lattementa“ Grün.</p><p><br></p><p>Der Preis bleibt unverändert bei CHF 9‘990.-.</p><p><br></p><p>Der Topolino MY26 verfügt über ein neues&nbsp;digitales Kombiinstrument&nbsp;mit&nbsp;5,7-Zoll-Display anstelle des 3,5-Zoll-Displays vom Topolino MY25.</p><p><br></p><p>Beste Wünsche und gute Arbeit,</p><p><strong>Ihr FIAT Team</strong></p>')
ON DUPLICATE KEY UPDATE title = VALUES(title), executive_summary = VALUES(executive_summary), content_html = VALUES(content_html);
INSERT INTO aws_notification_translations (notification_id, locale, title, executive_summary, content_html)
VALUES ('3gLPZ3MKO6ZV3fdlSuqEPj', 'fr-CH', 'FIAT Topolino : la nouvelle liste de prix est arrivée !', 'FIAT Topolino : la nouvelle liste de prix est arrivée, découvrez la nouvelle couleur « Corallo » !', '<p>Cher partenaire FIAT,</p><p><br></p><p>Comme vous le savez déjà, la Topolino MY26 est disponible à la commande sur la plateforme Astara.</p><p><br></p><p>Vous trouverez la nouvelle liste de prix en pièce jointe à ce message. La Topolino est disponible en deux couleurs : le nouveau orange « Corallo » et le vert « Lattementa » bien connu.</p><p><br></p><p>Le prix reste inchangé à CHF 9 990.</p><p><br></p><p>La Topolino MY26 dispose d\'un nouveau combiné d\'instruments numérique avec écran 5,7 pouces à la place de l\'écran 3,5 pouces de la Topolino MY25.</p><p><br></p><p>Meilleures salutations et bon travail,</p><p><strong>Votre équipe FIAT</strong></p>')
ON DUPLICATE KEY UPDATE title = VALUES(title), executive_summary = VALUES(executive_summary), content_html = VALUES(content_html);
INSERT INTO aws_notification_translations (notification_id, locale, title, executive_summary, content_html)
VALUES ('3gLPZ3MKO6ZV3fdlSuqEPj', 'it-CH', 'FIAT Topolino: è arrivato il nuovo listino prezzi!', 'FIAT Topolino: è arrivato il nuovo listino prezzi, date un\'occhiata al nuovo colore “Corallo”!', '<p>Gentile partner FIAT,</p><p><br></p><p>come già sapete, la Topolino MY26 è ordinabile sulla piattaforma Astara.</p><p><br></p><p>In allegato a questo messaggio vi inviamo il nuovo listino prezzi. La Topolino è disponibile in due colori: il nuovo arancione «Corallo» e il noto verde «Lattementa».</p><p><br></p><p>Il prezzo rimane invariato a CHF 9\'990.-.</p><p><br></p><p>La Topolino MY26 dispone di un nuovo quadro strumenti digitale con display da 5,7 pollici al posto del display da 3,5 pollici della Topolino MY25.</p><p><br></p><p>Cordiali saluti e buon lavoro,</p><p><strong>Il vostro team FIAT</strong></p>')
ON DUPLICATE KEY UPDATE title = VALUES(title), executive_summary = VALUES(executive_summary), content_html = VALUES(content_html);
INSERT INTO aws_notification_brands (notification_id, brand_id)
VALUES ('3gLPZ3MKO6ZV3fdlSuqEPj', 1)
ON DUPLICATE KEY UPDATE brand_id = VALUES(brand_id);
-- 3N0qbpmtmJ8TX0y60B2iEt
INSERT INTO aws_notifications (id_notification, category, status, is_legacy, priority, sender, published_at)
VALUES ('3N0qbpmtmJ8TX0y60B2iEt', 4, 'Published', 1, 1, 'Handover Import', '2026-02-09 09:00:08')
ON DUPLICATE KEY UPDATE category = VALUES(category), status = VALUES(status), is_legacy = VALUES(is_legacy), priority = VALUES(priority), sender = VALUES(sender), published_at = VALUES(published_at);
INSERT INTO aws_notification_translations (notification_id, locale, title, executive_summary, content_html)
VALUES ('3N0qbpmtmJ8TX0y60B2iEt', 'de', 'FIAT Topolino: Jetzt in der neuen Farbe bestellen!', 'FIAT Topolino: Bestellen Sie jetzt den Topolino in der neuen Farbe „Corallo“!  ', '<p>Sehr geehrter Partner,</p><p><br></p><p>Da&nbsp;bis&nbsp;zur nächsten Bestellung im Werk bis zu 6 Monate vergehen,&nbsp;bitten wir&nbsp;Sie,&nbsp;Ihren&nbsp;Topolino&nbsp;MY26&nbsp;auf der Astara Plattform zu bestellen.</p><p><br></p><p>Das MY26 ist derzeit in zwei Farben erhältlich,&nbsp;<strong>nur&nbsp;</strong>in den geschlossenen Versionen:&nbsp;Grün&nbsp;„Lattementa” (bereits heute verfügbar) und&nbsp;in&nbsp;der&nbsp;neuen Farbe „Corallo” (Korallenorange).&nbsp;Diese&nbsp;wird offiziell am&nbsp;Valentinstags Wochenende&nbsp;über die Website und die Social-Media-Kanäle präsentiert.</p><p><br></p><p>Der Kundenpreis bleibt unverändert bei CHF 9\'990, ebenso wie die übrigen Verkaufsbedingungen.&nbsp;</p><p>Nach dem Valentinstag wird die neue Preisliste mit der neuen Farbe verfügbar sein.</p><p><br></p><p>Die Ausstattung bleibt gegenüber dem MY25 unverändert, mit der einzigen Neuerung, dass der Topolino MY26 über ein neues&nbsp;digitales Kombiinstrument&nbsp;mit&nbsp;5,7-Zoll-Display anstelle des aktuellen 3,5-Zoll-Displays verfügt.</p><p><br></p><p>Beste Wünsche und gute Arbeit,</p><p class=\"ql-align-justify\"><strong>Ihr FIAT Team</strong></p>')
ON DUPLICATE KEY UPDATE title = VALUES(title), executive_summary = VALUES(executive_summary), content_html = VALUES(content_html);
INSERT INTO aws_notification_translations (notification_id, locale, title, executive_summary, content_html)
VALUES ('3N0qbpmtmJ8TX0y60B2iEt', 'fr-CH', 'FIAT Topolino : commander une nouvelle couleur !', 'FIAT Topolino : commandez dès maintenant les Topolino couleur « Corallo » ! ', '<p class=\"ql-align-justify\">Cher Partenaire,</p><p class=\"ql-align-justify\"><br></p><p class=\"ql-align-justify\">Un délai allant jusqu\'à&nbsp;<strong>6 mois</strong>&nbsp;pourrait s\'écouler avant la prochaine commande à l\'usine. C’est pourquoi nous vous invitons à commander dès maintenant vos modèles&nbsp;Topolino&nbsp;via la&nbsp;<strong>plateforme Astara</strong>.</p><p class=\"ql-align-justify\"><br></p><p class=\"ql-align-justify\">À ce jour, le modèle&nbsp;<strong>MY26</strong>&nbsp;prévoit uniquement la&nbsp;<strong>version fermée</strong>&nbsp;et sera disponible en deux coloris : le Vert «&nbsp;Lattementa&nbsp;» (déjà disponible) et le&nbsp;nouveau&nbsp;Orange «&nbsp;Corallo&nbsp;». Cette nouvelle couleur sera officiellement présentée lors du week-end de la Saint-Valentin sur notre site web et nos réseaux sociaux.</p><p class=\"ql-align-justify\"><br></p><p class=\"ql-align-justify\">Le&nbsp;<strong>prix client reste inchangé à CHF 9’990.-</strong>, tout comme les autres conditions de vente.&nbsp;La nouvelle liste de prix,&nbsp;incluant la nouvelle couleur sera disponible après la Saint-Valentin.</p><p class=\"ql-align-justify\"><br></p><p class=\"ql-align-justify\">Les équipements restent identiques à ceux du MY25, à une exception près : la&nbsp;Topolino&nbsp;MY26 est dotée d\'un&nbsp;<strong>nouveau combiné d\'instruments de 5,7 pouces</strong>, remplaçant l\'actuel format de 3,5 pouces.&nbsp;</p><p><br></p><p class=\"ql-align-justify\">Cordialement et bon travail,&nbsp;</p><p class=\"ql-align-justify\"><strong>Votre équipe FIAT&nbsp;</strong></p>')
ON DUPLICATE KEY UPDATE title = VALUES(title), executive_summary = VALUES(executive_summary), content_html = VALUES(content_html);
INSERT INTO aws_notification_translations (notification_id, locale, title, executive_summary, content_html)
VALUES ('3N0qbpmtmJ8TX0y60B2iEt', 'it-CH', 'FIAT Topolino: ordina ora nel nuovo colore!', 'FIAT Topolino: ordina adesso le Topolino colore “Corallo”! ', '<p>Gentile Partner,</p><p><br></p><p>Potrebbero trascorrere fino a&nbsp;6&nbsp;mesi prima del prossimo ordine in fabbrica. Per questo motivo vi chiediamo di ordinare su Astara&nbsp;Plattform&nbsp;le vostre&nbsp;Topolino.</p><p><br></p><p>IL MY26 ad oggi prevede&nbsp;<strong>solo</strong>&nbsp;la versione chiusa e in&nbsp;due&nbsp;colori: Verde&nbsp;“Lattementa” (giá&nbsp;disponibile oggi) e il nuovo colore Arancio “Corallo”.&nbsp;Quest\'ultimo verrà presentato ufficialmente nel&nbsp;weekend&nbsp;di San Valentino tramite il sito web e i canali social.</p><p><br></p><p>Prezzo al cliente rimane&nbsp;inviariato&nbsp;CHF 9\'990,&nbsp;cosí&nbsp;come le altre condizioni di vendita.&nbsp;</p><p>Dopo San Valentino&nbsp;sará&nbsp;disponibile il nuovo listino con il nuovo colore.&nbsp;</p><p><br></p><p>I contenuti non cambiano rispetto al MY25, con la unica novità che la Topolino MY26 ha un nuovo&nbsp;quadro strumenti&nbsp;di 5.7’’invece&nbsp;dell\'attuale&nbsp;3.5’’.</p><p><br></p><p>Cordiali saluti&nbsp;e buon lavoro,&nbsp;</p><p><strong>il vostro&nbsp;Team&nbsp;FIAT&nbsp;</strong></p>')
ON DUPLICATE KEY UPDATE title = VALUES(title), executive_summary = VALUES(executive_summary), content_html = VALUES(content_html);
INSERT INTO aws_notification_brands (notification_id, brand_id)
VALUES ('3N0qbpmtmJ8TX0y60B2iEt', 1)
ON DUPLICATE KEY UPDATE brand_id = VALUES(brand_id);
-- m4Z7CSGRd5xANGfkCf2WG
INSERT INTO aws_notifications (id_notification, category, status, is_legacy, priority, sender, published_at)
VALUES ('m4Z7CSGRd5xANGfkCf2WG', 4, 'Published', 1, 1, 'Handover Import', '2026-02-27 16:42:56')
ON DUPLICATE KEY UPDATE category = VALUES(category), status = VALUES(status), is_legacy = VALUES(is_legacy), priority = VALUES(priority), sender = VALUES(sender), published_at = VALUES(published_at);
INSERT INTO aws_notification_translations (notification_id, locale, title, executive_summary, content_html)
VALUES ('m4Z7CSGRd5xANGfkCf2WG', 'de', 'IONIQ 5 / N MY27', 'Entfall des grauen und grau / grünen Interior\nErgänzung nG eCall (4G) + Aufmerksamkeitsassitent mit Kamera', '<p>Geschätzte Hyundai-Partner,</p><p>&nbsp;</p><p>wir möchten Sie darüber informieren, dass die Werkbestellungen für den IONIQ 5 / N MY26 geschlossen wurden und gleichzeitig für das MY27 eröffnet wurden.</p><p><br></p><p>Es gibt folgende Anpassungen:</p><ul><li>Entfall des grauen und grau-grünen Interiors (nur IONIQ 5)</li><li>Ergänzung des neuen e-Call Systems basierend auf 4G</li><li>Ergänzung des Aufmerksamkeitsassistenten mit Kamera.</li></ul><p>&nbsp;</p><p>Für weitere Fragen stehen wir Ihnen jederzeit gerne zur Verfügung.</p><p>&nbsp;</p><p>&nbsp;</p><p>Mit besten Grüssen</p><p>&nbsp;</p><p>Hyundai Switzerland</p>')
ON DUPLICATE KEY UPDATE title = VALUES(title), executive_summary = VALUES(executive_summary), content_html = VALUES(content_html);
INSERT INTO aws_notification_translations (notification_id, locale, title, executive_summary, content_html)
VALUES ('m4Z7CSGRd5xANGfkCf2WG', 'fr-CH', 'IONIQ 5 / N MY27', 'Suppression de l’intérieur gris et gris-vert\nAjout du nouveau système eCall (4G) + assistant d’attention avec caméra', '<p>Chers partenaires Hyundai,</p><p><br></p><p>Nous souhaitons vous informer que les commandes usine pour l’IONIQ 5 / N MY26 sont désormais clôturées et simultanément ouvertes pour le MY27.</p><p><br></p><p>Les modifications suivantes ont été apportées :</p><ul><li>Suppression de l’intérieur gris et gris-vert (uniquement IONIQ 5)</li><li>Ajout du nouveau système e-Call basé sur la technologie 4G</li><li>Ajout de l’assistant d’attention avec caméra</li></ul><p><br></p><p>Pour toute question complémentaire, nous restons volontiers à votre disposition.</p><p><br></p><p>Cordialement</p><p>Hyundai Switzerland</p>')
ON DUPLICATE KEY UPDATE title = VALUES(title), executive_summary = VALUES(executive_summary), content_html = VALUES(content_html);
INSERT INTO aws_notification_translations (notification_id, locale, title, executive_summary, content_html)
VALUES ('m4Z7CSGRd5xANGfkCf2WG', 'it-CH', 'IONIQ 5 / N MY27', 'Eliminazione degli interni grigi e grigio-verdi\nAggiunta del nuovo sistema eCall (4G) + assistente di attenzione con telecamera', '<p>Cari partner di Hyundai,</p><p>Desideriamo informarvi che gli ordini di fabbrica per IONIQ 5 / N MY26 sono stati chiusi e contemporaneamente aperti per il MY27.</p><p><br></p><p>Sono state apportate le seguenti modifiche:</p><ul><li>Eliminazione degli interni grigi e grigio-verdi (solo IONIQ 5)</li><li>Aggiunta del nuovo sistema e-Call basato sulla tecnologia 4G</li><li>Aggiunta dell’assistente di attenzione con telecamera</li></ul><p><br></p><p>Per ulteriori domande rimaniamo volentieri a vostra disposizione.</p><p><br></p><p>Cordiali saluti</p><p>Hyundai Switzerland</p>')
ON DUPLICATE KEY UPDATE title = VALUES(title), executive_summary = VALUES(executive_summary), content_html = VALUES(content_html);
INSERT INTO aws_notification_brands (notification_id, brand_id)
VALUES ('m4Z7CSGRd5xANGfkCf2WG', 6)
ON DUPLICATE KEY UPDATE brand_id = VALUES(brand_id);
-- 62P9A7JHtju1h0R5W3y5ru
INSERT INTO aws_notifications (id_notification, category, status, is_legacy, priority, sender, published_at)
VALUES ('62P9A7JHtju1h0R5W3y5ru', 4, 'Published', 1, 1, 'Handover Import', '2026-02-16 09:08:19')
ON DUPLICATE KEY UPDATE category = VALUES(category), status = VALUES(status), is_legacy = VALUES(is_legacy), priority = VALUES(priority), sender = VALUES(sender), published_at = VALUES(published_at);
INSERT INTO aws_notification_translations (notification_id, locale, title, executive_summary, content_html)
VALUES ('62P9A7JHtju1h0R5W3y5ru', 'de', 'KONA Electric MY27', 'KONA Electric Eröffnung MY27 / Wärmepumpe für Amplia® serienmässig', '<p>Geschätzte Hyundai-Partner,</p><p>&nbsp;</p><p>wir möchten Sie über die Bestelleröffnung des KONA Electric MY27 informieren.</p><p><br></p><p>Der Amplia<sup style=\"color: rgb(230, 232, 240);\">® </sup><span style=\"color: rgb(230, 232, 240);\">hat nun </span>serienmässig <span style=\"color: rgb(230, 232, 240);\">die Wärmepumpe verbaut, wodurch die Option entfällt und der Listenpreis um + 1\'000 CHF steigt.</span></p><p><br></p><p><span style=\"color: rgb(230, 232, 240);\">Ansonsten gibt es keine Änderungen.</span></p><p><br></p><p>Die <a href=\"https://ace.astara-partner.com/_api/v1/document-assets/2MoFTjNGoSQfuuDOJ0ceiD/de\" rel=\"noopener noreferrer\" target=\"_blank\">Preisliste </a>wurde aktualisiert und steht Ihnen zur Verfügung.</p><p><br></p><p>&nbsp;</p><p>Für weitere Fragen stehen wir Ihnen jederzeit gerne zur Verfügung.</p><p>&nbsp;</p><p>Mit besten Grüssen</p><p>&nbsp;</p><p>Hyundai Switzerland</p>')
ON DUPLICATE KEY UPDATE title = VALUES(title), executive_summary = VALUES(executive_summary), content_html = VALUES(content_html);
INSERT INTO aws_notification_translations (notification_id, locale, title, executive_summary, content_html)
VALUES ('62P9A7JHtju1h0R5W3y5ru', 'fr-CH', 'KONA Electric MY27', 'Ouverture KONA Electric MY27 / Pompe à chaleur pour Amplia® de série', '<p>Chers partenaires Hyundai,</p><p><br></p><p>Nous avons le plaisir de vous informer que les commandes pour le KONA Electric MY27 sont désormais ouvertes.</p><p><br></p><p>L\'Amplia® est désormais équipé de série d\'une pompe à chaleur, ce qui supprime l\'option et augmente le prix catalogue de 1 000 CHF.</p><p><br></p><p>Sinon, pas d\'autres changements</p><p><br></p><p>La <a href=\"https://ace.astara-partner.com/_api/v1/document-assets/2MoFTjNGoSQfuuDOJ0ceiD/fr-CH\" rel=\"noopener noreferrer\" target=\"_blank\">grille tarifaire</a> a été mise à jour en conséquence.</p><p><br></p><p>N\'hésitez pas à nous contacter pour toute question.</p><p><br></p><p>Cordialement,</p><p><br></p><p>Hyundai Suisse</p>')
ON DUPLICATE KEY UPDATE title = VALUES(title), executive_summary = VALUES(executive_summary), content_html = VALUES(content_html);
INSERT INTO aws_notification_translations (notification_id, locale, title, executive_summary, content_html)
VALUES ('62P9A7JHtju1h0R5W3y5ru', 'it-CH', 'KONA Electric MY27', 'KONA Electric Opening MY27 / Pompa di calore per Amplia® di serie', '<p>Gentili Partner Hyundai,</p><p><br></p><p>Vorremmo informarvi dell\'apertura degli ordini per la KONA Electric MY27.</p><p><br></p><p>L\'Amplia® ora è dotata di serie di una pompa di calore, il che significa che l\'opzione non è più disponibile e il prezzo di listino è aumentato di CHF 1.000.</p><p><br></p><p>Per il resto, non ci sono modifiche.</p><p><br></p><p>Il <a href=\"https://ace.astara-partner.com/_api/v1/document-assets/2MoFTjNGoSQfuuDOJ0ceiD/it-CH\" rel=\"noopener noreferrer\" target=\"_blank\">listino prezzi</a> è stato aggiornato ed è disponibile per voi.</p><p><br></p><p>Non esitate a contattarci per ulteriori domande.</p><p><br></p><p>Cordiali saluti,</p><p><br></p><p>Hyundai Svizzera</p>')
ON DUPLICATE KEY UPDATE title = VALUES(title), executive_summary = VALUES(executive_summary), content_html = VALUES(content_html);
INSERT INTO aws_notification_brands (notification_id, brand_id)
VALUES ('62P9A7JHtju1h0R5W3y5ru', 6)
ON DUPLICATE KEY UPDATE brand_id = VALUES(brand_id);
-- 4mj30jy7JOd5Fe0Gx6mZmH
INSERT INTO aws_notifications (id_notification, category, status, is_legacy, priority, sender, published_at)
VALUES ('4mj30jy7JOd5Fe0Gx6mZmH', 4, 'Published', 1, 1, 'Handover Import', '2026-02-25 11:35:42')
ON DUPLICATE KEY UPDATE category = VALUES(category), status = VALUES(status), is_legacy = VALUES(is_legacy), priority = VALUES(priority), sender = VALUES(sender), published_at = VALUES(published_at);
INSERT INTO aws_notification_translations (notification_id, locale, title, executive_summary, content_html)
VALUES ('4mj30jy7JOd5Fe0Gx6mZmH', 'de', 'NFC Karten Hyundai', 'Entfernung NFC Karten', '<p>Geschätzte Hyundai-Partner,</p><p><br></p><p>Wir wurden darüber informiert, dass im IONIQ 6 keine NFC-Karte mehr enthalten ist.</p><p>Gemäss aktuellem Informationsstand werden NFC-Karten für alle kommenden Modelle und Modelljahre vollständig entfallen.</p><p>Die Nutzung der Funktion über ein Smartphone bleibt selbstverständlich weiterhin möglich.</p><p><br></p><p>Eine Nachbestellung der NFC-Karte über den Zubehörkatalog wird gemäss Auskunft von MOBIS nicht möglich sein.</p><p>&nbsp;</p><p>Für weitere Fragen stehen wir Ihnen jederzeit gerne zur Verfügung.</p><p>&nbsp;</p><p>Mit besten Grüssen</p><p>&nbsp;</p><p>Hyundai Switzerland</p>')
ON DUPLICATE KEY UPDATE title = VALUES(title), executive_summary = VALUES(executive_summary), content_html = VALUES(content_html);
INSERT INTO aws_notification_translations (notification_id, locale, title, executive_summary, content_html)
VALUES ('4mj30jy7JOd5Fe0Gx6mZmH', 'fr-CH', 'Cartes NFC Hyundai', 'Suppression des cartes NFC', '<p>Chers partenaires Hyundai,</p><p><br></p><p>nous avons été informés qu\'aucune carte NFC n\'est disponible dans l\'IONIQ 6.</p><p>D\'après les informations dont nous disposons actuellement, les cartes NFC seront supprimées de tous les modèles et années modèles à venir.</p><p>Bien entendu, cette fonction restera disponible avec un smartphone.</p><p><br></p><p>Selon les informations fournies par MOBIS, il ne sera pas possible de commander la carte NFC via le catalogue d\'accessoires.</p><p>&nbsp;</p><p>Nous restons à votre disposition pour toute question complémentaire.&nbsp;</p><p>&nbsp;</p><p>Meilleures salutations&nbsp;</p><p>Hyundai Switzerland&nbsp;</p>')
ON DUPLICATE KEY UPDATE title = VALUES(title), executive_summary = VALUES(executive_summary), content_html = VALUES(content_html);
INSERT INTO aws_notification_translations (notification_id, locale, title, executive_summary, content_html)
VALUES ('4mj30jy7JOd5Fe0Gx6mZmH', 'it-CH', 'Schede NFC Hyundai', 'Rimozione delle schede NFC', '<p>Gentili partner Hyundai,</p><p><br></p><p>ci è stato comunicato che la IONIQ 6 non sarà dotata di scheda NFC.</p><p>In base alle informazioni attualmente disponibili, le schede NFC saranno rimosse da tutti i modelli e gli anni di produzione futuri.</p><p>Naturalmente, la funzione continuerà ad essere disponibile tramite smartphone.</p><p><br></p><p>MOBIS ci ha informato che non sarà possibile ordinare la scheda NFC tramite il catalogo degli accessori.</p><p>&nbsp;</p><p>Siamo a vostra completa disposizione per ulteriori domande.</p><p>&nbsp;</p><p>Cordiali saluti</p><p>&nbsp;</p><p>Hyundai Switzerland</p>')
ON DUPLICATE KEY UPDATE title = VALUES(title), executive_summary = VALUES(executive_summary), content_html = VALUES(content_html);
INSERT INTO aws_notification_brands (notification_id, brand_id)
VALUES ('4mj30jy7JOd5Fe0Gx6mZmH', 6)
ON DUPLICATE KEY UPDATE brand_id = VALUES(brand_id);
-- 1kMFgjfnBIH3UlfHEyMywi
INSERT INTO aws_notifications (id_notification, category, status, is_legacy, priority, sender, published_at)
VALUES ('1kMFgjfnBIH3UlfHEyMywi', 4, 'Published', 1, 1, 'Handover Import', '2026-02-17 13:04:24')
ON DUPLICATE KEY UPDATE category = VALUES(category), status = VALUES(status), is_legacy = VALUES(is_legacy), priority = VALUES(priority), sender = VALUES(sender), published_at = VALUES(published_at);
INSERT INTO aws_notification_translations (notification_id, locale, title, executive_summary, content_html)
VALUES ('1kMFgjfnBIH3UlfHEyMywi', 'de', 'New Jeep Compass – Auslieferung der ersten Fahrzeuge', '', '<p>Sehr geehrte Jeep® Partner</p><p><br></p><p>Es freut uns, dass die Produktion des neuen Jeep® Compass wie geplant angelaufen ist und wir die ersten Fahrzeuge bereits an Sie ausliefern konnten. Im Anhang möchten wir einige wichtige Informationen mit Ihnen teilen.</p><p><br></p><p>Freundliche Grüsse &amp; erfolgreiche Geschäfte</p><p>Ihr Jeep® Team</p>')
ON DUPLICATE KEY UPDATE title = VALUES(title), executive_summary = VALUES(executive_summary), content_html = VALUES(content_html);
INSERT INTO aws_notification_translations (notification_id, locale, title, executive_summary, content_html)
VALUES ('1kMFgjfnBIH3UlfHEyMywi', 'fr-CH', 'New Jeep Compass – Livraison des premiers véhicules', '', '<p>Chers partenaires Jeep®</p><p><br></p><p>Nous sommes heureux que la production de la nouvelle Jeep® Compass ait démarré comme prévu et que nous ayons déjà pu vous livrer les premiers véhicules. Nous souhaitons partager avec vous quelques informations importantes dans l\'annexe.</p><p><br></p><p>Cordialement et bonnes affaires</p><p>Votre équipe Jeep®</p>')
ON DUPLICATE KEY UPDATE title = VALUES(title), executive_summary = VALUES(executive_summary), content_html = VALUES(content_html);
INSERT INTO aws_notification_translations (notification_id, locale, title, executive_summary, content_html)
VALUES ('1kMFgjfnBIH3UlfHEyMywi', 'it-CH', 'New Jeep Compass – Consegna dei primi veicoli', '', '<p>Gentili partner Jeep®</p><p><br></p><p>Siamo lieti di annunciare che la produzione della nuova Jeep® Compass è iniziata come previsto e che abbiamo già potuto consegnarvi i primi veicoli. Nell\'allegato desideriamo condividere con voi alcune informazioni importanti.</p><p><br></p><p>Cordiali saluti e buon lavoro</p><p>Il vostro team Jeep®</p>')
ON DUPLICATE KEY UPDATE title = VALUES(title), executive_summary = VALUES(executive_summary), content_html = VALUES(content_html);
INSERT INTO aws_notification_brands (notification_id, brand_id)
VALUES ('1kMFgjfnBIH3UlfHEyMywi', 4)
ON DUPLICATE KEY UPDATE brand_id = VALUES(brand_id);
-- 55neOz7IoUMe7cRTVCoLvp
INSERT INTO aws_notifications (id_notification, category, status, is_legacy, priority, sender, published_at)
VALUES ('55neOz7IoUMe7cRTVCoLvp', 4, 'Published', 1, 1, 'Handover Import', '2026-02-26 15:36:38')
ON DUPLICATE KEY UPDATE category = VALUES(category), status = VALUES(status), is_legacy = VALUES(is_legacy), priority = VALUES(priority), sender = VALUES(sender), published_at = VALUES(published_at);
INSERT INTO aws_notification_translations (notification_id, locale, title, executive_summary, content_html)
VALUES ('55neOz7IoUMe7cRTVCoLvp', 'de', 'Nissan - Product Update Qashqai (GSR2-C, Backorders)', 'Im Anhang erhalten Sie das Rundschreiben mit den wichtigsten Änderungen für den Nissan Qashqai.', '<p>Sehr geehrte Nissan Vertriebspartner</p><p><br></p><p>Im beiliegenden Rundschreiben möchten wir Ihnen einen umfassenden Überblick über die wichtigsten Updates für den Nissan Qashqai geben.</p><p><br></p><p>Freundliche Grüsse &amp; erfolgreiche Geschäfte</p><p>Ihr Nissan Team</p>')
ON DUPLICATE KEY UPDATE title = VALUES(title), executive_summary = VALUES(executive_summary), content_html = VALUES(content_html);
INSERT INTO aws_notification_translations (notification_id, locale, title, executive_summary, content_html)
VALUES ('55neOz7IoUMe7cRTVCoLvp', 'fr-CH', 'Nissan - Product Update Qashqai (GSR2-C, Backorders)', 'En annexe, vous trouverez la circulaire avec les principales modifications pour le Nissan Qashqai.', '<p>Chers partenaires de vente Nissan,</p><p><br></p><p>Dans la circulaire ci-jointe, nous souhaitons vous fournir un apercu complet des mises a jour les plus importantes concernant le Nissan Qashqai.</p><p><br></p><p>Cordiales salutations et beaucoup de succes dans vos activites commerciales</p><p>Votre equipe Nissan</p>')
ON DUPLICATE KEY UPDATE title = VALUES(title), executive_summary = VALUES(executive_summary), content_html = VALUES(content_html);
INSERT INTO aws_notification_translations (notification_id, locale, title, executive_summary, content_html)
VALUES ('55neOz7IoUMe7cRTVCoLvp', 'it-CH', 'Nissan - Product Update Qashqai (GSR2-C, Backorders)', 'In allegato trovate la circolare con le principali modifiche per la Nissan Qashqai.', '<p>Cari partner di vendita Nissan,</p><p><br></p><p>Con la presente circolare desideriamo fornirvi una panoramica completa degli aggiornamenti piu importanti relativi alla Nissan Qashqai.</p><p><br></p><p>Cordiali saluti e tanto successo nelle vostre attivita commerciali</p><p>Il vostro team Nissan</p>')
ON DUPLICATE KEY UPDATE title = VALUES(title), executive_summary = VALUES(executive_summary), content_html = VALUES(content_html);
INSERT INTO aws_notification_brands (notification_id, brand_id)
VALUES ('55neOz7IoUMe7cRTVCoLvp', 7)
ON DUPLICATE KEY UPDATE brand_id = VALUES(brand_id);
-- 60E7jqs0NPBsGgkIr0Mfah
INSERT INTO aws_notifications (id_notification, category, status, is_legacy, priority, sender, published_at)
VALUES ('60E7jqs0NPBsGgkIr0Mfah', 4, 'Published', 1, 1, 'Handover Import', '2026-02-17 14:53:02')
ON DUPLICATE KEY UPDATE category = VALUES(category), status = VALUES(status), is_legacy = VALUES(is_legacy), priority = VALUES(priority), sender = VALUES(sender), published_at = VALUES(published_at);
INSERT INTO aws_notification_translations (notification_id, locale, title, executive_summary, content_html)
VALUES ('60E7jqs0NPBsGgkIr0Mfah', 'de', 'Nissan LCV: Anpassungen GSR2-C', '', '<p>Sehr geehrte Nissan Partner</p><p>Im Anhang finden Sie ein Rundschreiben über Änderungen bei den Nissan LCV aufgrund der Einführung der Sicherheitsvorschriften GSR2-C.</p><p>Freundliche Grüsse</p><p>Ihr Nissan Switzerland Team</p>')
ON DUPLICATE KEY UPDATE title = VALUES(title), executive_summary = VALUES(executive_summary), content_html = VALUES(content_html);
INSERT INTO aws_notification_translations (notification_id, locale, title, executive_summary, content_html)
VALUES ('60E7jqs0NPBsGgkIr0Mfah', 'fr-CH', 'Nissan LCV : adaptations GSR2-C', '', '<p>Chers partenaires Nissan,</p><p>Vous trouverez ci-joint une circulaire concernant les modifications apportées aux véhicules utilitaires légers Nissan suite à l\'introduction des prescriptions de sécurité GSR2-C.</p><p>Meilleures salutations,</p><p>Votre équipe Nissan Switzerland</p>')
ON DUPLICATE KEY UPDATE title = VALUES(title), executive_summary = VALUES(executive_summary), content_html = VALUES(content_html);
INSERT INTO aws_notification_translations (notification_id, locale, title, executive_summary, content_html)
VALUES ('60E7jqs0NPBsGgkIr0Mfah', 'it-CH', 'Nissan LCV: adeguamenti GSR2-C', '', '<p>Gentili partner Nissan,</p><p>in allegato trovate una circolare relativa alle modifiche apportate ai veicoli commerciali leggeri Nissan a seguito dell\'introduzione delle norme di sicurezza GSR2-C.</p><p>Cordiali saluti,</p><p>Il vostro team Nissan Switzerland</p>')
ON DUPLICATE KEY UPDATE title = VALUES(title), executive_summary = VALUES(executive_summary), content_html = VALUES(content_html);
INSERT INTO aws_notification_brands (notification_id, brand_id)
VALUES ('60E7jqs0NPBsGgkIr0Mfah', 7)
ON DUPLICATE KEY UPDATE brand_id = VALUES(brand_id);
-- 4MB5DFmWmEcOPDoPnXgg1A
INSERT INTO aws_notifications (id_notification, category, status, is_legacy, priority, sender, published_at)
VALUES ('4MB5DFmWmEcOPDoPnXgg1A', 4, 'Published', 1, 1, 'Handover Import', '2026-02-06 16:03:52')
ON DUPLICATE KEY UPDATE category = VALUES(category), status = VALUES(status), is_legacy = VALUES(is_legacy), priority = VALUES(priority), sender = VALUES(sender), published_at = VALUES(published_at);
INSERT INTO aws_notification_translations (notification_id, locale, title, executive_summary, content_html)
VALUES ('4MB5DFmWmEcOPDoPnXgg1A', 'de', 'PANDINA MY26 ab sofort bestellbar', 'Weitere Informationen finden Sie in dem Newsletter und der Preisliste im Anhang.', '<p>Sehr geehrte&nbsp;Fiat Partner</p><p>Wir laden Sie ein, den Newsletter sowie die Preisliste des PANDINA MY26 im Anhang zu lesen.</p><p>Mit freundlichen Grüssen</p><p>Ihr Fiat Team</p>')
ON DUPLICATE KEY UPDATE title = VALUES(title), executive_summary = VALUES(executive_summary), content_html = VALUES(content_html);
INSERT INTO aws_notification_translations (notification_id, locale, title, executive_summary, content_html)
VALUES ('4MB5DFmWmEcOPDoPnXgg1A', 'fr-CH', 'PANDINA MY26 maintenant disponible à la commande ', 'Pour plus d\'informations, consultez la newsletter et la liste de prix en annexe.', '<p>Chers partenaires Fiat,</p><p>Nous vous invitons à consulter la newsletter et la liste des prix ci-jointe concernant la PANDINA MY26.</p><p>Cordialement</p><p>Team Fiat</p>')
ON DUPLICATE KEY UPDATE title = VALUES(title), executive_summary = VALUES(executive_summary), content_html = VALUES(content_html);
INSERT INTO aws_notification_translations (notification_id, locale, title, executive_summary, content_html)
VALUES ('4MB5DFmWmEcOPDoPnXgg1A', 'it-CH', 'Ordini aperti per la PANDINA MY26', 'Ulteriori informazioni sono disponibili nella newsletter e nel listino prezzi in allegato.', '<p>Caro Partner Fiat,</p><p>La invitiamo a prendere visione della newsletter e del listino prezzi in allegato relativi alla PANDINA MY26.</p><p>Cordiali saluti,</p><p>Team Fiat</p>')
ON DUPLICATE KEY UPDATE title = VALUES(title), executive_summary = VALUES(executive_summary), content_html = VALUES(content_html);
INSERT INTO aws_notification_brands (notification_id, brand_id)
VALUES ('4MB5DFmWmEcOPDoPnXgg1A', 1)
ON DUPLICATE KEY UPDATE brand_id = VALUES(brand_id);
-- 626FrUgpMjDMm01OqjqrbM
INSERT INTO aws_notifications (id_notification, category, status, is_legacy, priority, sender, published_at)
VALUES ('626FrUgpMjDMm01OqjqrbM', 4, 'Published', 1, 1, 'Handover Import', '2026-02-26 15:44:04')
ON DUPLICATE KEY UPDATE category = VALUES(category), status = VALUES(status), is_legacy = VALUES(is_legacy), priority = VALUES(priority), sender = VALUES(sender), published_at = VALUES(published_at);
INSERT INTO aws_notification_translations (notification_id, locale, title, executive_summary, content_html)
VALUES ('626FrUgpMjDMm01OqjqrbM', 'de', 'Product Update Juke & X-Trail (GSR2-C, Backorders)', 'Im Anhang erhalten Sie das Rundschreiben mit den wichtigsten Änderungen für den Nissan Juke & X-Trail.', '<p>Sehr geehrte Nissan Vertriebspartner</p><p><br></p><p>Im beiliegenden Rundschreiben möchten wir Ihnen einen umfassenden Überblick über die wichtigsten Updates für den Nissan Juke &amp; X-Trail geben.</p><p><br></p><p>Freundliche Grüsse &amp; erfolgreiche Geschäfte</p><p>Ihr Nissan Team</p>')
ON DUPLICATE KEY UPDATE title = VALUES(title), executive_summary = VALUES(executive_summary), content_html = VALUES(content_html);
INSERT INTO aws_notification_translations (notification_id, locale, title, executive_summary, content_html)
VALUES ('626FrUgpMjDMm01OqjqrbM', 'fr-CH', 'Product Update Juke & X-Trail (GSR2-C, Backorders)', 'En annexe, vous trouverez la circulaire avec les principales modifications pour le Nissan Juke et X-Trail.', '<p>Chers partenaires de vente Nissan,</p><p><br></p><p>Dans la circulaire ci-jointe, nous souhaitons vous fournir un apercu complet des mises a jour les plus importantes concernant le Nissan Juke et X-Trail.</p><p><br></p><p>Cordiales salutations et beaucoup de succes dans vos activites commerciales</p><p>Votre equipe Nissan</p>')
ON DUPLICATE KEY UPDATE title = VALUES(title), executive_summary = VALUES(executive_summary), content_html = VALUES(content_html);
INSERT INTO aws_notification_translations (notification_id, locale, title, executive_summary, content_html)
VALUES ('626FrUgpMjDMm01OqjqrbM', 'it-CH', 'Product Update Juke & X-Trail (GSR2-C, Backorders)', 'In allegato trovate la circolare con le principali modifiche per la Nissan Juke & X-Trail.', '<p>Cari partner di vendita Nissan,</p><p><br></p><p>Con la presente circolare desideriamo fornirvi una panoramica completa degli aggiornamenti piu importanti relativi alla Nissan Juke &amp; X-Trail.</p><p><br></p><p>Cordiali saluti e tanto successo nelle vostre attivita commerciali</p><p>Il vostro team Nissan</p>')
ON DUPLICATE KEY UPDATE title = VALUES(title), executive_summary = VALUES(executive_summary), content_html = VALUES(content_html);
INSERT INTO aws_notification_brands (notification_id, brand_id)
VALUES ('626FrUgpMjDMm01OqjqrbM', 7)
ON DUPLICATE KEY UPDATE brand_id = VALUES(brand_id);
-- 52JKcIk2BAeNMt8FtsBwuJ
INSERT INTO aws_notifications (id_notification, category, status, is_legacy, priority, sender, published_at)
VALUES ('52JKcIk2BAeNMt8FtsBwuJ', 1, 'Published', 1, 1, 'Handover Import', '2026-02-06 13:22:00')
ON DUPLICATE KEY UPDATE category = VALUES(category), status = VALUES(status), is_legacy = VALUES(is_legacy), priority = VALUES(priority), sender = VALUES(sender), published_at = VALUES(published_at);
INSERT INTO aws_notification_translations (notification_id, locale, title, executive_summary, content_html)
VALUES ('52JKcIk2BAeNMt8FtsBwuJ', 'de', 'Country Festival Tickets', 'Gewinnen Sie jetzt Country Festival Tickets für das Country Festival am  29. März 2026 im Hallenstadion ', '')
ON DUPLICATE KEY UPDATE title = VALUES(title), executive_summary = VALUES(executive_summary), content_html = VALUES(content_html);
INSERT INTO aws_notification_translations (notification_id, locale, title, executive_summary, content_html)
VALUES ('52JKcIk2BAeNMt8FtsBwuJ', 'fr-CH', 'Country Festival Tickets', 'Gagnez dès maintenant des billets pour le Country Festival qui aura lieu le 29 mars 2026 au Hallenstadion.', '')
ON DUPLICATE KEY UPDATE title = VALUES(title), executive_summary = VALUES(executive_summary), content_html = VALUES(content_html);
INSERT INTO aws_notification_translations (notification_id, locale, title, executive_summary, content_html)
VALUES ('52JKcIk2BAeNMt8FtsBwuJ', 'it-CH', 'Biglietti per il Country Festival', 'Vinci subito i biglietti per il Country Festival che si terrà il 29 marzo 2026 all\'Hallenstadion.', '')
ON DUPLICATE KEY UPDATE title = VALUES(title), executive_summary = VALUES(executive_summary), content_html = VALUES(content_html);
INSERT INTO aws_notification_brands (notification_id, brand_id)
VALUES ('52JKcIk2BAeNMt8FtsBwuJ', 10)
ON DUPLICATE KEY UPDATE brand_id = VALUES(brand_id);
-- 01pmdJbX3Twr0fmpuxlrdU
INSERT INTO aws_notifications (id_notification, category, status, is_legacy, priority, sender, published_at)
VALUES ('01pmdJbX3Twr0fmpuxlrdU', 1, 'Published', 1, 0, 'Handover Import', '2026-03-03 10:50:35')
ON DUPLICATE KEY UPDATE category = VALUES(category), status = VALUES(status), is_legacy = VALUES(is_legacy), priority = VALUES(priority), sender = VALUES(sender), published_at = VALUES(published_at);
INSERT INTO aws_notification_translations (notification_id, locale, title, executive_summary, content_html)
VALUES ('01pmdJbX3Twr0fmpuxlrdU', 'de', 'Hyundai Händler-Börse - Lagerliste 03.03.2026', '', '<p>Geschätzte Hyundai Partner</p><p><br></p><p>Hiermit senden wir Ihnen die Lagerliste per&nbsp;03.03.2026.</p><p><br></p><p>Besten Dank für die Kenntnisnahme. Wir wünschen Ihnen erfolgreiche Verkäufe.</p><p>Ihr Hyundai Switzerland Team</p>')
ON DUPLICATE KEY UPDATE title = VALUES(title), executive_summary = VALUES(executive_summary), content_html = VALUES(content_html);
INSERT INTO aws_notification_translations (notification_id, locale, title, executive_summary, content_html)
VALUES ('01pmdJbX3Twr0fmpuxlrdU', 'fr-CH', 'Bourse concessionnaires Hyundai - liste de stock 03.03', '', '<p>Chers partenaires Hyundai,</p><p><br></p><p>Veuillez trouver ci-joint la liste de stock au&nbsp;03.03.2026.</p><p><br></p><p>Nous vous remercions de votre attention et vous souhaitons d’excellentes ventes.</p><p>Votre équipe Hyundai Switzerland</p>')
ON DUPLICATE KEY UPDATE title = VALUES(title), executive_summary = VALUES(executive_summary), content_html = VALUES(content_html);
INSERT INTO aws_notification_translations (notification_id, locale, title, executive_summary, content_html)
VALUES ('01pmdJbX3Twr0fmpuxlrdU', 'it-CH', 'Bourse concessionnaires Hyundai - liste de stock 03.03', '', '<p>Chers partenaires Hyundai,</p><p><br></p><p>Veuillez trouver ci-joint la liste de stock au&nbsp;03.03.2026.</p><p><br></p><p>Nous vous remercions de votre attention et vous souhaitons d’excellentes ventes.</p><p>Votre équipe Hyundai Switzerland</p>')
ON DUPLICATE KEY UPDATE title = VALUES(title), executive_summary = VALUES(executive_summary), content_html = VALUES(content_html);
INSERT INTO aws_notification_brands (notification_id, brand_id)
VALUES ('01pmdJbX3Twr0fmpuxlrdU', 6)
ON DUPLICATE KEY UPDATE brand_id = VALUES(brand_id);
-- 4ZSuBaSgABafQPP631jvnD
INSERT INTO aws_notifications (id_notification, category, status, is_legacy, priority, sender, published_at)
VALUES ('4ZSuBaSgABafQPP631jvnD', 1, 'Published', 1, 0, 'Handover Import', '2026-02-09 15:39:50')
ON DUPLICATE KEY UPDATE category = VALUES(category), status = VALUES(status), is_legacy = VALUES(is_legacy), priority = VALUES(priority), sender = VALUES(sender), published_at = VALUES(published_at);
INSERT INTO aws_notification_translations (notification_id, locale, title, executive_summary, content_html)
VALUES ('4ZSuBaSgABafQPP631jvnD', 'de', 'Hyundai Händler-Börse - Lagerliste 09.02.2026', '', '<p>Geschätzte Hyundai Partner</p><p><br></p><p>Hiermit senden wir Ihnen die Lagerliste per&nbsp;09.02.2026.</p><p><br></p><p>Besten Dank für die Kenntnisnahme. Wir wünschen Ihnen erfolgreiche Verkäufe.</p><p>Ihr Hyundai Switzerland Team</p>')
ON DUPLICATE KEY UPDATE title = VALUES(title), executive_summary = VALUES(executive_summary), content_html = VALUES(content_html);
INSERT INTO aws_notification_translations (notification_id, locale, title, executive_summary, content_html)
VALUES ('4ZSuBaSgABafQPP631jvnD', 'fr-CH', 'Bourse concessionnaires Hyundai - liste de stock 09.02', '', '<p>Chers partenaires Hyundai,</p><p><br></p><p>Veuillez trouver ci-joint la liste de stock au<strong>&nbsp;</strong>09.02.2026.</p><p><br></p><p>Nous vous remercions de votre attention et vous souhaitons d’excellentes ventes.</p><p>Votre équipe Hyundai Switzerland</p>')
ON DUPLICATE KEY UPDATE title = VALUES(title), executive_summary = VALUES(executive_summary), content_html = VALUES(content_html);
INSERT INTO aws_notification_translations (notification_id, locale, title, executive_summary, content_html)
VALUES ('4ZSuBaSgABafQPP631jvnD', 'it-CH', 'Bourse concessionnaires Hyundai - liste de stock 09.02', '', '<p>Chers partenaires Hyundai,</p><p><br></p><p>Veuillez trouver ci-joint la liste de stock au<strong>&nbsp;</strong>09.02.2026.</p><p><br></p><p>Nous vous remercions de votre attention et vous souhaitons d’excellentes ventes.</p><p>Votre équipe Hyundai Switzerland</p>')
ON DUPLICATE KEY UPDATE title = VALUES(title), executive_summary = VALUES(executive_summary), content_html = VALUES(content_html);
INSERT INTO aws_notification_brands (notification_id, brand_id)
VALUES ('4ZSuBaSgABafQPP631jvnD', 6)
ON DUPLICATE KEY UPDATE brand_id = VALUES(brand_id);
-- 3wCn83lzld3cXVeI9RkzXX
INSERT INTO aws_notifications (id_notification, category, status, is_legacy, priority, sender, published_at)
VALUES ('3wCn83lzld3cXVeI9RkzXX', 1, 'Published', 1, 0, 'Handover Import', '2026-02-16 12:49:59')
ON DUPLICATE KEY UPDATE category = VALUES(category), status = VALUES(status), is_legacy = VALUES(is_legacy), priority = VALUES(priority), sender = VALUES(sender), published_at = VALUES(published_at);
INSERT INTO aws_notification_translations (notification_id, locale, title, executive_summary, content_html)
VALUES ('3wCn83lzld3cXVeI9RkzXX', 'de', 'Hyundai Händler-Börse - Lagerliste 16.02.2026', '', '<p>Geschätzte Hyundai Partner</p><p><br></p><p>Hiermit senden wir Ihnen die Lagerliste per&nbsp;16.02.2026.</p><p><br></p><p>Besten Dank für die Kenntnisnahme. Wir wünschen Ihnen erfolgreiche Verkäufe.</p><p>Ihr Hyundai Switzerland Team</p>')
ON DUPLICATE KEY UPDATE title = VALUES(title), executive_summary = VALUES(executive_summary), content_html = VALUES(content_html);
INSERT INTO aws_notification_translations (notification_id, locale, title, executive_summary, content_html)
VALUES ('3wCn83lzld3cXVeI9RkzXX', 'fr-CH', 'Bourse concessionnaires Hyundai - liste de stock 16.02', '', '<p>Chers partenaires Hyundai,</p><p><br></p><p>Veuillez trouver ci-joint la liste de stock au<strong>&nbsp;</strong>16.02.2026.</p><p><br></p><p>Nous vous remercions de votre attention et vous souhaitons d’excellentes ventes.</p><p>Votre équipe Hyundai Switzerland</p>')
ON DUPLICATE KEY UPDATE title = VALUES(title), executive_summary = VALUES(executive_summary), content_html = VALUES(content_html);
INSERT INTO aws_notification_translations (notification_id, locale, title, executive_summary, content_html)
VALUES ('3wCn83lzld3cXVeI9RkzXX', 'it-CH', 'Bourse concessionnaires Hyundai - liste de stock 16.02', '', '<p>Chers partenaires Hyundai,</p><p><br></p><p>Veuillez trouver ci-joint la liste de stock au<strong>&nbsp;</strong>16.02.2026.</p><p><br></p><p>Nous vous remercions de votre attention et vous souhaitons d’excellentes ventes.</p><p>Votre équipe Hyundai Switzerland</p>')
ON DUPLICATE KEY UPDATE title = VALUES(title), executive_summary = VALUES(executive_summary), content_html = VALUES(content_html);
INSERT INTO aws_notification_brands (notification_id, brand_id)
VALUES ('3wCn83lzld3cXVeI9RkzXX', 6)
ON DUPLICATE KEY UPDATE brand_id = VALUES(brand_id);
-- JYRppD1fR6abSVK3nhwwj
INSERT INTO aws_notifications (id_notification, category, status, is_legacy, priority, sender, published_at)
VALUES ('JYRppD1fR6abSVK3nhwwj', 1, 'Published', 1, 0, 'Handover Import', '2026-02-23 12:24:34')
ON DUPLICATE KEY UPDATE category = VALUES(category), status = VALUES(status), is_legacy = VALUES(is_legacy), priority = VALUES(priority), sender = VALUES(sender), published_at = VALUES(published_at);
INSERT INTO aws_notification_translations (notification_id, locale, title, executive_summary, content_html)
VALUES ('JYRppD1fR6abSVK3nhwwj', 'de', 'Hyundai Händler-Börse - Lagerliste 23.02.2026', '', '<p>Geschätzte Hyundai Partner</p><p><br></p><p>Hiermit senden wir Ihnen die Lagerliste per&nbsp;23.02.2026.</p><p><br></p><p>Besten Dank für die Kenntnisnahme. Wir wünschen Ihnen erfolgreiche Verkäufe.</p><p>Ihr Hyundai Switzerland Team</p>')
ON DUPLICATE KEY UPDATE title = VALUES(title), executive_summary = VALUES(executive_summary), content_html = VALUES(content_html);
INSERT INTO aws_notification_translations (notification_id, locale, title, executive_summary, content_html)
VALUES ('JYRppD1fR6abSVK3nhwwj', 'fr-CH', 'Bourse concessionnaires Hyundai - liste de stock 23.02', '', '<p>Chers partenaires Hyundai,</p><p><br></p><p>Veuillez trouver ci-joint la liste de stock au&nbsp;2<strong>3</strong>.02.2026.</p><p><br></p><p>Nous vous remercions de votre attention et vous souhaitons d’excellentes ventes.</p><p>Votre équipe Hyundai Switzerland</p>')
ON DUPLICATE KEY UPDATE title = VALUES(title), executive_summary = VALUES(executive_summary), content_html = VALUES(content_html);
INSERT INTO aws_notification_translations (notification_id, locale, title, executive_summary, content_html)
VALUES ('JYRppD1fR6abSVK3nhwwj', 'it-CH', 'Bourse concessionnaires Hyundai - liste de stock 23.02', '', '<p>Chers partenaires Hyundai,</p><p><br></p><p>Veuillez trouver ci-joint la liste de stock au&nbsp;2<strong>3</strong>.02.2026.</p><p><br></p><p>Nous vous remercions de votre attention et vous souhaitons d’excellentes ventes.</p><p>Votre équipe Hyundai Switzerland</p>')
ON DUPLICATE KEY UPDATE title = VALUES(title), executive_summary = VALUES(executive_summary), content_html = VALUES(content_html);
INSERT INTO aws_notification_brands (notification_id, brand_id)
VALUES ('JYRppD1fR6abSVK3nhwwj', 6)
ON DUPLICATE KEY UPDATE brand_id = VALUES(brand_id);
-- 1uFbnmTI3yCF7Z8ShHEVA9
INSERT INTO aws_notifications (id_notification, category, status, is_legacy, priority, sender, published_at)
VALUES ('1uFbnmTI3yCF7Z8ShHEVA9', 1, 'Published', 1, 1, 'Handover Import', '2026-02-13 10:52:50')
ON DUPLICATE KEY UPDATE category = VALUES(category), status = VALUES(status), is_legacy = VALUES(is_legacy), priority = VALUES(priority), sender = VALUES(sender), published_at = VALUES(published_at);
INSERT INTO aws_notification_translations (notification_id, locale, title, executive_summary, content_html)
VALUES ('1uFbnmTI3yCF7Z8ShHEVA9', 'de', 'KGM Prämienübersicht Q1/2026', 'ergänzt um Steel-Versionen', '<p>-Steel Versionen bei Tivoli und Korando sind augeschlossen von DEMO und Fleet</p>')
ON DUPLICATE KEY UPDATE title = VALUES(title), executive_summary = VALUES(executive_summary), content_html = VALUES(content_html);
INSERT INTO aws_notification_translations (notification_id, locale, title, executive_summary, content_html)
VALUES ('1uFbnmTI3yCF7Z8ShHEVA9', 'fr-CH', 'Primes KGM T1/2026', 'avec remarques pour les Versions Steel sur Tivoli et Korando', '<p>Les versions Steel des modèles Tivoli et Korando sont exclues des offres DEMO et Fleet.</p>')
ON DUPLICATE KEY UPDATE title = VALUES(title), executive_summary = VALUES(executive_summary), content_html = VALUES(content_html);
INSERT INTO aws_notification_translations (notification_id, locale, title, executive_summary, content_html)
VALUES ('1uFbnmTI3yCF7Z8ShHEVA9', 'it-CH', 'Premi KGM T1/2026', 'integrato con versioni Steel', '<p>-Le versioni Steel di Tivoli e Korando sono escluse da DEMO e Fleet.</p>')
ON DUPLICATE KEY UPDATE title = VALUES(title), executive_summary = VALUES(executive_summary), content_html = VALUES(content_html);
INSERT INTO aws_notification_brands (notification_id, brand_id)
VALUES ('1uFbnmTI3yCF7Z8ShHEVA9', 10)
ON DUPLICATE KEY UPDATE brand_id = VALUES(brand_id);
-- 5oZuXfopqHbMEIQrrbiM60
INSERT INTO aws_notifications (id_notification, category, status, is_legacy, priority, sender, published_at)
VALUES ('5oZuXfopqHbMEIQrrbiM60', 1, 'Published', 1, 1, 'Handover Import', '2026-02-20 14:13:49')
ON DUPLICATE KEY UPDATE category = VALUES(category), status = VALUES(status), is_legacy = VALUES(is_legacy), priority = VALUES(priority), sender = VALUES(sender), published_at = VALUES(published_at);
INSERT INTO aws_notification_translations (notification_id, locale, title, executive_summary, content_html)
VALUES ('5oZuXfopqHbMEIQrrbiM60', 'de', 'Kundenaktionen & Flottenmatrix Februar & März 2026', '', '<p>Sehr geehrte Hyundai Vertriebspartner,</p><p><br></p><p>Hiermit senden wir Ihnen ein Update für die Kundenaktionen und Flottenmatrix Februar &amp; März 2026.</p><p><br></p><p>Besten Dank für die Kenntnisnahmen und wir wünschen Ihnen erfolgreiche Verkäufe.</p><p>Ihr Hyundai Switzerland Team</p>')
ON DUPLICATE KEY UPDATE title = VALUES(title), executive_summary = VALUES(executive_summary), content_html = VALUES(content_html);
INSERT INTO aws_notification_translations (notification_id, locale, title, executive_summary, content_html)
VALUES ('5oZuXfopqHbMEIQrrbiM60', 'fr-CH', 'Offres commerciales & matrice flotte février & mars 26', '', '<p>Chers partenaires Hyundai,</p><p><br></p><p>Ici la mise à jour actualisé des offres commerciales et la matrice flotte février &amp; mars 2026.</p><p><br></p><p>Merci de bien vouloir prendre note et nous vous souhaitons d’excellentes ventes.</p><p>Votre équipe Hyundai Switzerland</p>')
ON DUPLICATE KEY UPDATE title = VALUES(title), executive_summary = VALUES(executive_summary), content_html = VALUES(content_html);
INSERT INTO aws_notification_translations (notification_id, locale, title, executive_summary, content_html)
VALUES ('5oZuXfopqHbMEIQrrbiM60', 'it-CH', 'Offres commerciales & matrice flotte février & mars 26', '', '<p>Chers partenaires Hyundai,</p><p><br></p><p>Ici la mise à jour actualisé des offres commerciales et la matrice flotte février &amp; mars 2026.</p><p><br></p><p>Merci de bien vouloir prendre note et nous vous souhaitons d’excellentes ventes.</p><p>Votre équipe Hyundai Switzerland</p>')
ON DUPLICATE KEY UPDATE title = VALUES(title), executive_summary = VALUES(executive_summary), content_html = VALUES(content_html);
INSERT INTO aws_notification_brands (notification_id, brand_id)
VALUES ('5oZuXfopqHbMEIQrrbiM60', 6)
ON DUPLICATE KEY UPDATE brand_id = VALUES(brand_id);
-- 4NjLfsFsKrT86bvV9nlguy
INSERT INTO aws_notifications (id_notification, category, status, is_legacy, priority, sender, published_at)
VALUES ('4NjLfsFsKrT86bvV9nlguy', 1, 'Published', 1, 1, 'Handover Import', '2026-02-09 17:47:15')
ON DUPLICATE KEY UPDATE category = VALUES(category), status = VALUES(status), is_legacy = VALUES(is_legacy), priority = VALUES(priority), sender = VALUES(sender), published_at = VALUES(published_at);
INSERT INTO aws_notification_translations (notification_id, locale, title, executive_summary, content_html)
VALUES ('4NjLfsFsKrT86bvV9nlguy', 'de', 'Kundenaktionen & Flottenmatrix Februar 2026', '', '<p>Sehr geehrte Hyundai Vertriebspartner</p><p>&nbsp;</p><p>Hiermit senden wir Ihnen ein Update für die Kundenaktionen und Flottenmatrix Februar 2026. Bitte beachten Sie, dass die die Flottenmatrix nun ebenfalls aktualisiert wurde.</p><p>&nbsp;</p><p>Besten Dank für die Kenntnisnahmen und wir wünschen Ihnen erfolgreiche Verkäufe.</p><p>Ihr Hyundai Switzerland Team</p>')
ON DUPLICATE KEY UPDATE title = VALUES(title), executive_summary = VALUES(executive_summary), content_html = VALUES(content_html);
INSERT INTO aws_notification_translations (notification_id, locale, title, executive_summary, content_html)
VALUES ('4NjLfsFsKrT86bvV9nlguy', 'fr-CH', 'Offres commerciales & matrice flotte février 2026', '', '<p>Chers partenaires Hyundai,</p><p>&nbsp;</p><p>Ici la mise à jour actualisé des offres commerciales et la matrice flotte février 2026. Veuillez noter que la matrice de flotte a également été mise à jour.</p><p>&nbsp;</p><p>Merci de bien vouloir prendre note et nous vous souhaitons d’excellentes ventes.</p><p>Votre équipe Hyundai Switzerland</p>')
ON DUPLICATE KEY UPDATE title = VALUES(title), executive_summary = VALUES(executive_summary), content_html = VALUES(content_html);
INSERT INTO aws_notification_translations (notification_id, locale, title, executive_summary, content_html)
VALUES ('4NjLfsFsKrT86bvV9nlguy', 'it-CH', 'Offres commerciales & matrice flotte février 2026', '', '<p>Chers partenaires Hyundai,</p><p>&nbsp;</p><p>Ici la mise à jour actualisé des offres commerciales et la matrice flotte février 2026. Veuillez noter que la matrice de flotte a également été mise à jour.</p><p>&nbsp;</p><p>Merci de bien vouloir prendre note et nous vous souhaitons d’excellentes ventes.</p><p>Votre équipe Hyundai Switzerland</p>')
ON DUPLICATE KEY UPDATE title = VALUES(title), executive_summary = VALUES(executive_summary), content_html = VALUES(content_html);
INSERT INTO aws_notification_brands (notification_id, brand_id)
VALUES ('4NjLfsFsKrT86bvV9nlguy', 6)
ON DUPLICATE KEY UPDATE brand_id = VALUES(brand_id);
-- 3xp3jHk0IiszX7gbXCoK0X
INSERT INTO aws_notifications (id_notification, category, status, is_legacy, priority, sender, published_at)
VALUES ('3xp3jHk0IiszX7gbXCoK0X', 1, 'Published', 1, 1, 'Handover Import', '2026-02-06 18:19:01')
ON DUPLICATE KEY UPDATE category = VALUES(category), status = VALUES(status), is_legacy = VALUES(is_legacy), priority = VALUES(priority), sender = VALUES(sender), published_at = VALUES(published_at);
INSERT INTO aws_notification_translations (notification_id, locale, title, executive_summary, content_html)
VALUES ('3xp3jHk0IiszX7gbXCoK0X', 'de', 'Kundenaktionen Februar 2026', '', '<p>Sehr geehrte Hyundai Vertriebspartner,</p><p><br></p><p>Hiermit senden wir Ihnen ein Update für die Kundenaktionen Februar 2026.</p><p><br></p><p>Besten Dank für die Kenntnisnahmen und wir wünschen Ihnen erfolgreiche Verkäufe.</p><p>Ihr Hyundai Switzerland Team</p>')
ON DUPLICATE KEY UPDATE title = VALUES(title), executive_summary = VALUES(executive_summary), content_html = VALUES(content_html);
INSERT INTO aws_notification_translations (notification_id, locale, title, executive_summary, content_html)
VALUES ('3xp3jHk0IiszX7gbXCoK0X', 'fr-CH', 'Offres commerciales février 2026', '', '<p>Chers partenaires Hyundai,</p><p><br></p><p>Ici la mise à jour actualisé des offres commerciales février 2026.</p><p><br></p><p>Merci de bien vouloir prendre note et nous vous souhaitons d’excellentes ventes.</p><p>Votre équipe Hyundai Switzerland</p>')
ON DUPLICATE KEY UPDATE title = VALUES(title), executive_summary = VALUES(executive_summary), content_html = VALUES(content_html);
INSERT INTO aws_notification_translations (notification_id, locale, title, executive_summary, content_html)
VALUES ('3xp3jHk0IiszX7gbXCoK0X', 'it-CH', 'Offres commerciales février 2026', '', '<p>Chers partenaires Hyundai,</p><p><br></p><p>Ici la mise à jour actualisé des offres commerciales février 2026.</p><p><br></p><p>Merci de bien vouloir prendre note et nous vous souhaitons d’excellentes ventes.</p><p>Votre équipe Hyundai Switzerland</p>')
ON DUPLICATE KEY UPDATE title = VALUES(title), executive_summary = VALUES(executive_summary), content_html = VALUES(content_html);
INSERT INTO aws_notification_brands (notification_id, brand_id)
VALUES ('3xp3jHk0IiszX7gbXCoK0X', 6)
ON DUPLICATE KEY UPDATE brand_id = VALUES(brand_id);
-- 45C8idGunm1ZvVfeaxdI6k
INSERT INTO aws_notifications (id_notification, category, status, is_legacy, priority, sender, published_at)
VALUES ('45C8idGunm1ZvVfeaxdI6k', 1, 'Published', 1, 1, 'Handover Import', '2025-01-23 14:52:53')
ON DUPLICATE KEY UPDATE category = VALUES(category), status = VALUES(status), is_legacy = VALUES(is_legacy), priority = VALUES(priority), sender = VALUES(sender), published_at = VALUES(published_at);
INSERT INTO aws_notification_translations (notification_id, locale, title, executive_summary, content_html)
VALUES ('45C8idGunm1ZvVfeaxdI6k', 'de', 'Nissan Partnerinformation Januar 2025', '', '<p><a href=\"https://ace.astara-partner.com/_api/v1/document-assets/2rXl0kWVX9yUwfchO7x9U0/de\" rel=\"noopener noreferrer\" target=\"_blank\">Partnerinformation (DE)</a> / <a href=\"https://ace.astara-partner.com/_api/v1/document-assets/2rXl0kWVX9yUwfchO7x9U0/fr-CH\" rel=\"noopener noreferrer\" target=\"_blank\">Information Partenaires (FR)</a></p><p><br></p><p>Sehr geehrte Nissan Partnerinnen und Partner,</p><p>Zum Jahresbeginn möchten wir Sie über eine wichtige Veränderung in der Führung von Nissan Schweiz informieren: Gianpaolo Langenfeld hat am 13. Januar 2025 die Position des Brand Directors für die Marke Nissan übernommen. Gianpaolo bringt eine über 20-jährige Erfahrung in der Automobilindustrie mit, zuletzt als Head of Consumer Experience bei Volvo Österreich.<strong> Wir heissen ihn herzlich willkommen und freuen uns auf die Zusammenarbeit!</strong></p><h4><br></h4><h4>Verkaufspolitik 2025</h4><p>Die finale Version der Verkaufspolitik 2025 befindet sich in der Endphase und wird in den kommenden Tagen veröffentlicht. Bis dahin bleibt die Verkaufspolitik 2024 weiterhin gültig – mit einer wichtigen Ausnahme: Der EV-Bonus ist quartalsweise zu erfüllen.</p><h4><br></h4><h4>Sonderaktion: 4 % Bonus bis 31.03.2025</h4><p>Wir unterstützen Sie aktuell mit einem zusätzlichen Bonus von 4 % auf Fahrzeuge aus der Zone-Manager-Liste und über alle Vertriebskanäle (Privat, Flotte, Demo, Courtesy).</p><p><strong>Voraussetzungen: </strong>Die Fahrzeuge müssen bis spätestens 31.03.2025 immatrikuliert und abgemeldet werden.</p><p>Für diese Bestellungen gelten weiterhin die <strong>Margen der Verkaufspolitik 2024</strong>.</p><p><strong>Bitte kontaktieren Sie Ihren Zone Manager, um noch heute Ihre Bestellungen aufzugeben!</strong></p><p><br></p><p>Freundliche Grüsse,</p><p>Ihre NISSAN Switzerland, ASTARA Mobility Switzerland AG</p><p>Gianpaolo Langenfeld, Brand Director Nissan und Matthias Waterhouse-Berner, Sales Coordinator Nissan</p>')
ON DUPLICATE KEY UPDATE title = VALUES(title), executive_summary = VALUES(executive_summary), content_html = VALUES(content_html);
INSERT INTO aws_notification_translations (notification_id, locale, title, executive_summary, content_html)
VALUES ('45C8idGunm1ZvVfeaxdI6k', 'fr-CH', 'Nissan Information Partenaires janvier 2025', '', '<p><a href=\"https://ace.astara-partner.com/_api/v1/document-assets/2rXl0kWVX9yUwfchO7x9U0/de\" rel=\"noopener noreferrer\" target=\"_blank\">Partnerinformation (DE)</a> / <a href=\"https://ace.astara-partner.com/_api/v1/document-assets/2rXl0kWVX9yUwfchO7x9U0/fr-CH\" rel=\"noopener noreferrer\" target=\"_blank\">Information Partenaires (FR)</a></p><p><br></p><p>Chers partenaires Nissan,</p><p>En ce début d\'année, nous souhaitons vous informer d\'un changement important au sein de la direction de Nissan Suisse : Gianpaolo Langenfeld a repris le 13 janvier 2025 le poste de Brand Director pour la marque Nissan. Gianpaolo apporte avec lui plus de 20 ans d\'expérience dans l\'industrie automobile, en dernier lieu en tant que Head of Consumer Experience chez Volvo Autriche. <strong>Nous lui souhaitons la bienvenue et nous réjouissons de notre collaboration !</strong></p><h4><br></h4><h4>Politique de vente 2025</h4><p>La version finale de la politique de vente 2025 est en cours de finalisation et sera publiée dans les prochains jours. D\'ici là, la politique de vente 2024 reste en vigueur, à une exception importante près : le bonus VE doit être rempli tous les trimestres.</p><h4><br></h4><h4>Promotion spéciale : Bonus de 4 % jusqu’au 31.03.2025</h4><p>Nous vous soutenons actuellement avec un bonus supplémentaire de 4 % sur les véhicules de la liste Zone-Manager et sur tous les canaux de distribution (privé, flotte, démo, courtoisie).</p><p><strong>Conditions préalables : </strong>Les véhicules doivent être immatriculés et notifiés au plus tard le 31.03.2025.</p><p><strong>Les marges de la</strong> <strong>politique de vente 2024</strong> restent applicables à ces commandes.</p><p><strong>Veuillez contacter votre Zone Manager pour passer vos commandes dès aujourd\'hui !</strong></p><p>&nbsp;</p><p>Cordialement,</p><p>Votre NISSAN Switzerland, ASTARA Mobility Switzerland AG</p><p>Gianpaolo Langenfeld, Brand Director Nissan et Matthias Waterhouse-Berner, Sales Coordinator Nissan</p>')
ON DUPLICATE KEY UPDATE title = VALUES(title), executive_summary = VALUES(executive_summary), content_html = VALUES(content_html);
INSERT INTO aws_notification_translations (notification_id, locale, title, executive_summary, content_html)
VALUES ('45C8idGunm1ZvVfeaxdI6k', 'it-CH', 'Nissan Informazioni Partner gennaio 2025', '', '<p><a href=\"https://ace.astara-partner.com/_api/v1/document-assets/2rXl0kWVX9yUwfchO7x9U0/de\" rel=\"noopener noreferrer\" target=\"_blank\">Partnerinformation (DE)</a> / <a href=\"https://ace.astara-partner.com/_api/v1/document-assets/2rXl0kWVX9yUwfchO7x9U0/fr-CH\" rel=\"noopener noreferrer\" target=\"_blank\">Information Partenaires (FR)</a></p><p><br></p><p>Chers partenaires Nissan,</p><p>En ce début d\'année, nous souhaitons vous informer d\'un changement important au sein de la direction de Nissan Suisse : Gianpaolo Langenfeld a repris le 13 janvier 2025 le poste de Brand Director pour la marque Nissan. Gianpaolo apporte avec lui plus de 20 ans d\'expérience dans l\'industrie automobile, en dernier lieu en tant que Head of Consumer Experience chez Volvo Autriche. <strong>Nous lui souhaitons la bienvenue et nous réjouissons de notre collaboration !</strong></p><h4><br></h4><h4>Politique de vente 2025</h4><p>La version finale de la politique de vente 2025 est en cours de finalisation et sera publiée dans les prochains jours. D\'ici là, la politique de vente 2024 reste en vigueur, à une exception importante près : le bonus VE doit être rempli tous les trimestres.</p><h4><br></h4><h4>Promotion spéciale : Bonus de 4 % jusqu’au 31.03.2025</h4><p>Nous vous soutenons actuellement avec un bonus supplémentaire de 4 % sur les véhicules de la liste Zone-Manager et sur tous les canaux de distribution (privé, flotte, démo, courtoisie).</p><p><strong>Conditions préalables : </strong>Les véhicules doivent être immatriculés et notifiés au plus tard le 31.03.2025.</p><p><strong>Les marges de la politique de vente 2024</strong> restent applicables à ces commandes.</p><p><strong>Veuillez contacter votre Zone Manager pour passer vos commandes dès aujourd\'hui !</strong></p><p>&nbsp;</p><p>Cordialement,</p><p>Votre NISSAN Switzerland, ASTARA Mobility Switzerland AG</p><p>Gianpaolo Langenfeld, Brand Director Nissan et Matthias Waterhouse-Berner, Sales Coordinator Nissan</p><p>--------------</p><p><br></p><p>Sehr geehrte Nissan Partnerinnen und Partner,</p><p>Zum Jahresbeginn möchten wir Sie über eine wichtige Veränderung in der Führung von Nissan Schweiz informieren: Gianpaolo Langenfeld hat am 13. Januar 2025 die Position des Brand Directors für die Marke Nissan übernommen. Gianpaolo bringt eine über 20-jährige Erfahrung in der Automobilindustrie mit, zuletzt als Head of Consumer Experience bei Volvo Österreich.<strong> Wir heissen ihn herzlich willkommen und freuen uns auf die Zusammenarbeit!</strong></p><h4><br></h4><h4>Verkaufspolitik 2025</h4><p>Die finale Version der Verkaufspolitik 2025 befindet sich in der Endphase und wird in den kommenden Tagen veröffentlicht. Bis dahin bleibt die Verkaufspolitik 2024 weiterhin gültig – mit einer wichtigen Ausnahme: Der EV-Bonus ist quartalsweise zu erfüllen.</p><h4><br></h4><h4>Sonderaktion: 4 % Bonus bis 31.03.2025</h4><p>Wir unterstützen Sie aktuell mit einem zusätzlichen Bonus von 4 % auf Fahrzeuge aus der Zone-Manager-Liste und über alle Vertriebskanäle (Privat, Flotte, Demo, Courtesy).</p><p><strong>Voraussetzungen: </strong>Die Fahrzeuge müssen bis spätestens 31.03.2025 immatrikuliert und abgemeldet werden.</p><p>Für diese Bestellungen gelten weiterhin die <strong>Margen der Verkaufspolitik 2024</strong>.</p><p><strong>Bitte kontaktieren Sie Ihren Zone Manager, um noch heute Ihre Bestellungen aufzugeben!</strong></p><p><br></p><p>Freundliche Grüsse,</p><p>Ihre NISSAN Switzerland, ASTARA Mobility Switzerland AG</p><p>Gianpaolo Langenfeld, Brand Director Nissan und Matthias Waterhouse-Berner, Sales Coordinator Nissan</p>')
ON DUPLICATE KEY UPDATE title = VALUES(title), executive_summary = VALUES(executive_summary), content_html = VALUES(content_html);
INSERT INTO aws_notification_brands (notification_id, brand_id)
VALUES ('45C8idGunm1ZvVfeaxdI6k', 7)
ON DUPLICATE KEY UPDATE brand_id = VALUES(brand_id);
-- plZVaGQsESJtkd57Gv7iB
INSERT INTO aws_notifications (id_notification, category, status, is_legacy, priority, sender, published_at)
VALUES ('plZVaGQsESJtkd57Gv7iB', 1, 'Published', 1, 1, 'Handover Import', '2026-02-27 17:58:32')
ON DUPLICATE KEY UPDATE category = VALUES(category), status = VALUES(status), is_legacy = VALUES(is_legacy), priority = VALUES(priority), sender = VALUES(sender), published_at = VALUES(published_at);
INSERT INTO aws_notification_translations (notification_id, locale, title, executive_summary, content_html)
VALUES ('plZVaGQsESJtkd57Gv7iB', 'de', 'PI#6: Kampagnenstrategie Q1.2026 - März', '', '<p>Sehr geehrte Nissan Partnerinnen und Partner</p><p>In der Beilage finden Sie die <strong>Kampagnenstrategie für März 2026.</strong></p><p>Der März verspricht ein Monat mit grossem Potenzial zu werden. Es liegt an Ihnen, das Beste daraus zu machen!</p><p>Für Rückfragen oder Feedback stehen wir Ihnen gerne zur Verfügung. Kontaktieren Sie hierzu Ihren Zone Manager oder schreiben Sie uns an sales.nissan.ch@astara.com.</p><p>Herzliche Grüsse</p><p>NISSAN Switzerland, ASTARA Mobility Switzerland AG</p>')
ON DUPLICATE KEY UPDATE title = VALUES(title), executive_summary = VALUES(executive_summary), content_html = VALUES(content_html);
INSERT INTO aws_notification_translations (notification_id, locale, title, executive_summary, content_html)
VALUES ('plZVaGQsESJtkd57Gv7iB', 'fr-CH', 'PI#6 : Stratégie Commerciale T1.2026 – mars', '', '<p>Chers partenaires Nissan,</p><p>Vous trouverez en annexe la <strong>stratégie commerciale</strong> pour <strong>mars 2026.</strong></p><p>Mars s’annonce comme un mois à très fort potentiel. À vous de jouer pour en tirer le maximum !</p><p>Nous restons à votre disposition pour toute question ou commentaire. Pour cela, veuillez contacter votre Zone Manager ou nous écrire à l\'adresse sales.nissan.ch@astara.com.</p><p>Cordialement,</p><p>NISSAN Switzerland, ASTARA Mobility Switzerland AG</p>')
ON DUPLICATE KEY UPDATE title = VALUES(title), executive_summary = VALUES(executive_summary), content_html = VALUES(content_html);
INSERT INTO aws_notification_translations (notification_id, locale, title, executive_summary, content_html)
VALUES ('plZVaGQsESJtkd57Gv7iB', 'it-CH', 'PI#6: Strategia Commerciale Q1.2026 – marzo', '', '<p>Cari partner Nissan</p><p>In allegato troverete la <strong>strategia commerciale</strong> per <strong>marzo 2026</strong>:</p><p>Marzo si preannuncia un mese dal potenziale molto elevato. Sta a voi sfruttarlo al massimo!</p><p>Siamo a vostra disposizione per qualsiasi domanda o feedback. Contattate il vostro Zone Manager o scriveteci all\'indirizzo sales.nissan.ch@astara.com.</p><p>Cordiali saluti</p><p>NISSAN Switzerland, ASTARA Mobility Switzerland SA</p>')
ON DUPLICATE KEY UPDATE title = VALUES(title), executive_summary = VALUES(executive_summary), content_html = VALUES(content_html);
INSERT INTO aws_notification_brands (notification_id, brand_id)
VALUES ('plZVaGQsESJtkd57Gv7iB', 7)
ON DUPLICATE KEY UPDATE brand_id = VALUES(brand_id);
-- 2qaDZUMDxM6UQw8I1GhbvB
INSERT INTO aws_notifications (id_notification, category, status, is_legacy, priority, sender, published_at)
VALUES ('2qaDZUMDxM6UQw8I1GhbvB', 1, 'Published', 1, 1, 'Handover Import', '2026-02-13 15:02:23')
ON DUPLICATE KEY UPDATE category = VALUES(category), status = VALUES(status), is_legacy = VALUES(is_legacy), priority = VALUES(priority), sender = VALUES(sender), published_at = VALUES(published_at);
INSERT INTO aws_notification_translations (notification_id, locale, title, executive_summary, content_html)
VALUES ('2qaDZUMDxM6UQw8I1GhbvB', 'de', 'VRK-RS 2026-04 - Sales Challenge', '', '<p>Sehr geehrte Hyundai Vertriebspartner</p><p>&nbsp;</p><p>Mit grosser Freude lancieren wir unsere Sales Challenge im Hinblick auf die WM 2026 und informieren Sie nachfolgend über die entsprechenden Details.</p><p>&nbsp;</p><p>Besten Dank für die Kenntnisnahmen und wir wünschen Ihnen erfolgreiche Verkäufe.</p><p>Ihr Hyundai Switzerland Team</p>')
ON DUPLICATE KEY UPDATE title = VALUES(title), executive_summary = VALUES(executive_summary), content_html = VALUES(content_html);
INSERT INTO aws_notification_translations (notification_id, locale, title, executive_summary, content_html)
VALUES ('2qaDZUMDxM6UQw8I1GhbvB', 'fr-CH', 'VRK-RS 2026-04 - Sales Challenge', '', '<p>Chers partenaires Hyundai,</p><p>&nbsp;</p><p>Avec grand plaisir, nous lançons notre Sales Challenge en vue de la Coupe du Monde 2026 et vous informons ci-dessous des détails correspondants.</p><p>&nbsp;</p><p>Merci de bien vouloir prendre note et nous vous souhaitons d’excellentes ventes.</p><p>Votre équipe Hyundai Switzerland</p>')
ON DUPLICATE KEY UPDATE title = VALUES(title), executive_summary = VALUES(executive_summary), content_html = VALUES(content_html);
INSERT INTO aws_notification_translations (notification_id, locale, title, executive_summary, content_html)
VALUES ('2qaDZUMDxM6UQw8I1GhbvB', 'it-CH', 'VRK-RS 2026-04 - Sales Challenge', '', '<p>Chers partenaires Hyundai,</p><p>&nbsp;</p><p>Avec grand plaisir, nous lançons notre Sales Challenge en vue de la Coupe du Monde 2026 et vous informons ci-dessous des détails correspondants.</p><p>&nbsp;</p><p>Merci de bien vouloir prendre note et nous vous souhaitons d’excellentes ventes.</p><p>Votre équipe Hyundai Switzerland</p>')
ON DUPLICATE KEY UPDATE title = VALUES(title), executive_summary = VALUES(executive_summary), content_html = VALUES(content_html);
INSERT INTO aws_notification_brands (notification_id, brand_id)
VALUES ('2qaDZUMDxM6UQw8I1GhbvB', 6)
ON DUPLICATE KEY UPDATE brand_id = VALUES(brand_id);
-- 19El3P34nPjdCl8iijhccp
INSERT INTO aws_notifications (id_notification, category, status, is_legacy, priority, sender, published_at)
VALUES ('19El3P34nPjdCl8iijhccp', 1, 'Published', 1, 2, 'Handover Import', '2026-02-13 15:50:25')
ON DUPLICATE KEY UPDATE category = VALUES(category), status = VALUES(status), is_legacy = VALUES(is_legacy), priority = VALUES(priority), sender = VALUES(sender), published_at = VALUES(published_at);
INSERT INTO aws_notification_translations (notification_id, locale, title, executive_summary, content_html)
VALUES ('19El3P34nPjdCl8iijhccp', 'de', 'VRK-RS 2026-05 Prioritäten Februar', '', '<p>Geschätzte Hyundai-Partner,</p><p>&nbsp;</p><p>Hiermit senden wir Ihnen die Prioritäten Februar.</p><p>&nbsp;</p><p>Besten Dank für die Kenntnisnahmen und wir wünschen Ihnen erfolgreiche Verkäufe.</p><p>&nbsp;</p><p>Ihr Hyundai Switzerland Team</p>')
ON DUPLICATE KEY UPDATE title = VALUES(title), executive_summary = VALUES(executive_summary), content_html = VALUES(content_html);
INSERT INTO aws_notification_translations (notification_id, locale, title, executive_summary, content_html)
VALUES ('19El3P34nPjdCl8iijhccp', 'fr-CH', 'VRK-RS 2026-05 Priorités du mois de février', '', '<p>Chers partenaires Hyundai,</p><p>&nbsp;</p><p>Ici la mise à jour des priorités du mois de février.</p><p>&nbsp;</p><p>Merci de bien vouloir prendre note et nous vous souhaitons d’excellentes ventes.</p><p>&nbsp;</p><p>Votre équipe Hyundai Switzerland</p>')
ON DUPLICATE KEY UPDATE title = VALUES(title), executive_summary = VALUES(executive_summary), content_html = VALUES(content_html);
INSERT INTO aws_notification_translations (notification_id, locale, title, executive_summary, content_html)
VALUES ('19El3P34nPjdCl8iijhccp', 'it-CH', 'VRK-RS 2026-05 Priorités du mois de février', '', '<p>Chers partenaires Hyundai,</p><p>&nbsp;</p><p>Ici la mise à jour des priorités du mois de février.</p><p>&nbsp;</p><p>Merci de bien vouloir prendre note et nous vous souhaitons d’excellentes ventes.</p><p>&nbsp;</p><p>Votre équipe Hyundai Switzerland</p>')
ON DUPLICATE KEY UPDATE title = VALUES(title), executive_summary = VALUES(executive_summary), content_html = VALUES(content_html);
INSERT INTO aws_notification_brands (notification_id, brand_id)
VALUES ('19El3P34nPjdCl8iijhccp', 6)
ON DUPLICATE KEY UPDATE brand_id = VALUES(brand_id);
-- 5I9iHJJydqaBCwtYEk0SF6
INSERT INTO aws_notifications (id_notification, category, status, is_legacy, priority, sender, published_at)
VALUES ('5I9iHJJydqaBCwtYEk0SF6', 1, 'Published', 1, 1, 'Handover Import', '2026-03-02 12:11:31')
ON DUPLICATE KEY UPDATE category = VALUES(category), status = VALUES(status), is_legacy = VALUES(is_legacy), priority = VALUES(priority), sender = VALUES(sender), published_at = VALUES(published_at);
INSERT INTO aws_notification_translations (notification_id, locale, title, executive_summary, content_html)
VALUES ('5I9iHJJydqaBCwtYEk0SF6', 'de', 'VRK-RS-2026-07 Änderungen Hyundai Schweiz', '', '<p>Sehr geehrte Hyundai Vertriebspartner,</p><p>&nbsp;</p><p>Hiermit senden wir Ihnen Informationen bezüglich personellen Änderungen bei Hyundai.</p><p>&nbsp;</p><p>Besten Dank für die Kenntnisnahmen und wir wünschen Ihnen erfolgreiche Verkäufe.</p><p>Ihr Hyundai Switzerland Team</p>')
ON DUPLICATE KEY UPDATE title = VALUES(title), executive_summary = VALUES(executive_summary), content_html = VALUES(content_html);
INSERT INTO aws_notification_translations (notification_id, locale, title, executive_summary, content_html)
VALUES ('5I9iHJJydqaBCwtYEk0SF6', 'fr-CH', 'VRK-RS 2026-07 Changement Hyundai Suisse', '', '<p>Chers partenaires Hyundai,</p><p>&nbsp;</p><p>Vous trouverez ci-joint des information concernant des changements de personnel chez Hyundai.</p><p>&nbsp;</p><p>Merci de bien vouloir prendre note et nous vous souhaitons d’excellentes ventes.</p><p>Votre équipe Hyundai Switzerland</p>')
ON DUPLICATE KEY UPDATE title = VALUES(title), executive_summary = VALUES(executive_summary), content_html = VALUES(content_html);
INSERT INTO aws_notification_translations (notification_id, locale, title, executive_summary, content_html)
VALUES ('5I9iHJJydqaBCwtYEk0SF6', 'it-CH', 'VRK-RS 2026-07 Changement Hyundai Suisse', '', '<p>Chers partenaires Hyundai,</p><p>&nbsp;</p><p>Vous trouverez ci-joint des information concernant des changements de personnel chez Hyundai.</p><p>&nbsp;</p><p>Merci de bien vouloir prendre note et nous vous souhaitons d’excellentes ventes.</p><p>Votre équipe Hyundai Switzerland</p>')
ON DUPLICATE KEY UPDATE title = VALUES(title), executive_summary = VALUES(executive_summary), content_html = VALUES(content_html);
INSERT INTO aws_notification_brands (notification_id, brand_id)
VALUES ('5I9iHJJydqaBCwtYEk0SF6', 6)
ON DUPLICATE KEY UPDATE brand_id = VALUES(brand_id);
-- 5dptg0fYlcBlJlpXLsFj9u
INSERT INTO aws_notifications (id_notification, category, status, is_legacy, priority, sender, published_at)
VALUES ('5dptg0fYlcBlJlpXLsFj9u', 1, 'Published', 1, 1, 'Handover Import', '2026-02-19 17:10:18')
ON DUPLICATE KEY UPDATE category = VALUES(category), status = VALUES(status), is_legacy = VALUES(is_legacy), priority = VALUES(priority), sender = VALUES(sender), published_at = VALUES(published_at);
INSERT INTO aws_notification_translations (notification_id, locale, title, executive_summary, content_html)
VALUES ('5dptg0fYlcBlJlpXLsFj9u', 'de', 'Veränderung im Vertriebsteam', '', '<p>Liebe Partnerinnen und Partner</p><p><br></p><p>Wir möchten Sie darüber informieren, dass wir uns per sofort von unserem Sales Manager, Oliver Stockhecke, getrennt haben.</p><p>Uns ist bewusst, dass personelle Veränderungen in einer anspruchsvollen Phase zusätzliche Unsicherheit mit sich bringen können.</p><p>&nbsp;</p><p>Gleichzeitig hat für uns oberste Priorität, die Motivation und Profitabilität unseres Händlernetzwerks nachhaltig zu stärken. Nach sorgfältiger Prüfung sind wir zum Schluss gekommen, dass wir unsere Ziele mit der bisherigen Struktur nicht rasch genug erreichen würden.</p><p>&nbsp;</p><p>Bis zur Ernennung einer Nachfolge werden unsere ZM weiterhin eng mit Ihnen zusammenarbeiten – mit unserer vollen Unterstützung, um eine stabile und verlässliche Betreuung sicherzustellen. Ihr Erfolg bleibt die Basis unseres gemeinsamen Wachstums.</p><p>&nbsp;</p><p>Wir danken Ihnen für Ihre Partnerschaft und Ihr Vertrauen.</p><p>Mit freundlichen Grüssen</p><p><br></p><p><strong>Yannick Lagger</strong></p><p>Brand Director Astara ITAL</p>')
ON DUPLICATE KEY UPDATE title = VALUES(title), executive_summary = VALUES(executive_summary), content_html = VALUES(content_html);
INSERT INTO aws_notification_translations (notification_id, locale, title, executive_summary, content_html)
VALUES ('5dptg0fYlcBlJlpXLsFj9u', 'fr-CH', 'Changement au sein de l’équipe commerciale', '', '<p>Chères partenaires, chers partenaires,</p><p><br></p><p>Nous souhaitons vous informer que nous nous sommes séparés avec effet immédiat de notre Sales Manager, Oliver Stockhecke.</p><p>Nous sommes conscients que des changements de personnel dans une période exigeante peuvent générer une certaine incertitude.</p><p>&nbsp;</p><p>Dans le même temps, notre priorité absolue reste de renforcer durablement la motivation et la rentabilité de notre réseau de concessionnaires.</p><p>Après un examen approfondi, nous sommes arrivés à la conclusion que nous ne pourrions pas atteindre nos objectifs suffisamment rapidement avec la structure précédente.</p><p>&nbsp;</p><p>Dans l’attente de la nomination d’un·e successeur·e, nos ZM continueront de travailler en étroite collaboration avec vous – avec tout notre soutien – afin de garantir un accompagnement stable et fiable. Votre succès est la base de notre performance commune.</p><p>&nbsp;</p><p>Nous vous remercions de votre partenariat et de votre confiance.</p><p>Avec nos salutations distinguées,</p><p><br></p><p><strong>Yannick Lagger</strong></p><p>Brand Director ITAL</p>')
ON DUPLICATE KEY UPDATE title = VALUES(title), executive_summary = VALUES(executive_summary), content_html = VALUES(content_html);
INSERT INTO aws_notification_translations (notification_id, locale, title, executive_summary, content_html)
VALUES ('5dptg0fYlcBlJlpXLsFj9u', 'it-CH', 'Cambiamento nel team commerciale', '', '<p>Cari partner,</p><p><br></p><p>desideriamo informarvi che, con effetto immediato, ci siamo separati dal nostro Sales Manager, Oliver Stockhecke. Siamo consapevoli che i cambiamenti di personale in una fase impegnativa possano generare ulteriore incertezza.</p><p>&nbsp;</p><p>Allo stesso tempo, la nostra massima priorità rimane quella di rafforzare in modo duraturo la motivazione e la redditività della nostra rete di concessionari. Dopo un’attenta valutazione, siamo giunti alla conclusione che con la precedente struttura non saremmo riusciti a raggiungere i nostri obiettivi con la rapidità necessaria.</p><p>&nbsp;</p><p>In attesa di nominare una persona sostituta, i nostri ZM continueranno a collaborare strettamente con voi – con il nostro pieno supporto – per garantire un’assistenza stabile e affidabile. Il vostro successo rimane la base della nostra crescita comune.</p><p>&nbsp;</p><p>Vi ringraziamo per la vostra collaborazione e per la fiducia che ci accordate.</p><p>&nbsp;</p><p>Cordiali saluti,</p><p><strong>Yannick Lagger</strong></p><p>Brand Director ITAL</p><p>&nbsp;</p>')
ON DUPLICATE KEY UPDATE title = VALUES(title), executive_summary = VALUES(executive_summary), content_html = VALUES(content_html);
INSERT INTO aws_notification_brands (notification_id, brand_id)
VALUES ('5dptg0fYlcBlJlpXLsFj9u', 3)
ON DUPLICATE KEY UPDATE brand_id = VALUES(brand_id);
INSERT INTO aws_notification_brands (notification_id, brand_id)
VALUES ('5dptg0fYlcBlJlpXLsFj9u', 5)
ON DUPLICATE KEY UPDATE brand_id = VALUES(brand_id);
INSERT INTO aws_notification_brands (notification_id, brand_id)
VALUES ('5dptg0fYlcBlJlpXLsFj9u', 1)
ON DUPLICATE KEY UPDATE brand_id = VALUES(brand_id);
INSERT INTO aws_notification_brands (notification_id, brand_id)
VALUES ('5dptg0fYlcBlJlpXLsFj9u', 4)
ON DUPLICATE KEY UPDATE brand_id = VALUES(brand_id);
-- 2JErAvOJEzhhYcbFJAi0hp
INSERT INTO aws_notifications (id_notification, category, status, is_legacy, priority, sender, published_at)
VALUES ('2JErAvOJEzhhYcbFJAi0hp', 1, 'Published', 1, 1, 'Handover Import', '2026-02-27 18:00:49')
ON DUPLICATE KEY UPDATE category = VALUES(category), status = VALUES(status), is_legacy = VALUES(is_legacy), priority = VALUES(priority), sender = VALUES(sender), published_at = VALUES(published_at);
INSERT INTO aws_notification_translations (notification_id, locale, title, executive_summary, content_html)
VALUES ('2JErAvOJEzhhYcbFJAi0hp', 'de', 'Verkaufsaktionen (Ref 20260226a)', 'Im Dokument der Verkaufsaktionen sind nun auch die Flottenkonditionen enthalten.\n', '<p>-</p>')
ON DUPLICATE KEY UPDATE title = VALUES(title), executive_summary = VALUES(executive_summary), content_html = VALUES(content_html);
INSERT INTO aws_notification_translations (notification_id, locale, title, executive_summary, content_html)
VALUES ('2JErAvOJEzhhYcbFJAi0hp', 'fr-CH', 'Actions de vente (Ref 20260226a)', 'Actions de vente FIAT Professional mars 2026 (inchangées)\n', '<p>-</p>')
ON DUPLICATE KEY UPDATE title = VALUES(title), executive_summary = VALUES(executive_summary), content_html = VALUES(content_html);
INSERT INTO aws_notification_translations (notification_id, locale, title, executive_summary, content_html)
VALUES ('2JErAvOJEzhhYcbFJAi0hp', 'it-CH', 'Azioni di vendita (Ref 20260226a)', 'Azioni di vendita FIAT Professional marzo 2026 (immutate)\n', '<p>-</p>')
ON DUPLICATE KEY UPDATE title = VALUES(title), executive_summary = VALUES(executive_summary), content_html = VALUES(content_html);
INSERT INTO aws_notification_brands (notification_id, brand_id)
VALUES ('2JErAvOJEzhhYcbFJAi0hp', 5)
ON DUPLICATE KEY UPDATE brand_id = VALUES(brand_id);
-- 32WlkeFMAptEkvdmgcaSti
INSERT INTO aws_notifications (id_notification, category, status, is_legacy, priority, sender, published_at)
VALUES ('32WlkeFMAptEkvdmgcaSti', 1, 'Published', 1, 1, 'Handover Import', '2026-02-27 17:59:09')
ON DUPLICATE KEY UPDATE category = VALUES(category), status = VALUES(status), is_legacy = VALUES(is_legacy), priority = VALUES(priority), sender = VALUES(sender), published_at = VALUES(published_at);
INSERT INTO aws_notification_translations (notification_id, locale, title, executive_summary, content_html)
VALUES ('32WlkeFMAptEkvdmgcaSti', 'de', 'Verkaufsaktionen (Ref 20260226a)', 'Im Dokument der Verkaufsaktionen sind nun auch die Flottenkonditionen enthalten.\n', '<p>-</p>')
ON DUPLICATE KEY UPDATE title = VALUES(title), executive_summary = VALUES(executive_summary), content_html = VALUES(content_html);
INSERT INTO aws_notification_translations (notification_id, locale, title, executive_summary, content_html)
VALUES ('32WlkeFMAptEkvdmgcaSti', 'fr-CH', 'Actions de vente (Ref 20260226a)', 'Dans le document des actions de vente, les conditions flotte sont désormais également incluses.\n', '<p>-</p>')
ON DUPLICATE KEY UPDATE title = VALUES(title), executive_summary = VALUES(executive_summary), content_html = VALUES(content_html);
INSERT INTO aws_notification_translations (notification_id, locale, title, executive_summary, content_html)
VALUES ('32WlkeFMAptEkvdmgcaSti', 'it-CH', 'Azioni di vendita (Ref 20260226a)', 'Nel documento delle azioni di vendita sono ora incluse anche le condizioni flotte.\n', '<p>-</p>')
ON DUPLICATE KEY UPDATE title = VALUES(title), executive_summary = VALUES(executive_summary), content_html = VALUES(content_html);
INSERT INTO aws_notification_brands (notification_id, brand_id)
VALUES ('32WlkeFMAptEkvdmgcaSti', 1)
ON DUPLICATE KEY UPDATE brand_id = VALUES(brand_id);
-- 35JyXQym66ja6SGWp2lNna
INSERT INTO aws_notifications (id_notification, category, status, is_legacy, priority, sender, published_at)
VALUES ('35JyXQym66ja6SGWp2lNna', 1, 'Published', 1, 1, 'Handover Import', '2026-02-27 17:58:32')
ON DUPLICATE KEY UPDATE category = VALUES(category), status = VALUES(status), is_legacy = VALUES(is_legacy), priority = VALUES(priority), sender = VALUES(sender), published_at = VALUES(published_at);
INSERT INTO aws_notification_translations (notification_id, locale, title, executive_summary, content_html)
VALUES ('35JyXQym66ja6SGWp2lNna', 'de', 'Verkaufsaktionen (Ref 20260226a)', 'Im Dokument der Verkaufsaktionen sind nun auch die Flottenkonditionen enthalten.\n', '<p>-</p>')
ON DUPLICATE KEY UPDATE title = VALUES(title), executive_summary = VALUES(executive_summary), content_html = VALUES(content_html);
INSERT INTO aws_notification_translations (notification_id, locale, title, executive_summary, content_html)
VALUES ('35JyXQym66ja6SGWp2lNna', 'fr-CH', 'Actions de vente (Ref 20260226a)', 'Dans le document des actions de vente, les conditions flotte sont désormais également incluses.\n', '<p>-</p>')
ON DUPLICATE KEY UPDATE title = VALUES(title), executive_summary = VALUES(executive_summary), content_html = VALUES(content_html);
INSERT INTO aws_notification_translations (notification_id, locale, title, executive_summary, content_html)
VALUES ('35JyXQym66ja6SGWp2lNna', 'it-CH', 'Azioni di vendita (Ref 20260226a)', 'Nel documento delle azioni di vendita sono ora incluse anche le condizioni flotte.\n', '<p>-</p>')
ON DUPLICATE KEY UPDATE title = VALUES(title), executive_summary = VALUES(executive_summary), content_html = VALUES(content_html);
INSERT INTO aws_notification_brands (notification_id, brand_id)
VALUES ('35JyXQym66ja6SGWp2lNna', 4)
ON DUPLICATE KEY UPDATE brand_id = VALUES(brand_id);
-- 4fLxkarBH0N6mNxFOrBgsf
INSERT INTO aws_notifications (id_notification, category, status, is_legacy, priority, sender, published_at)
VALUES ('4fLxkarBH0N6mNxFOrBgsf', 1, 'Published', 1, 1, 'Handover Import', '2026-02-27 18:01:10')
ON DUPLICATE KEY UPDATE category = VALUES(category), status = VALUES(status), is_legacy = VALUES(is_legacy), priority = VALUES(priority), sender = VALUES(sender), published_at = VALUES(published_at);
INSERT INTO aws_notification_translations (notification_id, locale, title, executive_summary, content_html)
VALUES ('4fLxkarBH0N6mNxFOrBgsf', 'de', 'Verkaufsaktionen (Ref 20260226a)', 'Im Dokument der Verkaufsaktionen sind nun auch die Flottenkonditionen enthalten.\n', '<p>-</p>')
ON DUPLICATE KEY UPDATE title = VALUES(title), executive_summary = VALUES(executive_summary), content_html = VALUES(content_html);
INSERT INTO aws_notification_translations (notification_id, locale, title, executive_summary, content_html)
VALUES ('4fLxkarBH0N6mNxFOrBgsf', 'fr-CH', 'Actions de vente (Ref 20260226a)', 'Dans le document des actions de vente, les conditions flotte sont désormais également incluses.\n', '<p>-</p>')
ON DUPLICATE KEY UPDATE title = VALUES(title), executive_summary = VALUES(executive_summary), content_html = VALUES(content_html);
INSERT INTO aws_notification_translations (notification_id, locale, title, executive_summary, content_html)
VALUES ('4fLxkarBH0N6mNxFOrBgsf', 'it-CH', 'Azioni di vendita (Ref 20260226a)', 'Nel documento delle azioni di vendita sono ora incluse anche le condizioni flotte.\n', '<p>-</p>')
ON DUPLICATE KEY UPDATE title = VALUES(title), executive_summary = VALUES(executive_summary), content_html = VALUES(content_html);
INSERT INTO aws_notification_brands (notification_id, brand_id)
VALUES ('4fLxkarBH0N6mNxFOrBgsf', 3)
ON DUPLICATE KEY UPDATE brand_id = VALUES(brand_id);
-- 4lqqFFJAEqq3uwq7cgt3Dt
INSERT INTO aws_notifications (id_notification, category, status, is_legacy, priority, sender, published_at)
VALUES ('4lqqFFJAEqq3uwq7cgt3Dt', 1, 'Published', 1, 1, 'Handover Import', '2026-02-27 17:58:54')
ON DUPLICATE KEY UPDATE category = VALUES(category), status = VALUES(status), is_legacy = VALUES(is_legacy), priority = VALUES(priority), sender = VALUES(sender), published_at = VALUES(published_at);
INSERT INTO aws_notification_translations (notification_id, locale, title, executive_summary, content_html)
VALUES ('4lqqFFJAEqq3uwq7cgt3Dt', 'de', 'Verkaufsaktionen FIAT Professional (unverändert)', '', '<p>-</p>')
ON DUPLICATE KEY UPDATE title = VALUES(title), executive_summary = VALUES(executive_summary), content_html = VALUES(content_html);
INSERT INTO aws_notification_translations (notification_id, locale, title, executive_summary, content_html)
VALUES ('4lqqFFJAEqq3uwq7cgt3Dt', 'fr-CH', 'Actions de vente FIAT Professional (inchangées)', '', '<p>-</p>')
ON DUPLICATE KEY UPDATE title = VALUES(title), executive_summary = VALUES(executive_summary), content_html = VALUES(content_html);
INSERT INTO aws_notification_translations (notification_id, locale, title, executive_summary, content_html)
VALUES ('4lqqFFJAEqq3uwq7cgt3Dt', 'it-CH', 'Azioni di vendita FIAT Professional (immutate)', '', '<p>-</p>')
ON DUPLICATE KEY UPDATE title = VALUES(title), executive_summary = VALUES(executive_summary), content_html = VALUES(content_html);
INSERT INTO aws_notification_brands (notification_id, brand_id)
VALUES ('4lqqFFJAEqq3uwq7cgt3Dt', 1)
ON DUPLICATE KEY UPDATE brand_id = VALUES(brand_id);
-- 4oC1gbMMadxGGnKzThSXIv
INSERT INTO aws_notifications (id_notification, category, status, is_legacy, priority, sender, published_at)
VALUES ('4oC1gbMMadxGGnKzThSXIv', 1, 'Published', 1, 1, 'Handover Import', '2026-03-02 15:58:29')
ON DUPLICATE KEY UPDATE category = VALUES(category), status = VALUES(status), is_legacy = VALUES(is_legacy), priority = VALUES(priority), sender = VALUES(sender), published_at = VALUES(published_at);
INSERT INTO aws_notification_translations (notification_id, locale, title, executive_summary, content_html)
VALUES ('4oC1gbMMadxGGnKzThSXIv', 'de', 'Verkaufsaktionen-Aktualisierung (Ref20260302a)', 'Neue Flottenkonditionen für den New Compass First Edition', '<p>-</p>')
ON DUPLICATE KEY UPDATE title = VALUES(title), executive_summary = VALUES(executive_summary), content_html = VALUES(content_html);
INSERT INTO aws_notification_translations (notification_id, locale, title, executive_summary, content_html)
VALUES ('4oC1gbMMadxGGnKzThSXIv', 'fr-CH', 'Mise à jour actions de vente (Ref20260302a)', 'Nouvelle conditions flottes pour New Compass First Edition', '<p>-</p>')
ON DUPLICATE KEY UPDATE title = VALUES(title), executive_summary = VALUES(executive_summary), content_html = VALUES(content_html);
INSERT INTO aws_notification_translations (notification_id, locale, title, executive_summary, content_html)
VALUES ('4oC1gbMMadxGGnKzThSXIv', 'it-CH', 'Aggiornamento azioni di vendita (Ref20260302a)', 'Nuove condizioni flotte New Compass First Edition ', '<p>-</p>')
ON DUPLICATE KEY UPDATE title = VALUES(title), executive_summary = VALUES(executive_summary), content_html = VALUES(content_html);
INSERT INTO aws_notification_brands (notification_id, brand_id)
VALUES ('4oC1gbMMadxGGnKzThSXIv', 4)
ON DUPLICATE KEY UPDATE brand_id = VALUES(brand_id);
-- 2wqBYkf4wGCAZWhjnGWYHk
INSERT INTO aws_notifications (id_notification, category, status, is_legacy, priority, sender, published_at)
VALUES ('2wqBYkf4wGCAZWhjnGWYHk', 7, 'Published', 1, 1, 'Handover Import', '2026-02-12 14:57:25')
ON DUPLICATE KEY UPDATE category = VALUES(category), status = VALUES(status), is_legacy = VALUES(is_legacy), priority = VALUES(priority), sender = VALUES(sender), published_at = VALUES(published_at);
INSERT INTO aws_notification_translations (notification_id, locale, title, executive_summary, content_html)
VALUES ('2wqBYkf4wGCAZWhjnGWYHk', 'de', 'HYUNDAI BRAND DAY UND H-CODE 2.0', '', '<p>Sehr geehrte Hyundai-Partner</p><p>&nbsp;</p><p>Es freut uns, Ihnen mitzuteilen, dass dieses Jahr eine neue Runde der Sales-Schulung startet.</p>')
ON DUPLICATE KEY UPDATE title = VALUES(title), executive_summary = VALUES(executive_summary), content_html = VALUES(content_html);
INSERT INTO aws_notification_translations (notification_id, locale, title, executive_summary, content_html)
VALUES ('2wqBYkf4wGCAZWhjnGWYHk', 'fr-CH', 'Formation – BRAND DAYS ET H-CODE 2.0', '', '<p><strong>Chers partenaires Hyundai</strong></p><p>&nbsp;</p><p><strong>Cette circulaire est uniquement fournie à titre informatif.</strong></p>')
ON DUPLICATE KEY UPDATE title = VALUES(title), executive_summary = VALUES(executive_summary), content_html = VALUES(content_html);
INSERT INTO aws_notification_translations (notification_id, locale, title, executive_summary, content_html)
VALUES ('2wqBYkf4wGCAZWhjnGWYHk', 'it-CH', 'Formazione – BRAND DAYS UND H-CODE 2.0', '', '<p><strong>Egregi partner Hyundai</strong></p><p><strong>&nbsp;</strong></p><p><strong>Questa circolare è solo a scopo informativo.</strong></p>')
ON DUPLICATE KEY UPDATE title = VALUES(title), executive_summary = VALUES(executive_summary), content_html = VALUES(content_html);
INSERT INTO aws_notification_brands (notification_id, brand_id)
VALUES ('2wqBYkf4wGCAZWhjnGWYHk', 6)
ON DUPLICATE KEY UPDATE brand_id = VALUES(brand_id);
-- 6HhUbCMrPt7Obr2fhtXHQb
INSERT INTO aws_notifications (id_notification, category, status, is_legacy, priority, sender, published_at)
VALUES ('6HhUbCMrPt7Obr2fhtXHQb', 7, 'Published', 1, 1, 'Handover Import', '2026-02-12 08:16:42')
ON DUPLICATE KEY UPDATE category = VALUES(category), status = VALUES(status), is_legacy = VALUES(is_legacy), priority = VALUES(priority), sender = VALUES(sender), published_at = VALUES(published_at);
INSERT INTO aws_notification_translations (notification_id, locale, title, executive_summary, content_html)
VALUES ('6HhUbCMrPt7Obr2fhtXHQb', 'de', 'Infoschreiben Leadership Academy 2026', 'Anfrage Interesse Leadership Academy 2026', '')
ON DUPLICATE KEY UPDATE title = VALUES(title), executive_summary = VALUES(executive_summary), content_html = VALUES(content_html);
INSERT INTO aws_notification_translations (notification_id, locale, title, executive_summary, content_html)
VALUES ('6HhUbCMrPt7Obr2fhtXHQb', 'fr-CH', 'Information Leadership Academy', 'Cette formation n’est actuellement proposée qu’en allemand. ', '')
ON DUPLICATE KEY UPDATE title = VALUES(title), executive_summary = VALUES(executive_summary), content_html = VALUES(content_html);
INSERT INTO aws_notification_translations (notification_id, locale, title, executive_summary, content_html)
VALUES ('6HhUbCMrPt7Obr2fhtXHQb', 'it-CH', 'Informazioni Leadership Academy', 'Al momento offriamo questa formazione solo in tedesco. ', '')
ON DUPLICATE KEY UPDATE title = VALUES(title), executive_summary = VALUES(executive_summary), content_html = VALUES(content_html);
INSERT INTO aws_notification_brands (notification_id, brand_id)
VALUES ('6HhUbCMrPt7Obr2fhtXHQb', 3)
ON DUPLICATE KEY UPDATE brand_id = VALUES(brand_id);
INSERT INTO aws_notification_brands (notification_id, brand_id)
VALUES ('6HhUbCMrPt7Obr2fhtXHQb', 5)
ON DUPLICATE KEY UPDATE brand_id = VALUES(brand_id);
INSERT INTO aws_notification_brands (notification_id, brand_id)
VALUES ('6HhUbCMrPt7Obr2fhtXHQb', 1)
ON DUPLICATE KEY UPDATE brand_id = VALUES(brand_id);
INSERT INTO aws_notification_brands (notification_id, brand_id)
VALUES ('6HhUbCMrPt7Obr2fhtXHQb', 4)
ON DUPLICATE KEY UPDATE brand_id = VALUES(brand_id);
-- 2MYJaJD2gGbSkso7dPjo1L
INSERT INTO aws_notifications (id_notification, category, status, is_legacy, priority, sender, published_at)
VALUES ('2MYJaJD2gGbSkso7dPjo1L', 7, 'Published', 1, 1, 'Handover Import', '2026-02-24 14:33:38')
ON DUPLICATE KEY UPDATE category = VALUES(category), status = VALUES(status), is_legacy = VALUES(is_legacy), priority = VALUES(priority), sender = VALUES(sender), published_at = VALUES(published_at);
INSERT INTO aws_notification_translations (notification_id, locale, title, executive_summary, content_html)
VALUES ('2MYJaJD2gGbSkso7dPjo1L', 'de', 'Leadership Academy Modul 1 2026 (mit Datum)', 'Leadership Academy Modul 1 2026 (mit Datum)', '')
ON DUPLICATE KEY UPDATE title = VALUES(title), executive_summary = VALUES(executive_summary), content_html = VALUES(content_html);
INSERT INTO aws_notification_translations (notification_id, locale, title, executive_summary, content_html)
VALUES ('2MYJaJD2gGbSkso7dPjo1L', 'fr-CH', 'LIVE Leadership Academy Modul 1 DE (mit Datum)', 'Cette formation est pour l’instant uniquement dispensée en allemand. ', '')
ON DUPLICATE KEY UPDATE title = VALUES(title), executive_summary = VALUES(executive_summary), content_html = VALUES(content_html);
INSERT INTO aws_notification_translations (notification_id, locale, title, executive_summary, content_html)
VALUES ('2MYJaJD2gGbSkso7dPjo1L', 'it-CH', 'LIVE Leadership Academy Modul 1 DE (mit Datum)', 'Per il momento questa formazione si svolge solo in lingua tedesca. ', '')
ON DUPLICATE KEY UPDATE title = VALUES(title), executive_summary = VALUES(executive_summary), content_html = VALUES(content_html);
INSERT INTO aws_notification_brands (notification_id, brand_id)
VALUES ('2MYJaJD2gGbSkso7dPjo1L', 3)
ON DUPLICATE KEY UPDATE brand_id = VALUES(brand_id);
INSERT INTO aws_notification_brands (notification_id, brand_id)
VALUES ('2MYJaJD2gGbSkso7dPjo1L', 5)
ON DUPLICATE KEY UPDATE brand_id = VALUES(brand_id);
INSERT INTO aws_notification_brands (notification_id, brand_id)
VALUES ('2MYJaJD2gGbSkso7dPjo1L', 1)
ON DUPLICATE KEY UPDATE brand_id = VALUES(brand_id);
INSERT INTO aws_notification_brands (notification_id, brand_id)
VALUES ('2MYJaJD2gGbSkso7dPjo1L', 4)
ON DUPLICATE KEY UPDATE brand_id = VALUES(brand_id);
-- 257zGHQ9I2WFNcjFWPVAcO
INSERT INTO aws_notifications (id_notification, category, status, is_legacy, priority, sender, published_at)
VALUES ('257zGHQ9I2WFNcjFWPVAcO', 7, 'Published', 1, 1, 'Handover Import', '2026-02-18 15:38:52')
ON DUPLICATE KEY UPDATE category = VALUES(category), status = VALUES(status), is_legacy = VALUES(is_legacy), priority = VALUES(priority), sender = VALUES(sender), published_at = VALUES(published_at);
INSERT INTO aws_notification_translations (notification_id, locale, title, executive_summary, content_html)
VALUES ('257zGHQ9I2WFNcjFWPVAcO', 'de', 'NISSAN BRAND DAY UND NSSC Sales Zertifizierung 2026 ', '', '<p>Sehr geehrte Nissan-Partner</p><p><br></p><p>Es freut uns, Ihnen mitzuteilen, dass wir für dieses Jahr eine neue Runde der Sales-Zertifizierung starten.</p>')
ON DUPLICATE KEY UPDATE title = VALUES(title), executive_summary = VALUES(executive_summary), content_html = VALUES(content_html);
INSERT INTO aws_notification_translations (notification_id, locale, title, executive_summary, content_html)
VALUES ('257zGHQ9I2WFNcjFWPVAcO', 'fr-CH', 'NISSAN BRAND DAY ET CERTIFICATION NSSC DE VENTE 2026', '', '<p>Chers partenaires Nissan</p><p>&nbsp;</p><p>Nous avons le plaisir de vous informer que nous lançons cette année une nouvelle session de certification de vente.&nbsp;</p>')
ON DUPLICATE KEY UPDATE title = VALUES(title), executive_summary = VALUES(executive_summary), content_html = VALUES(content_html);
INSERT INTO aws_notification_translations (notification_id, locale, title, executive_summary, content_html)
VALUES ('257zGHQ9I2WFNcjFWPVAcO', 'it-CH', 'NISSAN BRAND DAY E CERTIFICAZIONE NSSC DI VENDITA 2026', '', '<p><strong>Egregi partner Nissan</strong></p><p><strong>&nbsp;</strong></p><p><strong>Questa circolare è solo a scopo informativo.&nbsp;</strong></p>')
ON DUPLICATE KEY UPDATE title = VALUES(title), executive_summary = VALUES(executive_summary), content_html = VALUES(content_html);
INSERT INTO aws_notification_brands (notification_id, brand_id)
VALUES ('257zGHQ9I2WFNcjFWPVAcO', 7)
ON DUPLICATE KEY UPDATE brand_id = VALUES(brand_id);
-- 2g3DuBSMEXDW80rFJnNdGh
INSERT INTO aws_notifications (id_notification, category, status, is_legacy, priority, sender, published_at)
VALUES ('2g3DuBSMEXDW80rFJnNdGh', 7, 'Published', 1, 1, 'Handover Import', '2026-02-11 07:48:57')
ON DUPLICATE KEY UPDATE category = VALUES(category), status = VALUES(status), is_legacy = VALUES(is_legacy), priority = VALUES(priority), sender = VALUES(sender), published_at = VALUES(published_at);
INSERT INTO aws_notification_translations (notification_id, locale, title, executive_summary, content_html)
VALUES ('2g3DuBSMEXDW80rFJnNdGh', 'de', 'Präsentation VCT Fiat Professional \"Conversions\"', 'Präsentation VCT Fiat Professional \"Conversions\"', '')
ON DUPLICATE KEY UPDATE title = VALUES(title), executive_summary = VALUES(executive_summary), content_html = VALUES(content_html);
INSERT INTO aws_notification_translations (notification_id, locale, title, executive_summary, content_html)
VALUES ('2g3DuBSMEXDW80rFJnNdGh', 'fr-CH', 'Präsentation VCT Fiat Professional \"Conversions\"', 'Präsentation VCT Fiat Professional \"Conversions\"', '')
ON DUPLICATE KEY UPDATE title = VALUES(title), executive_summary = VALUES(executive_summary), content_html = VALUES(content_html);
INSERT INTO aws_notification_translations (notification_id, locale, title, executive_summary, content_html)
VALUES ('2g3DuBSMEXDW80rFJnNdGh', 'it-CH', 'Präsentation VCT Fiat Professional \"Conversions\"', 'Präsentation VCT Fiat Professional \"Conversions\"', '')
ON DUPLICATE KEY UPDATE title = VALUES(title), executive_summary = VALUES(executive_summary), content_html = VALUES(content_html);
-- 1c8g3Mdtwh5G1K3eEfbrwg
INSERT INTO aws_notifications (id_notification, category, status, is_legacy, priority, sender, published_at)
VALUES ('1c8g3Mdtwh5G1K3eEfbrwg', 7, 'Published', 1, 1, 'Handover Import', '2026-02-09 06:39:34')
ON DUPLICATE KEY UPDATE category = VALUES(category), status = VALUES(status), is_legacy = VALUES(is_legacy), priority = VALUES(priority), sender = VALUES(sender), published_at = VALUES(published_at);
INSERT INTO aws_notification_translations (notification_id, locale, title, executive_summary, content_html)
VALUES ('1c8g3Mdtwh5G1K3eEfbrwg', 'de', 'Schulung \"EV-Technologie für Verkaufsberater\"', 'Verschiebung Technische Schulung \"EV-Technologie für Verkaufsberater\"', '')
ON DUPLICATE KEY UPDATE title = VALUES(title), executive_summary = VALUES(executive_summary), content_html = VALUES(content_html);
INSERT INTO aws_notification_translations (notification_id, locale, title, executive_summary, content_html)
VALUES ('1c8g3Mdtwh5G1K3eEfbrwg', 'fr-CH', 'Formation \"EV-Tecnologie pour vendeurs\"', 'Report de la formation \"EV-Tecnologie pour vendeurs\"', '')
ON DUPLICATE KEY UPDATE title = VALUES(title), executive_summary = VALUES(executive_summary), content_html = VALUES(content_html);
INSERT INTO aws_notification_translations (notification_id, locale, title, executive_summary, content_html)
VALUES ('1c8g3Mdtwh5G1K3eEfbrwg', 'it-CH', 'Formation \"EV-Tecnologie pour vendeurs\"', 'Report de la formation \"EV-Tecnologie pour vendeurs\"', '')
ON DUPLICATE KEY UPDATE title = VALUES(title), executive_summary = VALUES(executive_summary), content_html = VALUES(content_html);
INSERT INTO aws_notification_brands (notification_id, brand_id)
VALUES ('1c8g3Mdtwh5G1K3eEfbrwg', 3)
ON DUPLICATE KEY UPDATE brand_id = VALUES(brand_id);
INSERT INTO aws_notification_brands (notification_id, brand_id)
VALUES ('1c8g3Mdtwh5G1K3eEfbrwg', 5)
ON DUPLICATE KEY UPDATE brand_id = VALUES(brand_id);
INSERT INTO aws_notification_brands (notification_id, brand_id)
VALUES ('1c8g3Mdtwh5G1K3eEfbrwg', 1)
ON DUPLICATE KEY UPDATE brand_id = VALUES(brand_id);
INSERT INTO aws_notification_brands (notification_id, brand_id)
VALUES ('1c8g3Mdtwh5G1K3eEfbrwg', 6)
ON DUPLICATE KEY UPDATE brand_id = VALUES(brand_id);
INSERT INTO aws_notification_brands (notification_id, brand_id)
VALUES ('1c8g3Mdtwh5G1K3eEfbrwg', 4)
ON DUPLICATE KEY UPDATE brand_id = VALUES(brand_id);
INSERT INTO aws_notification_brands (notification_id, brand_id)
VALUES ('1c8g3Mdtwh5G1K3eEfbrwg', 10)
ON DUPLICATE KEY UPDATE brand_id = VALUES(brand_id);
INSERT INTO aws_notification_brands (notification_id, brand_id)
VALUES ('1c8g3Mdtwh5G1K3eEfbrwg', 11)
ON DUPLICATE KEY UPDATE brand_id = VALUES(brand_id);
INSERT INTO aws_notification_brands (notification_id, brand_id)
VALUES ('1c8g3Mdtwh5G1K3eEfbrwg', 7)
ON DUPLICATE KEY UPDATE brand_id = VALUES(brand_id);
-- 2M2NtdznsqVkmFngsk2xGW
INSERT INTO aws_notifications (id_notification, category, status, is_legacy, priority, sender, published_at)
VALUES ('2M2NtdznsqVkmFngsk2xGW', 1, 'Published', 1, 1, 'Handover Import', '2026-02-16 09:00:03')
ON DUPLICATE KEY UPDATE category = VALUES(category), status = VALUES(status), is_legacy = VALUES(is_legacy), priority = VALUES(priority), sender = VALUES(sender), published_at = VALUES(published_at);
INSERT INTO aws_notification_translations (notification_id, locale, title, executive_summary, content_html)
VALUES ('2M2NtdznsqVkmFngsk2xGW', 'de', 'Hyundai_Gebrauchtwagen auf astara-remarketing', 'INF-2026-02-UC-Gebrauchtwagen auf www.astara-remarketing.com', '<p>Geschätzte Vertriebspartner</p><p><br></p><p>Anbei finden das Rundschreiben bezüglich Gebrauchtwagen.</p><p>&nbsp;</p><p>Wir danken Ihnen für die Kenntnisnahme und wünschen Ihnen viel Erfolg beim Verkauf der Gebrauchtwagen.</p><p>&nbsp;</p><p>Ihr Used Cars Team</p>')
ON DUPLICATE KEY UPDATE title = VALUES(title), executive_summary = VALUES(executive_summary), content_html = VALUES(content_html);
INSERT INTO aws_notification_translations (notification_id, locale, title, executive_summary, content_html)
VALUES ('2M2NtdznsqVkmFngsk2xGW', 'fr-CH', 'Hyundai_Véh. d’occasion sur astara-remarketing', 'INF-2026-02-UC-Véhicules d’occasion sur www.astara-remarketing.com', '<p>Chers partenaires,</p><p><br></p><p>Veuillez trouver ci-joint une circulaire concernant des véhicules d\'occasion.</p><p>&nbsp;</p><p>Nous vous remercions pour votre prise en compte et vous souhaitons plein de succès dans la vente des véhicules d’occasion.</p><p>&nbsp;</p><p>Votre équipe Used Cars</p>')
ON DUPLICATE KEY UPDATE title = VALUES(title), executive_summary = VALUES(executive_summary), content_html = VALUES(content_html);
INSERT INTO aws_notification_translations (notification_id, locale, title, executive_summary, content_html)
VALUES ('2M2NtdznsqVkmFngsk2xGW', 'it-CH', 'Hyundai_ Veicoli usati su astara-remarketing', 'INF-2026-02-UC-Veicoli usati su www.astara-remarketing.com', '<p>Cari partner,</p><p>&nbsp;</p><p>In allegato troverete la circolare per vetture usate.</p><p>&nbsp;</p><p>Vi ringraziamo per l\'attenzione e vi auguriamo un buon successo nella vendita delle vostre vetture usate.</p><p>&nbsp;</p><p>Il vostro team di Used Cars</p>')
ON DUPLICATE KEY UPDATE title = VALUES(title), executive_summary = VALUES(executive_summary), content_html = VALUES(content_html);
INSERT INTO aws_notification_brands (notification_id, brand_id)
VALUES ('2M2NtdznsqVkmFngsk2xGW', 6)
ON DUPLICATE KEY UPDATE brand_id = VALUES(brand_id);
-- 5PoemqGLjWwelkmWtmxXu5
INSERT INTO aws_notifications (id_notification, category, status, is_legacy, priority, sender, published_at)
VALUES ('5PoemqGLjWwelkmWtmxXu5', 1, 'Published', 1, 1, 'Handover Import', '2026-02-18 09:00:01')
ON DUPLICATE KEY UPDATE category = VALUES(category), status = VALUES(status), is_legacy = VALUES(is_legacy), priority = VALUES(priority), sender = VALUES(sender), published_at = VALUES(published_at);
INSERT INTO aws_notification_translations (notification_id, locale, title, executive_summary, content_html)
VALUES ('5PoemqGLjWwelkmWtmxXu5', 'de', 'Nissan_Gebrauchtwagen auf www.astara-remarketing.com', 'INF-2026-01-UC-Gebrauchtwagen auf astara-remarketing', '<p>Sehr geehrte NISSAN Partnerin, sehr geehrter NISSAN Partner</p><p>&nbsp;</p><p>Anbei finden das Rundschreiben bezüglich Gebrauchtwagen.</p><p>&nbsp;</p><p>Wir danken Ihnen für die Kenntnisnahme und wünschen Ihnen viel Erfolg beim Verkauf der Gebrauchtwagen.</p><p>&nbsp;</p><p>Ihr Used Car Team</p>')
ON DUPLICATE KEY UPDATE title = VALUES(title), executive_summary = VALUES(executive_summary), content_html = VALUES(content_html);
INSERT INTO aws_notification_translations (notification_id, locale, title, executive_summary, content_html)
VALUES ('5PoemqGLjWwelkmWtmxXu5', 'fr-CH', 'Nissan_Véhic. d’occasion sur www.astara-remarketing.com', 'INF-2026-01-UC-Véhicules d’occasion sur astara-remarketing', '<p>Chers partenaires,</p><p>&nbsp;</p><p>Veuillez trouver ci-joint une circulaire concernant des véhicules d\'occasion.</p><p>&nbsp;</p><p>Nous vous remercions pour votre prise en compte et vous souhaitons plein de succès dans la vente des véhicules d’occasion.</p><p>&nbsp;</p><p>Votre équipe Used Cars</p>')
ON DUPLICATE KEY UPDATE title = VALUES(title), executive_summary = VALUES(executive_summary), content_html = VALUES(content_html);
INSERT INTO aws_notification_translations (notification_id, locale, title, executive_summary, content_html)
VALUES ('5PoemqGLjWwelkmWtmxXu5', 'it-CH', 'Nissan_veicoli usate su www.astara-remarketing.com', 'INF-2026-01-UC-Usato su astara-remarketing', '<p>Cari partner,</p><p>&nbsp;</p><p>In allegato troverete la circolare per vetture usate.</p><p>&nbsp;</p><p>Vi ringraziamo per l\'attenzione e vi auguriamo un buon successo nella vendita delle vostre vetture usate.</p><p>&nbsp;</p><p>Il vostro team di Used Cars</p>')
ON DUPLICATE KEY UPDATE title = VALUES(title), executive_summary = VALUES(executive_summary), content_html = VALUES(content_html);
INSERT INTO aws_notification_brands (notification_id, brand_id)
VALUES ('5PoemqGLjWwelkmWtmxXu5', 7)
ON DUPLICATE KEY UPDATE brand_id = VALUES(brand_id);

COMMIT;

-- Handover — asset INSERTs (ON DUPLICATE KEY UPDATE)
INSERT INTO aws_notification_assets (notification_id, asset_id, lang, asset_name, stored_name, relative_path)
VALUES ('dEjJT8VSlbCw0dqirhs7t', '2dOi0tylH82UiQ8g1K5Oi2', 'de', 'AP VErrechnung_NEW_DE_de-CH.pdf', '2dOi0tylH82UiQ8g1K5Oi2.pdf', 'assets/notifications/2dOi0tylH82UiQ8g1K5Oi2.pdf')
ON DUPLICATE KEY UPDATE asset_name = VALUES(asset_name), stored_name = VALUES(stored_name), relative_path = VALUES(relative_path);
INSERT INTO aws_notification_assets (notification_id, asset_id, lang, asset_name, stored_name, relative_path)
VALUES ('dEjJT8VSlbCw0dqirhs7t', '3WuYqyGFsQeWyZkmh6YXPS', 'de', 'AP Verrechnung_details_NEW_DE_de-CH.pdf', '3WuYqyGFsQeWyZkmh6YXPS.pdf', 'assets/notifications/3WuYqyGFsQeWyZkmh6YXPS.pdf')
ON DUPLICATE KEY UPDATE asset_name = VALUES(asset_name), stored_name = VALUES(stored_name), relative_path = VALUES(relative_path);
INSERT INTO aws_notification_assets (notification_id, asset_id, lang, asset_name, stored_name, relative_path)
VALUES ('dEjJT8VSlbCw0dqirhs7t', '2rEGV6GB5LWPTanzFrf6aw', 'fr-CH', 'AP VErrechnung_NEW_FR_fr-CH.zip', '2rEGV6GB5LWPTanzFrf6aw.zip', 'assets/notifications/2rEGV6GB5LWPTanzFrf6aw.zip')
ON DUPLICATE KEY UPDATE asset_name = VALUES(asset_name), stored_name = VALUES(stored_name), relative_path = VALUES(relative_path);
INSERT INTO aws_notification_assets (notification_id, asset_id, lang, asset_name, stored_name, relative_path)
VALUES ('dEjJT8VSlbCw0dqirhs7t', '6vJomFU3MhpBuv0HQHSj1F', 'it-CH', 'AP VErrechnung_NEW_IT_it-CH.pdf', '6vJomFU3MhpBuv0HQHSj1F.pdf', 'assets/notifications/6vJomFU3MhpBuv0HQHSj1F.pdf')
ON DUPLICATE KEY UPDATE asset_name = VALUES(asset_name), stored_name = VALUES(stored_name), relative_path = VALUES(relative_path);
INSERT INTO aws_notification_assets (notification_id, asset_id, lang, asset_name, stored_name, relative_path)
VALUES ('dEjJT8VSlbCw0dqirhs7t', 'IktUYtYZaZRgSIkFnCKGc', 'it-CH', 'AP VErrechnung_NEW_IT_it-CH_2.pdf', 'IktUYtYZaZRgSIkFnCKGc.pdf', 'assets/notifications/IktUYtYZaZRgSIkFnCKGc.pdf')
ON DUPLICATE KEY UPDATE asset_name = VALUES(asset_name), stored_name = VALUES(stored_name), relative_path = VALUES(relative_path);
INSERT INTO aws_notification_assets (notification_id, asset_id, lang, asset_name, stored_name, relative_path)
VALUES ('2xBGEDugvY1jgveZgHussl', '3ETulQgw7tG71Epu4mqJUw', 'de', 'KGM_Details_APVerrechnung_DE_de-CH.pdf', '3ETulQgw7tG71Epu4mqJUw.pdf', 'assets/notifications/3ETulQgw7tG71Epu4mqJUw.pdf')
ON DUPLICATE KEY UPDATE asset_name = VALUES(asset_name), stored_name = VALUES(stored_name), relative_path = VALUES(relative_path);
INSERT INTO aws_notification_assets (notification_id, asset_id, lang, asset_name, stored_name, relative_path)
VALUES ('2xBGEDugvY1jgveZgHussl', '6cvoYmx2QfpY9LoQBbxqLQ', 'de', 'AP Verrechnung KGM DE_de-CH.pdf', '6cvoYmx2QfpY9LoQBbxqLQ.pdf', 'assets/notifications/6cvoYmx2QfpY9LoQBbxqLQ.pdf')
ON DUPLICATE KEY UPDATE asset_name = VALUES(asset_name), stored_name = VALUES(stored_name), relative_path = VALUES(relative_path);
INSERT INTO aws_notification_assets (notification_id, asset_id, lang, asset_name, stored_name, relative_path)
VALUES ('2xBGEDugvY1jgveZgHussl', '3tuJK4WVetIwpPO39m9ZNZ', 'fr-CH', 'KGM_Details_APVerrechnung_FR_fr-CH.pdf', '3tuJK4WVetIwpPO39m9ZNZ.pdf', 'assets/notifications/3tuJK4WVetIwpPO39m9ZNZ.pdf')
ON DUPLICATE KEY UPDATE asset_name = VALUES(asset_name), stored_name = VALUES(stored_name), relative_path = VALUES(relative_path);
INSERT INTO aws_notification_assets (notification_id, asset_id, lang, asset_name, stored_name, relative_path)
VALUES ('2xBGEDugvY1jgveZgHussl', '7phs1hpDvkRgNJ7EfMh8LW', 'fr-CH', 'AP Verrechnung KGM FR_fr-CH.pdf', '7phs1hpDvkRgNJ7EfMh8LW.pdf', 'assets/notifications/7phs1hpDvkRgNJ7EfMh8LW.pdf')
ON DUPLICATE KEY UPDATE asset_name = VALUES(asset_name), stored_name = VALUES(stored_name), relative_path = VALUES(relative_path);
INSERT INTO aws_notification_assets (notification_id, asset_id, lang, asset_name, stored_name, relative_path)
VALUES ('2xBGEDugvY1jgveZgHussl', '3ETulQgw7tG71Epu4mqJUw', 'it-CH', 'KGM_Details_APVerrechnung_DE_it-CH.pdf', '3ETulQgw7tG71Epu4mqJUw.pdf', 'assets/notifications/3ETulQgw7tG71Epu4mqJUw.pdf')
ON DUPLICATE KEY UPDATE asset_name = VALUES(asset_name), stored_name = VALUES(stored_name), relative_path = VALUES(relative_path);
INSERT INTO aws_notification_assets (notification_id, asset_id, lang, asset_name, stored_name, relative_path)
VALUES ('2xBGEDugvY1jgveZgHussl', '6cvoYmx2QfpY9LoQBbxqLQ', 'it-CH', 'AP Verrechnung KGM DE_it-CH.pdf', '6cvoYmx2QfpY9LoQBbxqLQ.pdf', 'assets/notifications/6cvoYmx2QfpY9LoQBbxqLQ.pdf')
ON DUPLICATE KEY UPDATE asset_name = VALUES(asset_name), stored_name = VALUES(stored_name), relative_path = VALUES(relative_path);
INSERT INTO aws_notification_assets (notification_id, asset_id, lang, asset_name, stored_name, relative_path)
VALUES ('6H86mIcRJmpdS6qjHrftLk', '6nrSEthRY0ZmqzHTXujs7Y', 'de', 'Rundschreiben_DE_de-CH.pdf', '6nrSEthRY0ZmqzHTXujs7Y.pdf', 'assets/notifications/6nrSEthRY0ZmqzHTXujs7Y.pdf')
ON DUPLICATE KEY UPDATE asset_name = VALUES(asset_name), stored_name = VALUES(stored_name), relative_path = VALUES(relative_path);
INSERT INTO aws_notification_assets (notification_id, asset_id, lang, asset_name, stored_name, relative_path)
VALUES ('6H86mIcRJmpdS6qjHrftLk', 'zr7xqNZZIDCAp7Ycf5nMN', 'de', 'Verrechnungsdetails_DE_de-CH.pdf', 'zr7xqNZZIDCAp7Ycf5nMN.pdf', 'assets/notifications/zr7xqNZZIDCAp7Ycf5nMN.pdf')
ON DUPLICATE KEY UPDATE asset_name = VALUES(asset_name), stored_name = VALUES(stored_name), relative_path = VALUES(relative_path);
INSERT INTO aws_notification_assets (notification_id, asset_id, lang, asset_name, stored_name, relative_path)
VALUES ('6H86mIcRJmpdS6qjHrftLk', '28xMg1wPT8tD3zcTmuiQFL', 'fr-CH', 'Rundschreiben_FR_fr-CH.pdf', '28xMg1wPT8tD3zcTmuiQFL.pdf', 'assets/notifications/28xMg1wPT8tD3zcTmuiQFL.pdf')
ON DUPLICATE KEY UPDATE asset_name = VALUES(asset_name), stored_name = VALUES(stored_name), relative_path = VALUES(relative_path);
INSERT INTO aws_notification_assets (notification_id, asset_id, lang, asset_name, stored_name, relative_path)
VALUES ('6H86mIcRJmpdS6qjHrftLk', '3V4AGXRrlito4L2NyzJckr', 'fr-CH', 'Verrechnungsdetails_FR_fr-CH.pdf', '3V4AGXRrlito4L2NyzJckr.pdf', 'assets/notifications/3V4AGXRrlito4L2NyzJckr.pdf')
ON DUPLICATE KEY UPDATE asset_name = VALUES(asset_name), stored_name = VALUES(stored_name), relative_path = VALUES(relative_path);
INSERT INTO aws_notification_assets (notification_id, asset_id, lang, asset_name, stored_name, relative_path)
VALUES ('6H86mIcRJmpdS6qjHrftLk', '052dFdivTLX2M9owV8uke', 'it-CH', 'Verrechnungsdetails_DE_it-CH.pdf', '052dFdivTLX2M9owV8uke.pdf', 'assets/notifications/052dFdivTLX2M9owV8uke.pdf')
ON DUPLICATE KEY UPDATE asset_name = VALUES(asset_name), stored_name = VALUES(stored_name), relative_path = VALUES(relative_path);
INSERT INTO aws_notification_assets (notification_id, asset_id, lang, asset_name, stored_name, relative_path)
VALUES ('6H86mIcRJmpdS6qjHrftLk', '4Va6H8odPcp6peYPxNSNHw', 'it-CH', 'Rundschreiben_DE_it-CH.pdf', '4Va6H8odPcp6peYPxNSNHw.pdf', 'assets/notifications/4Va6H8odPcp6peYPxNSNHw.pdf')
ON DUPLICATE KEY UPDATE asset_name = VALUES(asset_name), stored_name = VALUES(stored_name), relative_path = VALUES(relative_path);
INSERT INTO aws_notification_assets (notification_id, asset_id, lang, asset_name, stored_name, relative_path)
VALUES ('6H86mIcRJmpdS6qjHrftLk', '4Xilwb5qSiVVpg9kRKWHtR', 'it-CH', 'Rundschreiben_FR_it-CH.pdf', '4Xilwb5qSiVVpg9kRKWHtR.pdf', 'assets/notifications/4Xilwb5qSiVVpg9kRKWHtR.pdf')
ON DUPLICATE KEY UPDATE asset_name = VALUES(asset_name), stored_name = VALUES(stored_name), relative_path = VALUES(relative_path);
INSERT INTO aws_notification_assets (notification_id, asset_id, lang, asset_name, stored_name, relative_path)
VALUES ('6H86mIcRJmpdS6qjHrftLk', '4xb2VaD3Sm6qfv3g0Wx6Jk', 'it-CH', 'Rundschreiben_IT_it-CH.pdf', '4xb2VaD3Sm6qfv3g0Wx6Jk.pdf', 'assets/notifications/4xb2VaD3Sm6qfv3g0Wx6Jk.pdf')
ON DUPLICATE KEY UPDATE asset_name = VALUES(asset_name), stored_name = VALUES(stored_name), relative_path = VALUES(relative_path);
INSERT INTO aws_notification_assets (notification_id, asset_id, lang, asset_name, stored_name, relative_path)
VALUES ('6H86mIcRJmpdS6qjHrftLk', '58ZoaE5l6NMMYN1lxAXOnB', 'it-CH', 'Verrechnungsdetails_FR_it-CH.pdf', '58ZoaE5l6NMMYN1lxAXOnB.pdf', 'assets/notifications/58ZoaE5l6NMMYN1lxAXOnB.pdf')
ON DUPLICATE KEY UPDATE asset_name = VALUES(asset_name), stored_name = VALUES(stored_name), relative_path = VALUES(relative_path);
INSERT INTO aws_notification_assets (notification_id, asset_id, lang, asset_name, stored_name, relative_path)
VALUES ('6H86mIcRJmpdS6qjHrftLk', '625pjEgkBfMtZg1PQg41vM', 'it-CH', 'Verrechnungsdetails_IT_it-CH.pdf', '625pjEgkBfMtZg1PQg41vM.pdf', 'assets/notifications/625pjEgkBfMtZg1PQg41vM.pdf')
ON DUPLICATE KEY UPDATE asset_name = VALUES(asset_name), stored_name = VALUES(stored_name), relative_path = VALUES(relative_path);
INSERT INTO aws_notification_assets (notification_id, asset_id, lang, asset_name, stored_name, relative_path)
VALUES ('6gWHT9rQ1EPoORrYhW6CdU', '1OhDtsSUhigC4rB82PqeeD', 'de', 'AP Verechnung Nissan DE_de-CH.pdf', '1OhDtsSUhigC4rB82PqeeD.pdf', 'assets/notifications/1OhDtsSUhigC4rB82PqeeD.pdf')
ON DUPLICATE KEY UPDATE asset_name = VALUES(asset_name), stored_name = VALUES(stored_name), relative_path = VALUES(relative_path);
INSERT INTO aws_notification_assets (notification_id, asset_id, lang, asset_name, stored_name, relative_path)
VALUES ('6gWHT9rQ1EPoORrYhW6CdU', '3qh2CamoUhOmgYBBtMp3En', 'de', 'AP Verechnung Nissan FR_de-CH.pdf', '3qh2CamoUhOmgYBBtMp3En.pdf', 'assets/notifications/3qh2CamoUhOmgYBBtMp3En.pdf')
ON DUPLICATE KEY UPDATE asset_name = VALUES(asset_name), stored_name = VALUES(stored_name), relative_path = VALUES(relative_path);
INSERT INTO aws_notification_assets (notification_id, asset_id, lang, asset_name, stored_name, relative_path)
VALUES ('6gWHT9rQ1EPoORrYhW6CdU', '4E7rtclwH6Kpd8SzrxtqbB', 'de', 'AP Verechnung Details Nissan FR_de-CH.pdf', '4E7rtclwH6Kpd8SzrxtqbB.pdf', 'assets/notifications/4E7rtclwH6Kpd8SzrxtqbB.pdf')
ON DUPLICATE KEY UPDATE asset_name = VALUES(asset_name), stored_name = VALUES(stored_name), relative_path = VALUES(relative_path);
INSERT INTO aws_notification_assets (notification_id, asset_id, lang, asset_name, stored_name, relative_path)
VALUES ('6gWHT9rQ1EPoORrYhW6CdU', 'akwYgaHDXWqYfFpbJMB0a', 'de', 'AP Verechnung Details Nissan DE_de-CH.pdf', 'akwYgaHDXWqYfFpbJMB0a.pdf', 'assets/notifications/akwYgaHDXWqYfFpbJMB0a.pdf')
ON DUPLICATE KEY UPDATE asset_name = VALUES(asset_name), stored_name = VALUES(stored_name), relative_path = VALUES(relative_path);
INSERT INTO aws_notification_assets (notification_id, asset_id, lang, asset_name, stored_name, relative_path)
VALUES ('6gWHT9rQ1EPoORrYhW6CdU', '1OhDtsSUhigC4rB82PqeeD', 'fr-CH', 'AP Verechnung Nissan DE_fr-CH.pdf', '1OhDtsSUhigC4rB82PqeeD.pdf', 'assets/notifications/1OhDtsSUhigC4rB82PqeeD.pdf')
ON DUPLICATE KEY UPDATE asset_name = VALUES(asset_name), stored_name = VALUES(stored_name), relative_path = VALUES(relative_path);
INSERT INTO aws_notification_assets (notification_id, asset_id, lang, asset_name, stored_name, relative_path)
VALUES ('6gWHT9rQ1EPoORrYhW6CdU', '3qh2CamoUhOmgYBBtMp3En', 'fr-CH', 'AP Verechnung Nissan FR_fr-CH.pdf', '3qh2CamoUhOmgYBBtMp3En.pdf', 'assets/notifications/3qh2CamoUhOmgYBBtMp3En.pdf')
ON DUPLICATE KEY UPDATE asset_name = VALUES(asset_name), stored_name = VALUES(stored_name), relative_path = VALUES(relative_path);
INSERT INTO aws_notification_assets (notification_id, asset_id, lang, asset_name, stored_name, relative_path)
VALUES ('6gWHT9rQ1EPoORrYhW6CdU', '4E7rtclwH6Kpd8SzrxtqbB', 'fr-CH', 'AP Verechnung Details Nissan FR_fr-CH.pdf', '4E7rtclwH6Kpd8SzrxtqbB.pdf', 'assets/notifications/4E7rtclwH6Kpd8SzrxtqbB.pdf')
ON DUPLICATE KEY UPDATE asset_name = VALUES(asset_name), stored_name = VALUES(stored_name), relative_path = VALUES(relative_path);
INSERT INTO aws_notification_assets (notification_id, asset_id, lang, asset_name, stored_name, relative_path)
VALUES ('6gWHT9rQ1EPoORrYhW6CdU', 'akwYgaHDXWqYfFpbJMB0a', 'fr-CH', 'AP Verechnung Details Nissan DE_fr-CH.pdf', 'akwYgaHDXWqYfFpbJMB0a.pdf', 'assets/notifications/akwYgaHDXWqYfFpbJMB0a.pdf')
ON DUPLICATE KEY UPDATE asset_name = VALUES(asset_name), stored_name = VALUES(stored_name), relative_path = VALUES(relative_path);
INSERT INTO aws_notification_assets (notification_id, asset_id, lang, asset_name, stored_name, relative_path)
VALUES ('6gWHT9rQ1EPoORrYhW6CdU', '1OhDtsSUhigC4rB82PqeeD', 'it-CH', 'AP Verechnung Nissan DE_it-CH.pdf', '1OhDtsSUhigC4rB82PqeeD.pdf', 'assets/notifications/1OhDtsSUhigC4rB82PqeeD.pdf')
ON DUPLICATE KEY UPDATE asset_name = VALUES(asset_name), stored_name = VALUES(stored_name), relative_path = VALUES(relative_path);
INSERT INTO aws_notification_assets (notification_id, asset_id, lang, asset_name, stored_name, relative_path)
VALUES ('6gWHT9rQ1EPoORrYhW6CdU', '3qh2CamoUhOmgYBBtMp3En', 'it-CH', 'AP Verechnung Nissan FR_it-CH.pdf', '3qh2CamoUhOmgYBBtMp3En.pdf', 'assets/notifications/3qh2CamoUhOmgYBBtMp3En.pdf')
ON DUPLICATE KEY UPDATE asset_name = VALUES(asset_name), stored_name = VALUES(stored_name), relative_path = VALUES(relative_path);
INSERT INTO aws_notification_assets (notification_id, asset_id, lang, asset_name, stored_name, relative_path)
VALUES ('6gWHT9rQ1EPoORrYhW6CdU', '4E7rtclwH6Kpd8SzrxtqbB', 'it-CH', 'AP Verechnung Details Nissan FR_it-CH.pdf', '4E7rtclwH6Kpd8SzrxtqbB.pdf', 'assets/notifications/4E7rtclwH6Kpd8SzrxtqbB.pdf')
ON DUPLICATE KEY UPDATE asset_name = VALUES(asset_name), stored_name = VALUES(stored_name), relative_path = VALUES(relative_path);
INSERT INTO aws_notification_assets (notification_id, asset_id, lang, asset_name, stored_name, relative_path)
VALUES ('6gWHT9rQ1EPoORrYhW6CdU', 'akwYgaHDXWqYfFpbJMB0a', 'it-CH', 'AP Verechnung Details Nissan DE_it-CH.pdf', 'akwYgaHDXWqYfFpbJMB0a.pdf', 'assets/notifications/akwYgaHDXWqYfFpbJMB0a.pdf')
ON DUPLICATE KEY UPDATE asset_name = VALUES(asset_name), stored_name = VALUES(stored_name), relative_path = VALUES(relative_path);
INSERT INTO aws_notification_assets (notification_id, asset_id, lang, asset_name, stored_name, relative_path)
VALUES ('7tzS5F4K178hHGAKwSNPWE', '1xU0D7DHEQ2BtjBnHYnG9O', 'de', 'AP Verrechnung Hyundai FR_de-CH.pdf', '1xU0D7DHEQ2BtjBnHYnG9O.pdf', 'assets/notifications/1xU0D7DHEQ2BtjBnHYnG9O.pdf')
ON DUPLICATE KEY UPDATE asset_name = VALUES(asset_name), stored_name = VALUES(stored_name), relative_path = VALUES(relative_path);
INSERT INTO aws_notification_assets (notification_id, asset_id, lang, asset_name, stored_name, relative_path)
VALUES ('7tzS5F4K178hHGAKwSNPWE', '3IP8enrWygTZs52ieex6Cm', 'de', 'AP Verrechnung Details Hyundai DE_de-CH.pdf', '3IP8enrWygTZs52ieex6Cm.pdf', 'assets/notifications/3IP8enrWygTZs52ieex6Cm.pdf')
ON DUPLICATE KEY UPDATE asset_name = VALUES(asset_name), stored_name = VALUES(stored_name), relative_path = VALUES(relative_path);
INSERT INTO aws_notification_assets (notification_id, asset_id, lang, asset_name, stored_name, relative_path)
VALUES ('7tzS5F4K178hHGAKwSNPWE', '3cgM1GPg5aCXaDVuONISKJ', 'de', 'AP Verrechnung Details Hyundai FR_de-CH.pdf', '3cgM1GPg5aCXaDVuONISKJ.pdf', 'assets/notifications/3cgM1GPg5aCXaDVuONISKJ.pdf')
ON DUPLICATE KEY UPDATE asset_name = VALUES(asset_name), stored_name = VALUES(stored_name), relative_path = VALUES(relative_path);
INSERT INTO aws_notification_assets (notification_id, asset_id, lang, asset_name, stored_name, relative_path)
VALUES ('7tzS5F4K178hHGAKwSNPWE', '4TvOywMVacYFSpQC0cKBf5', 'de', 'AP Verrechnung Hyundai DE_de-CH.pdf', '4TvOywMVacYFSpQC0cKBf5.pdf', 'assets/notifications/4TvOywMVacYFSpQC0cKBf5.pdf')
ON DUPLICATE KEY UPDATE asset_name = VALUES(asset_name), stored_name = VALUES(stored_name), relative_path = VALUES(relative_path);
INSERT INTO aws_notification_assets (notification_id, asset_id, lang, asset_name, stored_name, relative_path)
VALUES ('7tzS5F4K178hHGAKwSNPWE', '1xU0D7DHEQ2BtjBnHYnG9O', 'fr-CH', 'AP Verrechnung Hyundai FR_fr-CH.pdf', '1xU0D7DHEQ2BtjBnHYnG9O.pdf', 'assets/notifications/1xU0D7DHEQ2BtjBnHYnG9O.pdf')
ON DUPLICATE KEY UPDATE asset_name = VALUES(asset_name), stored_name = VALUES(stored_name), relative_path = VALUES(relative_path);
INSERT INTO aws_notification_assets (notification_id, asset_id, lang, asset_name, stored_name, relative_path)
VALUES ('7tzS5F4K178hHGAKwSNPWE', '3IP8enrWygTZs52ieex6Cm', 'fr-CH', 'AP Verrechnung Details Hyundai DE_fr-CH.pdf', '3IP8enrWygTZs52ieex6Cm.pdf', 'assets/notifications/3IP8enrWygTZs52ieex6Cm.pdf')
ON DUPLICATE KEY UPDATE asset_name = VALUES(asset_name), stored_name = VALUES(stored_name), relative_path = VALUES(relative_path);
INSERT INTO aws_notification_assets (notification_id, asset_id, lang, asset_name, stored_name, relative_path)
VALUES ('7tzS5F4K178hHGAKwSNPWE', '3cgM1GPg5aCXaDVuONISKJ', 'fr-CH', 'AP Verrechnung Details Hyundai FR_fr-CH.pdf', '3cgM1GPg5aCXaDVuONISKJ.pdf', 'assets/notifications/3cgM1GPg5aCXaDVuONISKJ.pdf')
ON DUPLICATE KEY UPDATE asset_name = VALUES(asset_name), stored_name = VALUES(stored_name), relative_path = VALUES(relative_path);
INSERT INTO aws_notification_assets (notification_id, asset_id, lang, asset_name, stored_name, relative_path)
VALUES ('7tzS5F4K178hHGAKwSNPWE', '4TvOywMVacYFSpQC0cKBf5', 'fr-CH', 'AP Verrechnung Hyundai DE_fr-CH.pdf', '4TvOywMVacYFSpQC0cKBf5.pdf', 'assets/notifications/4TvOywMVacYFSpQC0cKBf5.pdf')
ON DUPLICATE KEY UPDATE asset_name = VALUES(asset_name), stored_name = VALUES(stored_name), relative_path = VALUES(relative_path);
INSERT INTO aws_notification_assets (notification_id, asset_id, lang, asset_name, stored_name, relative_path)
VALUES ('7tzS5F4K178hHGAKwSNPWE', '1xU0D7DHEQ2BtjBnHYnG9O', 'it-CH', 'AP Verrechnung Hyundai FR_it-CH.pdf', '1xU0D7DHEQ2BtjBnHYnG9O.pdf', 'assets/notifications/1xU0D7DHEQ2BtjBnHYnG9O.pdf')
ON DUPLICATE KEY UPDATE asset_name = VALUES(asset_name), stored_name = VALUES(stored_name), relative_path = VALUES(relative_path);
INSERT INTO aws_notification_assets (notification_id, asset_id, lang, asset_name, stored_name, relative_path)
VALUES ('7tzS5F4K178hHGAKwSNPWE', '3IP8enrWygTZs52ieex6Cm', 'it-CH', 'AP Verrechnung Details Hyundai DE_it-CH.pdf', '3IP8enrWygTZs52ieex6Cm.pdf', 'assets/notifications/3IP8enrWygTZs52ieex6Cm.pdf')
ON DUPLICATE KEY UPDATE asset_name = VALUES(asset_name), stored_name = VALUES(stored_name), relative_path = VALUES(relative_path);
INSERT INTO aws_notification_assets (notification_id, asset_id, lang, asset_name, stored_name, relative_path)
VALUES ('7tzS5F4K178hHGAKwSNPWE', '3cgM1GPg5aCXaDVuONISKJ', 'it-CH', 'AP Verrechnung Details Hyundai FR_it-CH.pdf', '3cgM1GPg5aCXaDVuONISKJ.pdf', 'assets/notifications/3cgM1GPg5aCXaDVuONISKJ.pdf')
ON DUPLICATE KEY UPDATE asset_name = VALUES(asset_name), stored_name = VALUES(stored_name), relative_path = VALUES(relative_path);
INSERT INTO aws_notification_assets (notification_id, asset_id, lang, asset_name, stored_name, relative_path)
VALUES ('7tzS5F4K178hHGAKwSNPWE', '4TvOywMVacYFSpQC0cKBf5', 'it-CH', 'AP Verrechnung Hyundai DE_it-CH.pdf', '4TvOywMVacYFSpQC0cKBf5.pdf', 'assets/notifications/4TvOywMVacYFSpQC0cKBf5.pdf')
ON DUPLICATE KEY UPDATE asset_name = VALUES(asset_name), stored_name = VALUES(stored_name), relative_path = VALUES(relative_path);
INSERT INTO aws_notification_assets (notification_id, asset_id, lang, asset_name, stored_name, relative_path)
VALUES ('4n75DVAZ2I3sZThk0WNwOP', '1PIagC6ciVpEtD4YOIszRu', 'de', '2025-04-25-VM-MK-Nissan-Crossover-Campaign-Q2-2025_DE_de-CH.pdf', '1PIagC6ciVpEtD4YOIszRu.pdf', 'assets/notifications/1PIagC6ciVpEtD4YOIszRu.pdf')
ON DUPLICATE KEY UPDATE asset_name = VALUES(asset_name), stored_name = VALUES(stored_name), relative_path = VALUES(relative_path);
INSERT INTO aws_notification_assets (notification_id, asset_id, lang, asset_name, stored_name, relative_path)
VALUES ('4n75DVAZ2I3sZThk0WNwOP', '5L7CRcS6sRx1uxCzlUYs6k', 'fr-CH', '2025-04-25-VM-MK-Nissan-Crossover-Campaign-Q2-2025_FR_fr-CH.pdf', '5L7CRcS6sRx1uxCzlUYs6k.pdf', 'assets/notifications/5L7CRcS6sRx1uxCzlUYs6k.pdf')
ON DUPLICATE KEY UPDATE asset_name = VALUES(asset_name), stored_name = VALUES(stored_name), relative_path = VALUES(relative_path);
INSERT INTO aws_notification_assets (notification_id, asset_id, lang, asset_name, stored_name, relative_path)
VALUES ('4n75DVAZ2I3sZThk0WNwOP', '6gwhRC5AllUVcX5lkYTZhN', 'it-CH', '2025-04-25-VM-MK-Nissan-Crossover-Campaign-Q2-2025_IT_it-CH.pdf', '6gwhRC5AllUVcX5lkYTZhN.pdf', 'assets/notifications/6gwhRC5AllUVcX5lkYTZhN.pdf')
ON DUPLICATE KEY UPDATE asset_name = VALUES(asset_name), stored_name = VALUES(stored_name), relative_path = VALUES(relative_path);
INSERT INTO aws_notification_assets (notification_id, asset_id, lang, asset_name, stored_name, relative_path)
VALUES ('30QTuP5logIQKtiBKkIRT2', '5gqBtSmeGTsQJNXbFljJ2u', 'de', '2026-02-12-KGM_Actyon_4x4_Q1_2026_DE_de-CH.pdf', '5gqBtSmeGTsQJNXbFljJ2u.pdf', 'assets/notifications/5gqBtSmeGTsQJNXbFljJ2u.pdf')
ON DUPLICATE KEY UPDATE asset_name = VALUES(asset_name), stored_name = VALUES(stored_name), relative_path = VALUES(relative_path);
INSERT INTO aws_notification_assets (notification_id, asset_id, lang, asset_name, stored_name, relative_path)
VALUES ('30QTuP5logIQKtiBKkIRT2', '2ewnmd8JeENipfPYuvoNtT', 'fr-CH', '2026-02-12-KGM_Actyon_4x4_Q1_2026_FR_fr-CH.pdf', '2ewnmd8JeENipfPYuvoNtT.pdf', 'assets/notifications/2ewnmd8JeENipfPYuvoNtT.pdf')
ON DUPLICATE KEY UPDATE asset_name = VALUES(asset_name), stored_name = VALUES(stored_name), relative_path = VALUES(relative_path);
INSERT INTO aws_notification_assets (notification_id, asset_id, lang, asset_name, stored_name, relative_path)
VALUES ('30QTuP5logIQKtiBKkIRT2', '3I1IPQk7TsFA9ccIIU8HqM', 'it-CH', '2026-02-12-KGM_Actyon_4x4_Q1_2026_IT_it-CH.pdf', '3I1IPQk7TsFA9ccIIU8HqM.pdf', 'assets/notifications/3I1IPQk7TsFA9ccIIU8HqM.pdf')
ON DUPLICATE KEY UPDATE asset_name = VALUES(asset_name), stored_name = VALUES(stored_name), relative_path = VALUES(relative_path);
INSERT INTO aws_notification_assets (notification_id, asset_id, lang, asset_name, stored_name, relative_path)
VALUES ('6fQX6sND2cyZRibPUggaPS', '1BPSYAaq0KoauQhtIodjrw', 'de', '2026-02-19-KGM_Torres_Black_Edition_Q1_2026_DE_de-CH.pdf', '1BPSYAaq0KoauQhtIodjrw.pdf', 'assets/notifications/1BPSYAaq0KoauQhtIodjrw.pdf')
ON DUPLICATE KEY UPDATE asset_name = VALUES(asset_name), stored_name = VALUES(stored_name), relative_path = VALUES(relative_path);
INSERT INTO aws_notification_assets (notification_id, asset_id, lang, asset_name, stored_name, relative_path)
VALUES ('6fQX6sND2cyZRibPUggaPS', '4BDOAzVNkUv4kR8lu1HYJn', 'fr-CH', '2026-02-19-KGM_Torres_Black_Edition_Q1_2026_FR_fr-CH.pdf', '4BDOAzVNkUv4kR8lu1HYJn.pdf', 'assets/notifications/4BDOAzVNkUv4kR8lu1HYJn.pdf')
ON DUPLICATE KEY UPDATE asset_name = VALUES(asset_name), stored_name = VALUES(stored_name), relative_path = VALUES(relative_path);
INSERT INTO aws_notification_assets (notification_id, asset_id, lang, asset_name, stored_name, relative_path)
VALUES ('6fQX6sND2cyZRibPUggaPS', '6oYRyzVu7LDzKKKfittMFZ', 'it-CH', '2026-02-19-KGM_Torres_Black_Edition_Q1_2026_IT_it-CH.pdf', '6oYRyzVu7LDzKKKfittMFZ.pdf', 'assets/notifications/6oYRyzVu7LDzKKKfittMFZ.pdf')
ON DUPLICATE KEY UPDATE asset_name = VALUES(asset_name), stored_name = VALUES(stored_name), relative_path = VALUES(relative_path);
INSERT INTO aws_notification_assets (notification_id, asset_id, lang, asset_name, stored_name, relative_path)
VALUES ('75wGKtQiVj21WZ9wPsSGIu', '5rOyr7kSpyDRe8IG6MRmsR', 'de', '2026-04-08-KGM_Destocking_Q2_2026_DE_de-CH.pdf', '5rOyr7kSpyDRe8IG6MRmsR.pdf', 'assets/notifications/5rOyr7kSpyDRe8IG6MRmsR.pdf')
ON DUPLICATE KEY UPDATE asset_name = VALUES(asset_name), stored_name = VALUES(stored_name), relative_path = VALUES(relative_path);
INSERT INTO aws_notification_assets (notification_id, asset_id, lang, asset_name, stored_name, relative_path)
VALUES ('75wGKtQiVj21WZ9wPsSGIu', '4mVJrnzq36DMm4RJ3LpZnh', 'fr-CH', '2026-04-08-KGM_Destocking_Q2_2026_FR_fr-CH.pdf', '4mVJrnzq36DMm4RJ3LpZnh.pdf', 'assets/notifications/4mVJrnzq36DMm4RJ3LpZnh.pdf')
ON DUPLICATE KEY UPDATE asset_name = VALUES(asset_name), stored_name = VALUES(stored_name), relative_path = VALUES(relative_path);
INSERT INTO aws_notification_assets (notification_id, asset_id, lang, asset_name, stored_name, relative_path)
VALUES ('75wGKtQiVj21WZ9wPsSGIu', '1VCKvh71NZK0kOfihTETHM', 'it-CH', '2026-04-08-KGM_Destocking_Q2_2026_IT_it-CH.pdf', '1VCKvh71NZK0kOfihTETHM.pdf', 'assets/notifications/1VCKvh71NZK0kOfihTETHM.pdf')
ON DUPLICATE KEY UPDATE asset_name = VALUES(asset_name), stored_name = VALUES(stored_name), relative_path = VALUES(relative_path);
INSERT INTO aws_notification_assets (notification_id, asset_id, lang, asset_name, stored_name, relative_path)
VALUES ('3sIjmkfV2UGvu1vbo6jsJp', '35g0Fn993LT5IFlHLE8mwA', 'de', '2025 Newsletter 8D_de-CH.pdf', '35g0Fn993LT5IFlHLE8mwA.pdf', 'assets/notifications/35g0Fn993LT5IFlHLE8mwA.pdf')
ON DUPLICATE KEY UPDATE asset_name = VALUES(asset_name), stored_name = VALUES(stored_name), relative_path = VALUES(relative_path);
INSERT INTO aws_notification_assets (notification_id, asset_id, lang, asset_name, stored_name, relative_path)
VALUES ('3sIjmkfV2UGvu1vbo6jsJp', '1iyt8AoqAuHQQxU5KI4rWc', 'fr-CH', '2025 Newsletter 8F_fr-CH.pdf', '1iyt8AoqAuHQQxU5KI4rWc.pdf', 'assets/notifications/1iyt8AoqAuHQQxU5KI4rWc.pdf')
ON DUPLICATE KEY UPDATE asset_name = VALUES(asset_name), stored_name = VALUES(stored_name), relative_path = VALUES(relative_path);
INSERT INTO aws_notification_assets (notification_id, asset_id, lang, asset_name, stored_name, relative_path)
VALUES ('3sIjmkfV2UGvu1vbo6jsJp', '57cpIPnK6Yd2epkqi0t4iv', 'fr-CH', '2025 Newsletter 8F_fr-CH_2.pdf', '57cpIPnK6Yd2epkqi0t4iv.pdf', 'assets/notifications/57cpIPnK6Yd2epkqi0t4iv.pdf')
ON DUPLICATE KEY UPDATE asset_name = VALUES(asset_name), stored_name = VALUES(stored_name), relative_path = VALUES(relative_path);
INSERT INTO aws_notification_assets (notification_id, asset_id, lang, asset_name, stored_name, relative_path)
VALUES ('3sIjmkfV2UGvu1vbo6jsJp', '6WvkqrRr6DUGxzqM0AAiv', 'it-CH', '2025 Newsletter 8F_it-CH.pdf', '6WvkqrRr6DUGxzqM0AAiv.pdf', 'assets/notifications/6WvkqrRr6DUGxzqM0AAiv.pdf')
ON DUPLICATE KEY UPDATE asset_name = VALUES(asset_name), stored_name = VALUES(stored_name), relative_path = VALUES(relative_path);
INSERT INTO aws_notification_assets (notification_id, asset_id, lang, asset_name, stored_name, relative_path)
VALUES ('2ydCvg0IPcFwVTUqtTgPIC', '3Kc2CGihN6emlUEwvtWxgt', 'de', '2026-03-04-VM-MK-KGM-Spring_exhibition-Q1_2026_DE_de-CH.pdf', '3Kc2CGihN6emlUEwvtWxgt.pdf', 'assets/notifications/3Kc2CGihN6emlUEwvtWxgt.pdf')
ON DUPLICATE KEY UPDATE asset_name = VALUES(asset_name), stored_name = VALUES(stored_name), relative_path = VALUES(relative_path);
INSERT INTO aws_notification_assets (notification_id, asset_id, lang, asset_name, stored_name, relative_path)
VALUES ('2ydCvg0IPcFwVTUqtTgPIC', 'TvBY5cMQkMVWv4Lhm5W5A', 'fr-CH', '2026-03-04-VM-MK-KGM-Spring_exhibition-Q1_2026_FR_fr-CH.pdf', 'TvBY5cMQkMVWv4Lhm5W5A.pdf', 'assets/notifications/TvBY5cMQkMVWv4Lhm5W5A.pdf')
ON DUPLICATE KEY UPDATE asset_name = VALUES(asset_name), stored_name = VALUES(stored_name), relative_path = VALUES(relative_path);
INSERT INTO aws_notification_assets (notification_id, asset_id, lang, asset_name, stored_name, relative_path)
VALUES ('2ydCvg0IPcFwVTUqtTgPIC', '3Z1xo1rPGkT4a3ehL1bkIl', 'it-CH', '2026-03-04-VM-MK-KGM-Spring_exhibition-Q1_2026_IT_it-CH.pdf', '3Z1xo1rPGkT4a3ehL1bkIl.pdf', 'assets/notifications/3Z1xo1rPGkT4a3ehL1bkIl.pdf')
ON DUPLICATE KEY UPDATE asset_name = VALUES(asset_name), stored_name = VALUES(stored_name), relative_path = VALUES(relative_path);
INSERT INTO aws_notification_assets (notification_id, asset_id, lang, asset_name, stored_name, relative_path)
VALUES ('3Q1zBQPFTWZCuCOlSMWr4i', '6g8tWMByaTykFPWVWqcijC', 'de', '2026-04-08-KGM_Tivoli_Steel_Q1_2026_DE_de-CH.pdf', '6g8tWMByaTykFPWVWqcijC.pdf', 'assets/notifications/6g8tWMByaTykFPWVWqcijC.pdf')
ON DUPLICATE KEY UPDATE asset_name = VALUES(asset_name), stored_name = VALUES(stored_name), relative_path = VALUES(relative_path);
INSERT INTO aws_notification_assets (notification_id, asset_id, lang, asset_name, stored_name, relative_path)
VALUES ('3Q1zBQPFTWZCuCOlSMWr4i', '4xJw2jdxVRzdPJgH1kw02B', 'fr-CH', '2026-04-08-KGM_Tivoli_Steel_Q1_2026_FR_fr-CH.pdf', '4xJw2jdxVRzdPJgH1kw02B.pdf', 'assets/notifications/4xJw2jdxVRzdPJgH1kw02B.pdf')
ON DUPLICATE KEY UPDATE asset_name = VALUES(asset_name), stored_name = VALUES(stored_name), relative_path = VALUES(relative_path);
INSERT INTO aws_notification_assets (notification_id, asset_id, lang, asset_name, stored_name, relative_path)
VALUES ('3Q1zBQPFTWZCuCOlSMWr4i', '4dieC10KiR0glu8L6oT3pX', 'it-CH', '2026-04-08-KGM_Tivoli_Steel_Q1_2026_IT_it-CH.pdf', '4dieC10KiR0glu8L6oT3pX.pdf', 'assets/notifications/4dieC10KiR0glu8L6oT3pX.pdf')
ON DUPLICATE KEY UPDATE asset_name = VALUES(asset_name), stored_name = VALUES(stored_name), relative_path = VALUES(relative_path);
INSERT INTO aws_notification_assets (notification_id, asset_id, lang, asset_name, stored_name, relative_path)
VALUES ('1SrdArpjMTaA1zg0CYhnU9', '6kZFNHjAEemP2nnTKHD4sJ', 'de', '2026-05-05-KGM_NEW_Musso_Launch_2026_DE_de-CH.pdf', '6kZFNHjAEemP2nnTKHD4sJ.pdf', 'assets/notifications/6kZFNHjAEemP2nnTKHD4sJ.pdf')
ON DUPLICATE KEY UPDATE asset_name = VALUES(asset_name), stored_name = VALUES(stored_name), relative_path = VALUES(relative_path);
INSERT INTO aws_notification_assets (notification_id, asset_id, lang, asset_name, stored_name, relative_path)
VALUES ('1SrdArpjMTaA1zg0CYhnU9', '1vV3xW2KClMU48PYzDJbpl', 'fr-CH', '2026-05-05-KGM_NEW_Musso_Launch_2026_FR_fr-CH.pdf', '1vV3xW2KClMU48PYzDJbpl.pdf', 'assets/notifications/1vV3xW2KClMU48PYzDJbpl.pdf')
ON DUPLICATE KEY UPDATE asset_name = VALUES(asset_name), stored_name = VALUES(stored_name), relative_path = VALUES(relative_path);
INSERT INTO aws_notification_assets (notification_id, asset_id, lang, asset_name, stored_name, relative_path)
VALUES ('1SrdArpjMTaA1zg0CYhnU9', '1oGk4Buz8Sh0QiSfGALPTg', 'it-CH', '2026-05-05-KGM_NEW_Musso_Launch_2026_IT_it-CH.pdf', '1oGk4Buz8Sh0QiSfGALPTg.pdf', 'assets/notifications/1oGk4Buz8Sh0QiSfGALPTg.pdf')
ON DUPLICATE KEY UPDATE asset_name = VALUES(asset_name), stored_name = VALUES(stored_name), relative_path = VALUES(relative_path);
INSERT INTO aws_notification_assets (notification_id, asset_id, lang, asset_name, stored_name, relative_path)
VALUES ('2uZhYpda8YEJ4WrgBSec5q', '3qLAkZ9zoSKQF7E2GECxgx', 'de', '2025-07-30-VM-MK-Nissan-ARIYA-All-Inclusive-Campaign-Q3-2025_DE_de-CH.pdf', '3qLAkZ9zoSKQF7E2GECxgx.pdf', 'assets/notifications/3qLAkZ9zoSKQF7E2GECxgx.pdf')
ON DUPLICATE KEY UPDATE asset_name = VALUES(asset_name), stored_name = VALUES(stored_name), relative_path = VALUES(relative_path);
INSERT INTO aws_notification_assets (notification_id, asset_id, lang, asset_name, stored_name, relative_path)
VALUES ('2uZhYpda8YEJ4WrgBSec5q', '1hB5NHUStuzKZrmlaydX1k', 'fr-CH', '2025-07-30-VM-MK-Nissan-ARIYA-All-Inclusive-Campaign-Q3-2025_FR_fr-CH.pdf', '1hB5NHUStuzKZrmlaydX1k.pdf', 'assets/notifications/1hB5NHUStuzKZrmlaydX1k.pdf')
ON DUPLICATE KEY UPDATE asset_name = VALUES(asset_name), stored_name = VALUES(stored_name), relative_path = VALUES(relative_path);
INSERT INTO aws_notification_assets (notification_id, asset_id, lang, asset_name, stored_name, relative_path)
VALUES ('2uZhYpda8YEJ4WrgBSec5q', '4rfn5aXfLEivlAdpc5n2Nz', 'it-CH', '2025-07-30-VM-MK-Nissan-ARIYA-All-Inclusive-Campaign-Q3-2025_IT_it-CH.pdf', '4rfn5aXfLEivlAdpc5n2Nz.pdf', 'assets/notifications/4rfn5aXfLEivlAdpc5n2Nz.pdf')
ON DUPLICATE KEY UPDATE asset_name = VALUES(asset_name), stored_name = VALUES(stored_name), relative_path = VALUES(relative_path);
INSERT INTO aws_notification_assets (notification_id, asset_id, lang, asset_name, stored_name, relative_path)
VALUES ('7rMoBSNOZMgglvGjZKAEwp', '60tYZzgBnJt6yBcA0Uw5KF', 'de', '2026-02-09-VM-MK-Nissan-Crossover-Campaign-Q1-2026_DE_de-CH.pdf', '60tYZzgBnJt6yBcA0Uw5KF.pdf', 'assets/notifications/60tYZzgBnJt6yBcA0Uw5KF.pdf')
ON DUPLICATE KEY UPDATE asset_name = VALUES(asset_name), stored_name = VALUES(stored_name), relative_path = VALUES(relative_path);
INSERT INTO aws_notification_assets (notification_id, asset_id, lang, asset_name, stored_name, relative_path)
VALUES ('7rMoBSNOZMgglvGjZKAEwp', '129CaOFa7FdpBoyhmjL4oP', 'fr-CH', '2026-02-06-VM-MK-Nissan-Crossover-Campaign-Q1-2026_FR_fr-CH.pdf', '129CaOFa7FdpBoyhmjL4oP.pdf', 'assets/notifications/129CaOFa7FdpBoyhmjL4oP.pdf')
ON DUPLICATE KEY UPDATE asset_name = VALUES(asset_name), stored_name = VALUES(stored_name), relative_path = VALUES(relative_path);
INSERT INTO aws_notification_assets (notification_id, asset_id, lang, asset_name, stored_name, relative_path)
VALUES ('7rMoBSNOZMgglvGjZKAEwp', '3mpCUxqRfxPEfkdp4fl2Jv', 'it-CH', '2026-02-06-VM-MK-Nissan-Crossover-Campaign-Q1-2026_IT_it-CH.pdf', '3mpCUxqRfxPEfkdp4fl2Jv.pdf', 'assets/notifications/3mpCUxqRfxPEfkdp4fl2Jv.pdf')
ON DUPLICATE KEY UPDATE asset_name = VALUES(asset_name), stored_name = VALUES(stored_name), relative_path = VALUES(relative_path);
INSERT INTO aws_notification_assets (notification_id, asset_id, lang, asset_name, stored_name, relative_path)
VALUES ('Ud9PJWM6QURHjk8mEAVy3', '7u8l1bRHd1ZQu38N0WJCMb', 'de', '2026-04-28-VM-MK-Nissan-Crossover-Campaign-Q2-2026_DE_de-CH.pdf', '7u8l1bRHd1ZQu38N0WJCMb.pdf', 'assets/notifications/7u8l1bRHd1ZQu38N0WJCMb.pdf')
ON DUPLICATE KEY UPDATE asset_name = VALUES(asset_name), stored_name = VALUES(stored_name), relative_path = VALUES(relative_path);
INSERT INTO aws_notification_assets (notification_id, asset_id, lang, asset_name, stored_name, relative_path)
VALUES ('Ud9PJWM6QURHjk8mEAVy3', '4n9YEsiSpwpIE9Xc1aK69K', 'fr-CH', '2026-04-28-VM-MK-Nissan-Crossover-Campaign-Q2-2026_FR_fr-CH.pdf', '4n9YEsiSpwpIE9Xc1aK69K.pdf', 'assets/notifications/4n9YEsiSpwpIE9Xc1aK69K.pdf')
ON DUPLICATE KEY UPDATE asset_name = VALUES(asset_name), stored_name = VALUES(stored_name), relative_path = VALUES(relative_path);
INSERT INTO aws_notification_assets (notification_id, asset_id, lang, asset_name, stored_name, relative_path)
VALUES ('Ud9PJWM6QURHjk8mEAVy3', '7vnpSjdciCJByc9SQQkjiU', 'it-CH', '2026-04-28-VM-MK-Nissan-Crossover-Campaign-Q2-2026_IT_it-CH.pdf', '7vnpSjdciCJByc9SQQkjiU.pdf', 'assets/notifications/7vnpSjdciCJByc9SQQkjiU.pdf')
ON DUPLICATE KEY UPDATE asset_name = VALUES(asset_name), stored_name = VALUES(stored_name), relative_path = VALUES(relative_path);
INSERT INTO aws_notification_assets (notification_id, asset_id, lang, asset_name, stored_name, relative_path)
VALUES ('B1V1Yoq8LFFrDRQrsdxSx', '3zpi9fOIZizQbcvMKuWaCU', 'de', '2025-08-05-VM-MK-Nissan-Crossover-Campaign-Q3-2025_DE_de-CH.pdf', '3zpi9fOIZizQbcvMKuWaCU.pdf', 'assets/notifications/3zpi9fOIZizQbcvMKuWaCU.pdf')
ON DUPLICATE KEY UPDATE asset_name = VALUES(asset_name), stored_name = VALUES(stored_name), relative_path = VALUES(relative_path);
INSERT INTO aws_notification_assets (notification_id, asset_id, lang, asset_name, stored_name, relative_path)
VALUES ('B1V1Yoq8LFFrDRQrsdxSx', '2DTHU2w5VHavRkvegnZVLV', 'fr-CH', '2025-08-05-VM-MK-Nissan-Crossover-Campaign-Q3-2025_FR_fr-CH.pdf', '2DTHU2w5VHavRkvegnZVLV.pdf', 'assets/notifications/2DTHU2w5VHavRkvegnZVLV.pdf')
ON DUPLICATE KEY UPDATE asset_name = VALUES(asset_name), stored_name = VALUES(stored_name), relative_path = VALUES(relative_path);
INSERT INTO aws_notification_assets (notification_id, asset_id, lang, asset_name, stored_name, relative_path)
VALUES ('B1V1Yoq8LFFrDRQrsdxSx', '4DEW1d51ReqU5ObAJsypFI', 'it-CH', '2025-08-05-VM-MK-Nissan-Crossover-Campaign-Q3-2025_IT_it-CH.pdf', '4DEW1d51ReqU5ObAJsypFI.pdf', 'assets/notifications/4DEW1d51ReqU5ObAJsypFI.pdf')
ON DUPLICATE KEY UPDATE asset_name = VALUES(asset_name), stored_name = VALUES(stored_name), relative_path = VALUES(relative_path);
INSERT INTO aws_notification_assets (notification_id, asset_id, lang, asset_name, stored_name, relative_path)
VALUES ('5iizfDHD6S020k4i82HkWv', '4MNhI9PxOYXOYlwKexhcKD', 'de', '2025-12-04-VM-MK-Nissan-Crosscarline_Destocking-Dealer-Q1-2026_DE_de-CH.pdf', '4MNhI9PxOYXOYlwKexhcKD.pdf', 'assets/notifications/4MNhI9PxOYXOYlwKexhcKD.pdf')
ON DUPLICATE KEY UPDATE asset_name = VALUES(asset_name), stored_name = VALUES(stored_name), relative_path = VALUES(relative_path);
INSERT INTO aws_notification_assets (notification_id, asset_id, lang, asset_name, stored_name, relative_path)
VALUES ('5iizfDHD6S020k4i82HkWv', '5DDBGc8QmK9jTI7rbkRG04', 'fr-CH', '2025-12-04-VM-MK-Nissan-Crosscarline_Destocking-Dealer-Q1-2026_FR_fr-CH.pdf', '5DDBGc8QmK9jTI7rbkRG04.pdf', 'assets/notifications/5DDBGc8QmK9jTI7rbkRG04.pdf')
ON DUPLICATE KEY UPDATE asset_name = VALUES(asset_name), stored_name = VALUES(stored_name), relative_path = VALUES(relative_path);
INSERT INTO aws_notification_assets (notification_id, asset_id, lang, asset_name, stored_name, relative_path)
VALUES ('5iizfDHD6S020k4i82HkWv', '5a5UyQmGvcBLw9U50QEfhF', 'it-CH', '2025-12-04-VM-MK-Nissan-Crosscarline_Destocking-Dealer-Q1-2026_IT_it-CH.pdf', '5a5UyQmGvcBLw9U50QEfhF.pdf', 'assets/notifications/5a5UyQmGvcBLw9U50QEfhF.pdf')
ON DUPLICATE KEY UPDATE asset_name = VALUES(asset_name), stored_name = VALUES(stored_name), relative_path = VALUES(relative_path);
INSERT INTO aws_notification_assets (notification_id, asset_id, lang, asset_name, stored_name, relative_path)
VALUES ('5jjyDYKdsnacS5JNfoMcGu', '3NuqdENsEZqXo6eccUJ7xZ', 'de', '2026-01-21-VM-MK-Nissan-EV_Range-Dealer-Q1-2026_DE_de-CH.pdf', '3NuqdENsEZqXo6eccUJ7xZ.pdf', 'assets/notifications/3NuqdENsEZqXo6eccUJ7xZ.pdf')
ON DUPLICATE KEY UPDATE asset_name = VALUES(asset_name), stored_name = VALUES(stored_name), relative_path = VALUES(relative_path);
INSERT INTO aws_notification_assets (notification_id, asset_id, lang, asset_name, stored_name, relative_path)
VALUES ('5jjyDYKdsnacS5JNfoMcGu', '5kCsG9OaQOiJgHbo7fxq7b', 'fr-CH', '2026-01-21-VM-MK-Nissan-EV_Range-Dealer-Q1-2026_FR_fr-CH.pdf', '5kCsG9OaQOiJgHbo7fxq7b.pdf', 'assets/notifications/5kCsG9OaQOiJgHbo7fxq7b.pdf')
ON DUPLICATE KEY UPDATE asset_name = VALUES(asset_name), stored_name = VALUES(stored_name), relative_path = VALUES(relative_path);
INSERT INTO aws_notification_assets (notification_id, asset_id, lang, asset_name, stored_name, relative_path)
VALUES ('5jjyDYKdsnacS5JNfoMcGu', '2cRXV6mMam2yH0pjyheAwQ', 'it-CH', '2026-01-21-VM-MK-Nissan-EV_Range-Dealer-Q1-2026_IT_it-CH.pdf', '2cRXV6mMam2yH0pjyheAwQ.pdf', 'assets/notifications/2cRXV6mMam2yH0pjyheAwQ.pdf')
ON DUPLICATE KEY UPDATE asset_name = VALUES(asset_name), stored_name = VALUES(stored_name), relative_path = VALUES(relative_path);
INSERT INTO aws_notification_assets (notification_id, asset_id, lang, asset_name, stored_name, relative_path)
VALUES ('zV5zTlWMtdi7GWGYlqaLL', '2LiCtcpZqHXIEWzODdlcrt', 'de', '2026-01-12-VM-MK-Nissan-Micra-Days-Q1-2026_DE_de-CH.pdf', '2LiCtcpZqHXIEWzODdlcrt.pdf', 'assets/notifications/2LiCtcpZqHXIEWzODdlcrt.pdf')
ON DUPLICATE KEY UPDATE asset_name = VALUES(asset_name), stored_name = VALUES(stored_name), relative_path = VALUES(relative_path);
INSERT INTO aws_notification_assets (notification_id, asset_id, lang, asset_name, stored_name, relative_path)
VALUES ('zV5zTlWMtdi7GWGYlqaLL', '3ygVPp1K6YQXrKvRwL33yp', 'de', 'xRelation Selfservice DE_de-CH.pdf', '3ygVPp1K6YQXrKvRwL33yp.pdf', 'assets/notifications/3ygVPp1K6YQXrKvRwL33yp.pdf')
ON DUPLICATE KEY UPDATE asset_name = VALUES(asset_name), stored_name = VALUES(stored_name), relative_path = VALUES(relative_path);
INSERT INTO aws_notification_assets (notification_id, asset_id, lang, asset_name, stored_name, relative_path)
VALUES ('zV5zTlWMtdi7GWGYlqaLL', '7AFCVHW788X1E02QnoBW64', 'fr-CH', '2026-01-12-VM-MK-Nissan-Micra-Days-Q1-2026_FR_fr-CH.pdf', '7AFCVHW788X1E02QnoBW64.pdf', 'assets/notifications/7AFCVHW788X1E02QnoBW64.pdf')
ON DUPLICATE KEY UPDATE asset_name = VALUES(asset_name), stored_name = VALUES(stored_name), relative_path = VALUES(relative_path);
INSERT INTO aws_notification_assets (notification_id, asset_id, lang, asset_name, stored_name, relative_path)
VALUES ('zV5zTlWMtdi7GWGYlqaLL', '1pqWM22LZpdG2oGW7zz3sL', 'it-CH', '2026-01-12-VM-MK-Nissan-Micra-Days-Q1-2026_IT_it-CH.pdf', '1pqWM22LZpdG2oGW7zz3sL.pdf', 'assets/notifications/1pqWM22LZpdG2oGW7zz3sL.pdf')
ON DUPLICATE KEY UPDATE asset_name = VALUES(asset_name), stored_name = VALUES(stored_name), relative_path = VALUES(relative_path);
INSERT INTO aws_notification_assets (notification_id, asset_id, lang, asset_name, stored_name, relative_path)
VALUES ('310f0IVMsT2lyh9QUzsydn', '2z8q7Q10UUNwA6Y2KOhNtg', 'de', '2025-12-31-VM-MK-Nissan-Micra-Launch-Campaign-Q1-2026_DE_de-CH.pdf', '2z8q7Q10UUNwA6Y2KOhNtg.pdf', 'assets/notifications/2z8q7Q10UUNwA6Y2KOhNtg.pdf')
ON DUPLICATE KEY UPDATE asset_name = VALUES(asset_name), stored_name = VALUES(stored_name), relative_path = VALUES(relative_path);
INSERT INTO aws_notification_assets (notification_id, asset_id, lang, asset_name, stored_name, relative_path)
VALUES ('310f0IVMsT2lyh9QUzsydn', '5RqTgVyZfy2jRoLhWa4dRa', 'fr-CH', '2025-12-31-VM-MK-Nissan-Micra-Launch-Campaign-Q1-2026_FR_fr-CH.pdf', '5RqTgVyZfy2jRoLhWa4dRa.pdf', 'assets/notifications/5RqTgVyZfy2jRoLhWa4dRa.pdf')
ON DUPLICATE KEY UPDATE asset_name = VALUES(asset_name), stored_name = VALUES(stored_name), relative_path = VALUES(relative_path);
INSERT INTO aws_notification_assets (notification_id, asset_id, lang, asset_name, stored_name, relative_path)
VALUES ('310f0IVMsT2lyh9QUzsydn', '5ht4rLKkkBBbcffNHQoetn', 'it-CH', '2025-12-31-VM-MK-Nissan-Micra-Launch-Campaign-Q1-2026_IT_it-CH.pdf', '5ht4rLKkkBBbcffNHQoetn.pdf', 'assets/notifications/5ht4rLKkkBBbcffNHQoetn.pdf')
ON DUPLICATE KEY UPDATE asset_name = VALUES(asset_name), stored_name = VALUES(stored_name), relative_path = VALUES(relative_path);
INSERT INTO aws_notification_assets (notification_id, asset_id, lang, asset_name, stored_name, relative_path)
VALUES ('1eLNRbb4ajpnbaNcffjSy0', '3t3SZIiQujkDVGSx7hbhG3', 'de', '2026-03-30-VM-MK-Nissan-Micra-Campaign_Flight2-Q2-2026_DE_de-CH.pdf', '3t3SZIiQujkDVGSx7hbhG3.pdf', 'assets/notifications/3t3SZIiQujkDVGSx7hbhG3.pdf')
ON DUPLICATE KEY UPDATE asset_name = VALUES(asset_name), stored_name = VALUES(stored_name), relative_path = VALUES(relative_path);
INSERT INTO aws_notification_assets (notification_id, asset_id, lang, asset_name, stored_name, relative_path)
VALUES ('1eLNRbb4ajpnbaNcffjSy0', 'YVZK6Kg5P8p7aVoIIdd0X', 'fr-CH', '2026-03-30-VM-MK-Nissan-Micra-Campaign_Flight2-Q2-2026_FR_fr-CH.pdf', 'YVZK6Kg5P8p7aVoIIdd0X.pdf', 'assets/notifications/YVZK6Kg5P8p7aVoIIdd0X.pdf')
ON DUPLICATE KEY UPDATE asset_name = VALUES(asset_name), stored_name = VALUES(stored_name), relative_path = VALUES(relative_path);
INSERT INTO aws_notification_assets (notification_id, asset_id, lang, asset_name, stored_name, relative_path)
VALUES ('1eLNRbb4ajpnbaNcffjSy0', '5b9xHJFVFRHilPytmxCM1Z', 'it-CH', '2026-03-30-VM-MK-Nissan-Micra-Campaign_Flight2-Q2-2026_IT_it-CH.pdf', '5b9xHJFVFRHilPytmxCM1Z.pdf', 'assets/notifications/5b9xHJFVFRHilPytmxCM1Z.pdf')
ON DUPLICATE KEY UPDATE asset_name = VALUES(asset_name), stored_name = VALUES(stored_name), relative_path = VALUES(relative_path);
INSERT INTO aws_notification_assets (notification_id, asset_id, lang, asset_name, stored_name, relative_path)
VALUES ('3Nis9FTQONx945NJuNLNQ5', '3m9dd1tASQd7Cfe8oVlQgZ', 'de', '2026-02-27-VM-MK-Nissan-Spring_exhibition-Q1-2026_DE_de-CH.pdf', '3m9dd1tASQd7Cfe8oVlQgZ.pdf', 'assets/notifications/3m9dd1tASQd7Cfe8oVlQgZ.pdf')
ON DUPLICATE KEY UPDATE asset_name = VALUES(asset_name), stored_name = VALUES(stored_name), relative_path = VALUES(relative_path);
INSERT INTO aws_notification_assets (notification_id, asset_id, lang, asset_name, stored_name, relative_path)
VALUES ('3Nis9FTQONx945NJuNLNQ5', '5YSQ8PwmoGf2FiXi71IdbP', 'fr-CH', '2026-02-27-VM-MK-Nissan-Spring_exhibition-Q1-2026_FR_fr-CH.pdf', '5YSQ8PwmoGf2FiXi71IdbP.pdf', 'assets/notifications/5YSQ8PwmoGf2FiXi71IdbP.pdf')
ON DUPLICATE KEY UPDATE asset_name = VALUES(asset_name), stored_name = VALUES(stored_name), relative_path = VALUES(relative_path);
INSERT INTO aws_notification_assets (notification_id, asset_id, lang, asset_name, stored_name, relative_path)
VALUES ('3Nis9FTQONx945NJuNLNQ5', '7DciiWVVgVR44svVYqTuJh', 'it-CH', '2026-02-27-VM-MK-Nissan-Spring_exhibition-Q1-2026_IT_it-CH.pdf', '7DciiWVVgVR44svVYqTuJh.pdf', 'assets/notifications/7DciiWVVgVR44svVYqTuJh.pdf')
ON DUPLICATE KEY UPDATE asset_name = VALUES(asset_name), stored_name = VALUES(stored_name), relative_path = VALUES(relative_path);
INSERT INTO aws_notification_assets (notification_id, asset_id, lang, asset_name, stored_name, relative_path)
VALUES ('3X0UN8dNEkwQM5g33C33Fh', '7dPp0KFA7qfg6Wkqta7eI0', 'de', '2026-03-03-KGM_Händlerwerbung-Moccamedia_DE_de-CH.pdf', '7dPp0KFA7qfg6Wkqta7eI0.pdf', 'assets/notifications/7dPp0KFA7qfg6Wkqta7eI0.pdf')
ON DUPLICATE KEY UPDATE asset_name = VALUES(asset_name), stored_name = VALUES(stored_name), relative_path = VALUES(relative_path);
INSERT INTO aws_notification_assets (notification_id, asset_id, lang, asset_name, stored_name, relative_path)
VALUES ('3X0UN8dNEkwQM5g33C33Fh', 'jilpMfsANx1Znf5e7gtcP', 'fr-CH', '2026-03-03-KGM_Händlerwerbung-Moccamedia_FR_fr-CH.pdf', 'jilpMfsANx1Znf5e7gtcP.pdf', 'assets/notifications/jilpMfsANx1Znf5e7gtcP.pdf')
ON DUPLICATE KEY UPDATE asset_name = VALUES(asset_name), stored_name = VALUES(stored_name), relative_path = VALUES(relative_path);
INSERT INTO aws_notification_assets (notification_id, asset_id, lang, asset_name, stored_name, relative_path)
VALUES ('3X0UN8dNEkwQM5g33C33Fh', 'cqMdyX2RVVAx9Cjp4oR4D', 'it-CH', '2026-03-03-KGM_Händlerwerbung-Moccamedia_IT_it-CH.pdf', 'cqMdyX2RVVAx9Cjp4oR4D.pdf', 'assets/notifications/cqMdyX2RVVAx9Cjp4oR4D.pdf')
ON DUPLICATE KEY UPDATE asset_name = VALUES(asset_name), stored_name = VALUES(stored_name), relative_path = VALUES(relative_path);
INSERT INTO aws_notification_assets (notification_id, asset_id, lang, asset_name, stored_name, relative_path)
VALUES ('2VRPyNXHXH9EStDDVMftvb', '6dJBkotWjvlHsSnqXnZBKm', 'de', '2025-06-10-VM-MK-Nissan-Crosscarline-Dealer-Q2-2025_DE_de-CH.pdf', '6dJBkotWjvlHsSnqXnZBKm.pdf', 'assets/notifications/6dJBkotWjvlHsSnqXnZBKm.pdf')
ON DUPLICATE KEY UPDATE asset_name = VALUES(asset_name), stored_name = VALUES(stored_name), relative_path = VALUES(relative_path);
INSERT INTO aws_notification_assets (notification_id, asset_id, lang, asset_name, stored_name, relative_path)
VALUES ('2VRPyNXHXH9EStDDVMftvb', '2OKRB1JlTqdptOqIkin60t', 'fr-CH', '2025-06-10-VM-MK-Nissan-Crosscarline-Dealer-Q2-2025_FR_fr-CH.pdf', '2OKRB1JlTqdptOqIkin60t.pdf', 'assets/notifications/2OKRB1JlTqdptOqIkin60t.pdf')
ON DUPLICATE KEY UPDATE asset_name = VALUES(asset_name), stored_name = VALUES(stored_name), relative_path = VALUES(relative_path);
INSERT INTO aws_notification_assets (notification_id, asset_id, lang, asset_name, stored_name, relative_path)
VALUES ('2VRPyNXHXH9EStDDVMftvb', '5ZbGT5rbLgv3d8DhLM4DqW', 'it-CH', '2025-06-10-VM-MK-Nissan-Crosscarline-Dealer-Q2-2025_IT_it-CH.pdf', '5ZbGT5rbLgv3d8DhLM4DqW.pdf', 'assets/notifications/5ZbGT5rbLgv3d8DhLM4DqW.pdf')
ON DUPLICATE KEY UPDATE asset_name = VALUES(asset_name), stored_name = VALUES(stored_name), relative_path = VALUES(relative_path);
INSERT INTO aws_notification_assets (notification_id, asset_id, lang, asset_name, stored_name, relative_path)
VALUES ('43cmy4PzvMNRdi8s6qT4Ec', '7G0C8PhDLjmCCv2VKoTIx8', 'de', '2025-04-22-VM-MK-Nissan-Destocking-Q2-2025_DE_final_de-CH.pdf', '7G0C8PhDLjmCCv2VKoTIx8.pdf', 'assets/notifications/7G0C8PhDLjmCCv2VKoTIx8.pdf')
ON DUPLICATE KEY UPDATE asset_name = VALUES(asset_name), stored_name = VALUES(stored_name), relative_path = VALUES(relative_path);
INSERT INTO aws_notification_assets (notification_id, asset_id, lang, asset_name, stored_name, relative_path)
VALUES ('43cmy4PzvMNRdi8s6qT4Ec', '4NAdmbi9meIk67vb3eF8Zs', 'fr-CH', '2025-04-22-VM-MK-Nissan-Destocking-Q2-2025_FR_final_fr-CH.pdf', '4NAdmbi9meIk67vb3eF8Zs.pdf', 'assets/notifications/4NAdmbi9meIk67vb3eF8Zs.pdf')
ON DUPLICATE KEY UPDATE asset_name = VALUES(asset_name), stored_name = VALUES(stored_name), relative_path = VALUES(relative_path);
INSERT INTO aws_notification_assets (notification_id, asset_id, lang, asset_name, stored_name, relative_path)
VALUES ('43cmy4PzvMNRdi8s6qT4Ec', 'YfWbxZhCn07NOIVPFW3rJ', 'it-CH', '2025-04-22-VM-MK-Nissan-Destocking-Q2-2025_IT_Final_it-CH.pdf', 'YfWbxZhCn07NOIVPFW3rJ.pdf', 'assets/notifications/YfWbxZhCn07NOIVPFW3rJ.pdf')
ON DUPLICATE KEY UPDATE asset_name = VALUES(asset_name), stored_name = VALUES(stored_name), relative_path = VALUES(relative_path);
INSERT INTO aws_notification_assets (notification_id, asset_id, lang, asset_name, stored_name, relative_path)
VALUES ('6cjrnxKyhAalUVvAgUsVBA', '1jLw6EgIT8tuLFDXNadzf8', 'de', 'ZB LISTE DE_de-CH.pdf', '1jLw6EgIT8tuLFDXNadzf8.pdf', 'assets/notifications/1jLw6EgIT8tuLFDXNadzf8.pdf')
ON DUPLICATE KEY UPDATE asset_name = VALUES(asset_name), stored_name = VALUES(stored_name), relative_path = VALUES(relative_path);
INSERT INTO aws_notification_assets (notification_id, asset_id, lang, asset_name, stored_name, relative_path)
VALUES ('6cjrnxKyhAalUVvAgUsVBA', '3U8Wg0VHynvApwUWD7BBTB', 'fr-CH', 'ZB LISTE FR_fr-CH.pdf', '3U8Wg0VHynvApwUWD7BBTB.pdf', 'assets/notifications/3U8Wg0VHynvApwUWD7BBTB.pdf')
ON DUPLICATE KEY UPDATE asset_name = VALUES(asset_name), stored_name = VALUES(stored_name), relative_path = VALUES(relative_path);
INSERT INTO aws_notification_assets (notification_id, asset_id, lang, asset_name, stored_name, relative_path)
VALUES ('6cjrnxKyhAalUVvAgUsVBA', '55IKf3caGtjOdc3XIGrGV3', 'it-CH', 'ZB LISTE FR_it-CH.pdf', '55IKf3caGtjOdc3XIGrGV3.pdf', 'assets/notifications/55IKf3caGtjOdc3XIGrGV3.pdf')
ON DUPLICATE KEY UPDATE asset_name = VALUES(asset_name), stored_name = VALUES(stored_name), relative_path = VALUES(relative_path);
INSERT INTO aws_notification_assets (notification_id, asset_id, lang, asset_name, stored_name, relative_path)
VALUES ('1IL1eJjUFPqyEGlBFvJBqM', '5lGcM2gXyUZrXEL5cM4xl', 'de', '0001.26_Promo Parts Januar_DE_de-CH.pdf', '5lGcM2gXyUZrXEL5cM4xl.pdf', 'assets/notifications/5lGcM2gXyUZrXEL5cM4xl.pdf')
ON DUPLICATE KEY UPDATE asset_name = VALUES(asset_name), stored_name = VALUES(stored_name), relative_path = VALUES(relative_path);
INSERT INTO aws_notification_assets (notification_id, asset_id, lang, asset_name, stored_name, relative_path)
VALUES ('1IL1eJjUFPqyEGlBFvJBqM', '5uU6JMMIFTowPzD4Oq1hKP', 'de', 'Topseller Liste_0001.26_Promo JAN_de-CH.xlsx', '5uU6JMMIFTowPzD4Oq1hKP.xlsx', 'assets/notifications/5uU6JMMIFTowPzD4Oq1hKP.xlsx')
ON DUPLICATE KEY UPDATE asset_name = VALUES(asset_name), stored_name = VALUES(stored_name), relative_path = VALUES(relative_path);
INSERT INTO aws_notification_assets (notification_id, asset_id, lang, asset_name, stored_name, relative_path)
VALUES ('1IL1eJjUFPqyEGlBFvJBqM', '38U8vwpJHMXFmwVUKswJnI', 'fr-CH', 'Topseller Liste_0001.26_Promo JAN_fr-CH.xlsx', '38U8vwpJHMXFmwVUKswJnI.xlsx', 'assets/notifications/38U8vwpJHMXFmwVUKswJnI.xlsx')
ON DUPLICATE KEY UPDATE asset_name = VALUES(asset_name), stored_name = VALUES(stored_name), relative_path = VALUES(relative_path);
INSERT INTO aws_notification_assets (notification_id, asset_id, lang, asset_name, stored_name, relative_path)
VALUES ('1IL1eJjUFPqyEGlBFvJBqM', '3D1jN1InpFgESQnzvAgd2I', 'fr-CH', '0001.26_Promo Parts janvier_FR_fr-CH.pdf', '3D1jN1InpFgESQnzvAgd2I.pdf', 'assets/notifications/3D1jN1InpFgESQnzvAgd2I.pdf')
ON DUPLICATE KEY UPDATE asset_name = VALUES(asset_name), stored_name = VALUES(stored_name), relative_path = VALUES(relative_path);
INSERT INTO aws_notification_assets (notification_id, asset_id, lang, asset_name, stored_name, relative_path)
VALUES ('1IL1eJjUFPqyEGlBFvJBqM', '4Oo0ozBCNWqvk5Jp36NUz3', 'it-CH', 'Topseller Liste_0001.26_Promo JAN_it-CH.xlsx', '4Oo0ozBCNWqvk5Jp36NUz3.xlsx', 'assets/notifications/4Oo0ozBCNWqvk5Jp36NUz3.xlsx')
ON DUPLICATE KEY UPDATE asset_name = VALUES(asset_name), stored_name = VALUES(stored_name), relative_path = VALUES(relative_path);
INSERT INTO aws_notification_assets (notification_id, asset_id, lang, asset_name, stored_name, relative_path)
VALUES ('1IL1eJjUFPqyEGlBFvJBqM', '6zAfJUARNngQKiU4Q8svHU', 'it-CH', '0001.26_Promo Parts gennaio_IT_it-CH.pdf', '6zAfJUARNngQKiU4Q8svHU.pdf', 'assets/notifications/6zAfJUARNngQKiU4Q8svHU.pdf')
ON DUPLICATE KEY UPDATE asset_name = VALUES(asset_name), stored_name = VALUES(stored_name), relative_path = VALUES(relative_path);
INSERT INTO aws_notification_assets (notification_id, asset_id, lang, asset_name, stored_name, relative_path)
VALUES ('qWSLr0oxnG8BqkYeY8mrw', '4sMWigAGNMbyTK5Da7ckz4', 'de', '0002.26_Promo Parts Januar_DE_de-CH.pdf', '4sMWigAGNMbyTK5Da7ckz4.pdf', 'assets/notifications/4sMWigAGNMbyTK5Da7ckz4.pdf')
ON DUPLICATE KEY UPDATE asset_name = VALUES(asset_name), stored_name = VALUES(stored_name), relative_path = VALUES(relative_path);
INSERT INTO aws_notification_assets (notification_id, asset_id, lang, asset_name, stored_name, relative_path)
VALUES ('qWSLr0oxnG8BqkYeY8mrw', '5NQ9VN3a4e645x0RWSJLeu', 'de', 'Topseller Liste_0002.26_Promo Januar_de-CH.xlsx', '5NQ9VN3a4e645x0RWSJLeu.xlsx', 'assets/notifications/5NQ9VN3a4e645x0RWSJLeu.xlsx')
ON DUPLICATE KEY UPDATE asset_name = VALUES(asset_name), stored_name = VALUES(stored_name), relative_path = VALUES(relative_path);
INSERT INTO aws_notification_assets (notification_id, asset_id, lang, asset_name, stored_name, relative_path)
VALUES ('qWSLr0oxnG8BqkYeY8mrw', '2QEQqOaHgB7irtYDsW4n5V', 'fr-CH', '0002.26_Promo Parts janiver_FR_fr-CH.pdf', '2QEQqOaHgB7irtYDsW4n5V.pdf', 'assets/notifications/2QEQqOaHgB7irtYDsW4n5V.pdf')
ON DUPLICATE KEY UPDATE asset_name = VALUES(asset_name), stored_name = VALUES(stored_name), relative_path = VALUES(relative_path);
INSERT INTO aws_notification_assets (notification_id, asset_id, lang, asset_name, stored_name, relative_path)
VALUES ('qWSLr0oxnG8BqkYeY8mrw', '7db8NjtqVZSm6sLS7ZHqo7', 'fr-CH', 'Topseller Liste_0002.26_Promo Januar_fr-CH.xlsx', '7db8NjtqVZSm6sLS7ZHqo7.xlsx', 'assets/notifications/7db8NjtqVZSm6sLS7ZHqo7.xlsx')
ON DUPLICATE KEY UPDATE asset_name = VALUES(asset_name), stored_name = VALUES(stored_name), relative_path = VALUES(relative_path);
INSERT INTO aws_notification_assets (notification_id, asset_id, lang, asset_name, stored_name, relative_path)
VALUES ('qWSLr0oxnG8BqkYeY8mrw', '31XCiydjTH7NtqdUwQrrvB', 'it-CH', '0002.26_Promo Parts janiver_FR_it-CH.pdf', '31XCiydjTH7NtqdUwQrrvB.pdf', 'assets/notifications/31XCiydjTH7NtqdUwQrrvB.pdf')
ON DUPLICATE KEY UPDATE asset_name = VALUES(asset_name), stored_name = VALUES(stored_name), relative_path = VALUES(relative_path);
INSERT INTO aws_notification_assets (notification_id, asset_id, lang, asset_name, stored_name, relative_path)
VALUES ('qWSLr0oxnG8BqkYeY8mrw', '50UZE1qhpYNk1I80flvKCj', 'it-CH', 'Topseller Liste_0002.26_Promo Januar_it-CH.xlsx', '50UZE1qhpYNk1I80flvKCj.xlsx', 'assets/notifications/50UZE1qhpYNk1I80flvKCj.xlsx')
ON DUPLICATE KEY UPDATE asset_name = VALUES(asset_name), stored_name = VALUES(stored_name), relative_path = VALUES(relative_path);
INSERT INTO aws_notification_assets (notification_id, asset_id, lang, asset_name, stored_name, relative_path)
VALUES ('5cTWJVky6FssIG1SMlyplY', '6XLKHAj5K3nWT74M8Jk88F', 'de', '0003.26_NEW Promokonzept Nissan_DE_de-CH.pdf', '6XLKHAj5K3nWT74M8Jk88F.pdf', 'assets/notifications/6XLKHAj5K3nWT74M8Jk88F.pdf')
ON DUPLICATE KEY UPDATE asset_name = VALUES(asset_name), stored_name = VALUES(stored_name), relative_path = VALUES(relative_path);
INSERT INTO aws_notification_assets (notification_id, asset_id, lang, asset_name, stored_name, relative_path)
VALUES ('5cTWJVky6FssIG1SMlyplY', '6lBFzR6AMia2dwNtwOOxkW', 'fr-CH', '0003.26_NEW Promoconcept Nissan_FR_fr-CH.pdf', '6lBFzR6AMia2dwNtwOOxkW.pdf', 'assets/notifications/6lBFzR6AMia2dwNtwOOxkW.pdf')
ON DUPLICATE KEY UPDATE asset_name = VALUES(asset_name), stored_name = VALUES(stored_name), relative_path = VALUES(relative_path);
INSERT INTO aws_notification_assets (notification_id, asset_id, lang, asset_name, stored_name, relative_path)
VALUES ('5cTWJVky6FssIG1SMlyplY', '3mUt6SD8Ibwv6BPlDkvVHV', 'it-CH', '0003.26_NEW Promoconcept Nissan_FR_it-CH.pdf', '3mUt6SD8Ibwv6BPlDkvVHV.pdf', 'assets/notifications/3mUt6SD8Ibwv6BPlDkvVHV.pdf')
ON DUPLICATE KEY UPDATE asset_name = VALUES(asset_name), stored_name = VALUES(stored_name), relative_path = VALUES(relative_path);
