-- Backup przed importem (uruchom w phpMyAdmin)
CREATE TABLE IF NOT EXISTS backup_aws_notifications AS SELECT * FROM aws_notifications;
CREATE TABLE IF NOT EXISTS backup_aws_notification_translations AS SELECT * FROM aws_notification_translations;
CREATE TABLE IF NOT EXISTS backup_aws_notification_brands AS SELECT * FROM aws_notification_brands;
CREATE TABLE IF NOT EXISTS backup_aws_notification_assets AS SELECT * FROM aws_notification_assets;

-- ========== Import proper ==========
START TRANSACTION;

-- 7gSH4AQH2Z6nbjVGJZDA7z
INSERT INTO aws_notifications (id_notification, category, status, is_legacy, priority, sender, published_at)
VALUES ('7gSH4AQH2Z6nbjVGJZDA7z', 9, 'Published', 1, 0, 'Handover Import', '2024-05-29 06:47:06')
ON DUPLICATE KEY UPDATE category = VALUES(category), status = VALUES(status), is_legacy = VALUES(is_legacy), priority = VALUES(priority), sender = VALUES(sender), published_at = VALUES(published_at);
INSERT INTO aws_notification_translations (notification_id, locale, title, executive_summary, content_html)
VALUES ('7gSH4AQH2Z6nbjVGJZDA7z', 'de', 'Deaktivieren von Astara Platform Benutzer', 'Deaktivierung von Astara Platform (Driber) Benutzer nach Inaktivität von mehr als 3 Monaten.', '<p>Sehr geehrte Partner</p><p>per sofort werden Benutzer in Astara Platform (Driber) nach einer Inaktivität von mehr als 3 (drei) Monaten deaktiviert. Die Aktivität wird nur gemäss letztes Anmeldedatum geprüft.</p><p>Beispiel:</p><p>Am 10.02.2024 werden die Benutzer geprüft. Alle Benutzer mit einem \"Letztes Anmeldedatum\" älter als 10.11.2023 werden deaktiviert.</p><p>Für das Aktivieren , folgen Sie bitte den üblichen Prozess für neue Benutzer.</p>')
ON DUPLICATE KEY UPDATE title = VALUES(title), executive_summary = VALUES(executive_summary), content_html = VALUES(content_html);
INSERT INTO aws_notification_translations (notification_id, locale, title, executive_summary, content_html)
VALUES ('7gSH4AQH2Z6nbjVGJZDA7z', 'fr-CH', 'Désactivation des utilisateurs de la plateforme Astara ', 'Désactivation des utilisateurs de la Plateforme Astara (Driber) après une inactivité de plus de 3 mois.', '<p>Chers Partenaires</p><p>À effet immédiat, les utilisateurs seront désactivés sur la plateforme Astara (Driber) après plus de 3 (trois) mois d&amp;#39;inactivité. L&amp;#39;activité n&amp;#39;est vérifiée qu&amp;#39;en fonction de la dernière date ;inscription.</p><p>Exemple:</p><p>Les utilisateurs seront contrôlés le 10 février 2024. Tous les utilisateurs dont la « Date de dernière connexion » est antérieure au 10 novembre 2023 seront désactivés.</p><p>Pour lactiver, veuillez suivre le processus habituel pour les nouveaux utilisateurs.</p>')
ON DUPLICATE KEY UPDATE title = VALUES(title), executive_summary = VALUES(executive_summary), content_html = VALUES(content_html);
INSERT INTO aws_notification_translations (notification_id, locale, title, executive_summary, content_html)
VALUES ('7gSH4AQH2Z6nbjVGJZDA7z', 'it-CH', 'Disabilitazione degli utenti della piattaforma Astara', 'Disattivazione degli utenti della Piattaforma Astara (Driber) dopo inattività superiore a 3 mesi.', '<p>Cari partner</p><p>Con effetto immediato, gli utenti verranno disattivati ​​nella Piattaforma Astara (Driber) dopo più di 3 (tre) mesi di inattività. L\'attività viene controllata solo in base all\'ultima data di registrazione.</p><p>Esempio:</p><p>Gli utenti verranno controllati il ​​10 febbraio 2024. Tutti gli utenti con una &amp;quot;data dell\'ultimo accesso; precedente al 10 novembre 2023 verranno disattivati.</p><p>Per l\'attivazione, seguire la procedura consueta per i nuovi utenti.</p>')
ON DUPLICATE KEY UPDATE title = VALUES(title), executive_summary = VALUES(executive_summary), content_html = VALUES(content_html);
INSERT INTO aws_notification_brands (notification_id, brand_id)
VALUES ('7gSH4AQH2Z6nbjVGJZDA7z', 3)
ON DUPLICATE KEY UPDATE brand_id = VALUES(brand_id);
INSERT INTO aws_notification_brands (notification_id, brand_id)
VALUES ('7gSH4AQH2Z6nbjVGJZDA7z', 5)
ON DUPLICATE KEY UPDATE brand_id = VALUES(brand_id);
INSERT INTO aws_notification_brands (notification_id, brand_id)
VALUES ('7gSH4AQH2Z6nbjVGJZDA7z', 1)
ON DUPLICATE KEY UPDATE brand_id = VALUES(brand_id);
INSERT INTO aws_notification_brands (notification_id, brand_id)
VALUES ('7gSH4AQH2Z6nbjVGJZDA7z', 6)
ON DUPLICATE KEY UPDATE brand_id = VALUES(brand_id);
INSERT INTO aws_notification_brands (notification_id, brand_id)
VALUES ('7gSH4AQH2Z6nbjVGJZDA7z', 4)
ON DUPLICATE KEY UPDATE brand_id = VALUES(brand_id);
INSERT INTO aws_notification_brands (notification_id, brand_id)
VALUES ('7gSH4AQH2Z6nbjVGJZDA7z', 7)
ON DUPLICATE KEY UPDATE brand_id = VALUES(brand_id);
-- 536M7tPdEGfQ3OxVAA9QLg
INSERT INTO aws_notifications (id_notification, category, status, is_legacy, priority, sender, published_at)
VALUES ('536M7tPdEGfQ3OxVAA9QLg', 9, 'Published', 1, 1, 'Handover Import', '2024-12-11 13:46:11')
ON DUPLICATE KEY UPDATE category = VALUES(category), status = VALUES(status), is_legacy = VALUES(is_legacy), priority = VALUES(priority), sender = VALUES(sender), published_at = VALUES(published_at);
INSERT INTO aws_notification_translations (notification_id, locale, title, executive_summary, content_html)
VALUES ('536M7tPdEGfQ3OxVAA9QLg', 'de', 'IT Händler Helpdesk Astara', 'Information über neuer IT Helpdesk für Händlernetzwerk', '<p>Sehr geehrte Partner</p><p><br></p><p>Seit 10.12. ist der neue IT Helpdesk für Sie online!</p><p><br></p><p>Der Zugriff erfolgt über die gewohnten Helpdesk Portale wie folgt:</p><p><br></p><p>Astara ital Marken: <a href=\"https://eur05.safelinks.protection.outlook.com/?url=https%3A%2F%2Fastara-helpdesk.ch%2F&amp;data=05%7C02%7Civan.filipov%40astara.com%7C7fa4e8509cf54473226708dd1908d097%7C8eeb56e4f8c04e77a328c33b95dfa903%7C0%7C0%7C638694247870584712%7CUnknown%7CTWFpbGZsb3d8eyJFbXB0eU1hcGkiOnRydWUsIlYiOiIwLjAuMDAwMCIsIlAiOiJXaW4zMiIsIkFOIjoiTWFpbCIsIldUIjoyfQ%3D%3D%7C0%7C%7C%7C&amp;sdata=RYKZcMOGWFePa79oJ94NG13TDjlgMrvbqp%2BDmgVTkZE%3D&amp;reserved=0\" rel=\"noopener noreferrer\" target=\"_blank\">https://astara-helpdesk.ch/</a></p><p>Restliche Marken:&nbsp;<a href=\"https://eur05.safelinks.protection.outlook.com/?url=https%3A%2F%2Fastara-m-helpdesk.ch%2F&amp;data=05%7C02%7Civan.filipov%40astara.com%7C7fa4e8509cf54473226708dd1908d097%7C8eeb56e4f8c04e77a328c33b95dfa903%7C0%7C0%7C638694247870612582%7CUnknown%7CTWFpbGZsb3d8eyJFbXB0eU1hcGkiOnRydWUsIlYiOiIwLjAuMDAwMCIsIlAiOiJXaW4zMiIsIkFOIjoiTWFpbCIsIldUIjoyfQ%3D%3D%7C0%7C%7C%7C&amp;sdata=vp3HY4cJLYNqp4RlQSZG6v7VS2iCvwWlWsujn9KM6BE%3D&amp;reserved=0\" rel=\"noopener noreferrer\" target=\"_blank\">https://astara-m-helpdesk.ch/</a></p><p><br></p><p>Verwenden Sie bitte in Zukunft die neue Sektion ICT Helpdesk für alle Fragen, die bis jetzt and den ict e-mail Adressen gerichtet wurden. Die e-mail Adressen werden in Zukunft nicht mehr bearbeitet.</p><p>Der ICT Helpdesk kann z.B. für folgenden Anfragen/Probleme eingesetzt werden:</p><ol><li>Neue Salesforce user für Mitarbeiter</li><li>Probleme mit Astara Platform (Driber) - bitte nutzen Sie das in Zukunft um Fehler oder Fragen bezüglich allen Prozessen in AP zu stellen. Fügen Sie immer ensprechende Screenshots und Beschreibung des Problems zum Ticket hinzu.</li><li>Andere Astara IT relevante Anfragen und/oder Probleme</li></ol><p>Um das Heldesk zu nutzen, wird zuerst einen Benutzer über den Link \"Neuer Benutzer\" beantragt. Nach Freischaltung kriegt der Benutzer eine e-Mail mit Aktivierungslink. Dieser ist 72 Stnden gültig.</p><p>Unter der Sektion \"Händler Manuals\" auf der Anmeldeseite st für Sie eine kleine Dokumentation zum Erstellen der Tickets hinterlegt.</p>')
ON DUPLICATE KEY UPDATE title = VALUES(title), executive_summary = VALUES(executive_summary), content_html = VALUES(content_html);
INSERT INTO aws_notification_translations (notification_id, locale, title, executive_summary, content_html)
VALUES ('536M7tPdEGfQ3OxVAA9QLg', 'fr-CH', 'IT Helpdesk Astara', 'Informations sur le nouveau service d’assistance informatique pour les réseaux de revendeurs', '<p>Chers partenaires</p><p><br></p><p><br></p><p><br></p><p>Le nouveau IT Helpdesk est en ligne pour vous depuis le 10.12!</p><p><br></p><p><br></p><p><br></p><p>L’accès se fait par le biais des portails habituels du helpdesk comme suit:</p><p><br></p><p><br></p><p><br></p><p>Marques Astara ital : https://astara-helpdesk.ch/</p><p><br></p><p>Autres marques : https://astara-m-helpdesk.ch/</p><p><br></p><p><br></p><p><br></p><p>Veuillez utiliser à l’avenir la nouvelle section ICT Helpdesk pour toutes les questions qui ont été posées jusqu’ici et les adresses e-mail ict. Les adresses e-mail ne seront plus traitées à l’avenir.</p><p><br></p><p>Le helpdesk ICT peut être utilisé pour les questions/problèmes suivants:</p><p><br></p><ol><li>Nouveau user Salesforce pour les employés</li><li>Problèmes avec la plateforme Astara (driber) - veuillez utiliser ceci à l’avenir pour poser des questions ou des erreurs concernant tous les processus dans AP. Ajoutez toujours des captures d’écran et une description du problème au ticket.</li><li>Autres demandes et/ou problèmes concernant Astara IT</li></ol><p><br></p><p>Pour utiliser le Heldesk, un utilisateur est d’abord demandé via le lien \"Nouvel utilisateur\". Après activation, l’utilisateur reçoit un e-mail avec le lien d’activation. Il est valable 72 heures.</p><p><br></p><p>Dans la section \"Manuels du marchand\" sur la page d’inscription, vous trouverez une petite documentation pour la création des tickets.</p>')
ON DUPLICATE KEY UPDATE title = VALUES(title), executive_summary = VALUES(executive_summary), content_html = VALUES(content_html);
INSERT INTO aws_notification_translations (notification_id, locale, title, executive_summary, content_html)
VALUES ('536M7tPdEGfQ3OxVAA9QLg', 'it-CH', 'IT Helpdesk Astara', 'Informazioni sul nuovo helpdesk IT per la rete di concessionari', '<p>Gentili partner,</p><p><br></p><p><br></p><p><br></p><p>Dal 10.12 è online per voi il nuovo helpdesk IT!</p><p><br></p><p><br></p><p><br></p><p>L\'accesso avviene tramite i consueti portali helpdesk come segue:</p><p><br></p><p><br></p><p><br></p><p>Astara ital marche: https://astara-helpdesk.ch/</p><p><br></p><p>Altre marche: https://astara-m-helpdesk.ch/</p><p><br></p><p><br></p><p><br></p><p>In futuro, si prega di utilizzare la nuova sezione ICT helpdesk per tutte le domande che sono state indirizzate fino ad ora e gli indirizzi e-mail ict. Gli indirizzi e-mail non saranno più elaborati in futuro.</p><p><br></p><p>L\'help desk ICT può essere utilizzato ad esempio per le seguenti richieste/problemi:</p><p><br></p><ol><li>Nuovi utenti di Salesforce per i dipendenti</li><li>Problemi con Astara Platform (Driber) - si prega di utilizzare questo in futuro per porre errori o domande su tutti i processi in AP. Aggiungi sempre schermate e descrizione del problema al ticket.</li><li>Altre richieste e/o problemi relativi all\'Astara IT</li></ol><p>Per utilizzare l\'Heldesk, viene richiesto un utente tramite il link \"Nuovo utente\". Dopo l\'attivazione, l\'utente riceve un\'e-mail con il link di attivazione. Il periodo di validità è di 72 ore.</p><p><br></p><p>Sotto la sezione \"Manuali del commerciante\" nella pagina di registrazione st è depositata una piccola documentazione per la creazione dei ticket.</p>')
ON DUPLICATE KEY UPDATE title = VALUES(title), executive_summary = VALUES(executive_summary), content_html = VALUES(content_html);
INSERT INTO aws_notification_brands (notification_id, brand_id)
VALUES ('536M7tPdEGfQ3OxVAA9QLg', 3)
ON DUPLICATE KEY UPDATE brand_id = VALUES(brand_id);
INSERT INTO aws_notification_brands (notification_id, brand_id)
VALUES ('536M7tPdEGfQ3OxVAA9QLg', 5)
ON DUPLICATE KEY UPDATE brand_id = VALUES(brand_id);
INSERT INTO aws_notification_brands (notification_id, brand_id)
VALUES ('536M7tPdEGfQ3OxVAA9QLg', 1)
ON DUPLICATE KEY UPDATE brand_id = VALUES(brand_id);
INSERT INTO aws_notification_brands (notification_id, brand_id)
VALUES ('536M7tPdEGfQ3OxVAA9QLg', 6)
ON DUPLICATE KEY UPDATE brand_id = VALUES(brand_id);
INSERT INTO aws_notification_brands (notification_id, brand_id)
VALUES ('536M7tPdEGfQ3OxVAA9QLg', 4)
ON DUPLICATE KEY UPDATE brand_id = VALUES(brand_id);
INSERT INTO aws_notification_brands (notification_id, brand_id)
VALUES ('536M7tPdEGfQ3OxVAA9QLg', 10)
ON DUPLICATE KEY UPDATE brand_id = VALUES(brand_id);
INSERT INTO aws_notification_brands (notification_id, brand_id)
VALUES ('536M7tPdEGfQ3OxVAA9QLg', 11)
ON DUPLICATE KEY UPDATE brand_id = VALUES(brand_id);
INSERT INTO aws_notification_brands (notification_id, brand_id)
VALUES ('536M7tPdEGfQ3OxVAA9QLg', 7)
ON DUPLICATE KEY UPDATE brand_id = VALUES(brand_id);
-- 6H86mIcRJmpdS6qjHrftLk
INSERT INTO aws_notifications (id_notification, category, status, is_legacy, priority, sender, published_at)
VALUES ('6H86mIcRJmpdS6qjHrftLk', 9, 'Published', 1, 1, 'Handover Import', '2024-09-26 13:02:26')
ON DUPLICATE KEY UPDATE category = VALUES(category), status = VALUES(status), is_legacy = VALUES(is_legacy), priority = VALUES(priority), sender = VALUES(sender), published_at = VALUES(published_at);
INSERT INTO aws_notification_translations (notification_id, locale, title, executive_summary, content_html)
VALUES ('6H86mIcRJmpdS6qjHrftLk', 'de', 'Kostenbeteiligung Astara Plattform', 'Information über Kostenbeteiligung für die Nutzung von der Astara Digitalen Distributionsplattform (Astara Plattform).\n\n', '<p>Bitte beachten Sie die Unterlagen im Anhang</p>')
ON DUPLICATE KEY UPDATE title = VALUES(title), executive_summary = VALUES(executive_summary), content_html = VALUES(content_html);
INSERT INTO aws_notification_translations (notification_id, locale, title, executive_summary, content_html)
VALUES ('6H86mIcRJmpdS6qjHrftLk', 'fr-CH', 'Partage des coûts pour la plateforme Astara', 'Informations sur le partage des coûts pour l\'utilisation de la plateforme de distribution numérique Astara (Astara Platform).\n', '<p>Veuillez noter les documents en annexe.</p>')
ON DUPLICATE KEY UPDATE title = VALUES(title), executive_summary = VALUES(executive_summary), content_html = VALUES(content_html);
INSERT INTO aws_notification_translations (notification_id, locale, title, executive_summary, content_html)
VALUES ('6H86mIcRJmpdS6qjHrftLk', 'it-CH', 'Piattaforma Astara con condivisione dei costi', 'Informazioni sulla condivisione dei costi per l\'utilizzo della piattaforma di distribuzione digitale Astara (Piattaforma Astara).', '<p>Si prega di notare i documenti in appendice</p>')
ON DUPLICATE KEY UPDATE title = VALUES(title), executive_summary = VALUES(executive_summary), content_html = VALUES(content_html);
INSERT INTO aws_notification_brands (notification_id, brand_id)
VALUES ('6H86mIcRJmpdS6qjHrftLk', 3)
ON DUPLICATE KEY UPDATE brand_id = VALUES(brand_id);
INSERT INTO aws_notification_brands (notification_id, brand_id)
VALUES ('6H86mIcRJmpdS6qjHrftLk', 5)
ON DUPLICATE KEY UPDATE brand_id = VALUES(brand_id);
INSERT INTO aws_notification_brands (notification_id, brand_id)
VALUES ('6H86mIcRJmpdS6qjHrftLk', 1)
ON DUPLICATE KEY UPDATE brand_id = VALUES(brand_id);
INSERT INTO aws_notification_brands (notification_id, brand_id)
VALUES ('6H86mIcRJmpdS6qjHrftLk', 4)
ON DUPLICATE KEY UPDATE brand_id = VALUES(brand_id);
-- NBsDRCkzkpSCvylFN5ZLH
INSERT INTO aws_notifications (id_notification, category, status, is_legacy, priority, sender, published_at)
VALUES ('NBsDRCkzkpSCvylFN5ZLH', 9, 'Published', 1, 1, 'Handover Import', '2023-12-07 15:12:36')
ON DUPLICATE KEY UPDATE category = VALUES(category), status = VALUES(status), is_legacy = VALUES(is_legacy), priority = VALUES(priority), sender = VALUES(sender), published_at = VALUES(published_at);
INSERT INTO aws_notification_translations (notification_id, locale, title, executive_summary, content_html)
VALUES ('NBsDRCkzkpSCvylFN5ZLH', 'de', 'Neue Geschäftsleitung bei Astara Ital Switzerland AG', '-', '')
ON DUPLICATE KEY UPDATE title = VALUES(title), executive_summary = VALUES(executive_summary), content_html = VALUES(content_html);
INSERT INTO aws_notification_translations (notification_id, locale, title, executive_summary, content_html)
VALUES ('NBsDRCkzkpSCvylFN5ZLH', 'fr-CH', 'Nouvelle Direction chez Astara Ital Switzerland AG', '-', '')
ON DUPLICATE KEY UPDATE title = VALUES(title), executive_summary = VALUES(executive_summary), content_html = VALUES(content_html);
INSERT INTO aws_notification_translations (notification_id, locale, title, executive_summary, content_html)
VALUES ('NBsDRCkzkpSCvylFN5ZLH', 'it-CH', 'Nuovo management per Astara Ital Switzerland AG', '-', '')
ON DUPLICATE KEY UPDATE title = VALUES(title), executive_summary = VALUES(executive_summary), content_html = VALUES(content_html);
INSERT INTO aws_notification_brands (notification_id, brand_id)
VALUES ('NBsDRCkzkpSCvylFN5ZLH', 3)
ON DUPLICATE KEY UPDATE brand_id = VALUES(brand_id);
INSERT INTO aws_notification_brands (notification_id, brand_id)
VALUES ('NBsDRCkzkpSCvylFN5ZLH', 5)
ON DUPLICATE KEY UPDATE brand_id = VALUES(brand_id);
INSERT INTO aws_notification_brands (notification_id, brand_id)
VALUES ('NBsDRCkzkpSCvylFN5ZLH', 1)
ON DUPLICATE KEY UPDATE brand_id = VALUES(brand_id);
INSERT INTO aws_notification_brands (notification_id, brand_id)
VALUES ('NBsDRCkzkpSCvylFN5ZLH', 4)
ON DUPLICATE KEY UPDATE brand_id = VALUES(brand_id);
-- 1CMZ1IRPBwgUsUsfPfCz6j
INSERT INTO aws_notifications (id_notification, category, status, is_legacy, priority, sender, published_at)
VALUES ('1CMZ1IRPBwgUsUsfPfCz6j', 9, 'Published', 1, 1, 'Handover Import', '2023-10-26 07:23:07')
ON DUPLICATE KEY UPDATE category = VALUES(category), status = VALUES(status), is_legacy = VALUES(is_legacy), priority = VALUES(priority), sender = VALUES(sender), published_at = VALUES(published_at);
INSERT INTO aws_notification_translations (notification_id, locale, title, executive_summary, content_html)
VALUES ('1CMZ1IRPBwgUsUsfPfCz6j', 'de', 'Neues Login link für Astara Platform ab 06.11.23', 'Ab 06.11.2023 gelten neue URL Adressen für die Anmeldung in Astara Platform (Driber).\nBitte aktualisieren Sie die vorhandenen Bookmarks in Ihrem web browser.', '')
ON DUPLICATE KEY UPDATE title = VALUES(title), executive_summary = VALUES(executive_summary), content_html = VALUES(content_html);
INSERT INTO aws_notification_translations (notification_id, locale, title, executive_summary, content_html)
VALUES ('1CMZ1IRPBwgUsUsfPfCz6j', 'fr-CH', 'Nouveau lien d\'inscription Astara platform 06.11.23', 'Depuis le 6 novembre 2023, les adresses URL suivantes s\'appliquent pour l\'inscription sur la plateforme Astara (Driber) .\n\nVeuillez mettre à jour les favoris existants dans votre navigateur Web.', '')
ON DUPLICATE KEY UPDATE title = VALUES(title), executive_summary = VALUES(executive_summary), content_html = VALUES(content_html);
INSERT INTO aws_notification_translations (notification_id, locale, title, executive_summary, content_html)
VALUES ('1CMZ1IRPBwgUsUsfPfCz6j', 'it-CH', 'Nuova pagina di accesso Astara Platform dal 06.11.23', 'Dal 6 novembre 2023, i seguenti URL richiedono la registrazione sulla piattaforma Astara (Driber).\n\nAggiorna i segnalibri esistenti nel tuo browser web.', '')
ON DUPLICATE KEY UPDATE title = VALUES(title), executive_summary = VALUES(executive_summary), content_html = VALUES(content_html);
INSERT INTO aws_notification_brands (notification_id, brand_id)
VALUES ('1CMZ1IRPBwgUsUsfPfCz6j', 3)
ON DUPLICATE KEY UPDATE brand_id = VALUES(brand_id);
INSERT INTO aws_notification_brands (notification_id, brand_id)
VALUES ('1CMZ1IRPBwgUsUsfPfCz6j', 5)
ON DUPLICATE KEY UPDATE brand_id = VALUES(brand_id);
INSERT INTO aws_notification_brands (notification_id, brand_id)
VALUES ('1CMZ1IRPBwgUsUsfPfCz6j', 1)
ON DUPLICATE KEY UPDATE brand_id = VALUES(brand_id);
INSERT INTO aws_notification_brands (notification_id, brand_id)
VALUES ('1CMZ1IRPBwgUsUsfPfCz6j', 4)
ON DUPLICATE KEY UPDATE brand_id = VALUES(brand_id);
-- 2nvioo769hrsf1Tz9mTrQJ
INSERT INTO aws_notifications (id_notification, category, status, is_legacy, priority, sender, published_at)
VALUES ('2nvioo769hrsf1Tz9mTrQJ', 9, 'Published', 1, 1, 'Handover Import', '2024-08-19 07:31:26')
ON DUPLICATE KEY UPDATE category = VALUES(category), status = VALUES(status), is_legacy = VALUES(is_legacy), priority = VALUES(priority), sender = VALUES(sender), published_at = VALUES(published_at);
INSERT INTO aws_notification_translations (notification_id, locale, title, executive_summary, content_html)
VALUES ('2nvioo769hrsf1Tz9mTrQJ', 'de', 'URL Adressen für die Anmeldung in Astara Platform', '', '<p>Es gelten folgende URL Adressen für die Anmeldung in Astara Platform (Driber). Bitte aktualisieren Sie die vorhandenen Bookmarks in Ihrem web browser.</p><p><br></p><p>Anmeldeadressen:</p><p><br></p><p>Abarth: https://abarth-ch.astara.com/</p><p><br></p><p>Alfa Romeo: https://alfa-ch.astara.com/</p><p><br></p><p>Fiat: https://fiat-ch.astara.com/</p><p><br></p><p>Fiat Professional: https://fiat-ind-ch.astara.com/</p><p><br></p><p>Jeep: https://jeep-ch.astara.com/</p><p><br></p><p><br></p><p>Bei Problemen mit einloggen:</p><p>ict.ch@astara.com</p>')
ON DUPLICATE KEY UPDATE title = VALUES(title), executive_summary = VALUES(executive_summary), content_html = VALUES(content_html);
INSERT INTO aws_notification_translations (notification_id, locale, title, executive_summary, content_html)
VALUES ('2nvioo769hrsf1Tz9mTrQJ', 'fr-CH', 'Adresses URL pour se connecter à la plateforme Astara', '', '<p>Les adresses URL suivantes s\'appliquent pour la connexion à la plateforme Astara (Driber). Veuillez mettre à jour les favoris existants dans votre navigateur Web.</p><p><br></p><p>Adresses d\'inscription :</p><p><br></p><p>Abarth : https://abarth-ch.astara.com/</p><p><br></p><p>Alfa Romeo : https://alfa-ch.astara.com/</p><p><br></p><p>Fiat : https://fiat-ch.astara.com/</p><p><br></p><p>Fiat Professionnel : https://fiat-ind-ch.astara.com/</p><p><br></p><p>Jeep : https://jeep-ch.astara.com/</p><p><br></p><p><br></p><p>Si vous rencontrez des problèmes pour vous connecter :</p><p>ict.ch@astara.com</p>')
ON DUPLICATE KEY UPDATE title = VALUES(title), executive_summary = VALUES(executive_summary), content_html = VALUES(content_html);
INSERT INTO aws_notification_translations (notification_id, locale, title, executive_summary, content_html)
VALUES ('2nvioo769hrsf1Tz9mTrQJ', 'it-CH', 'Indirizzi URL per accedere alla piattaforma Astara', '', '<p>I seguenti indirizzi URL si applicano per l\'accesso alla piattaforma Astara (Driber). Aggiorna i segnalibri esistenti nel tuo browser web.</p><p><br></p><p>Indirizzi di registrazione:</p><p><br></p><p>Abarth: https://abarth-ch.astara.com/</p><p><br></p><p>Alfa Romeo: https://alfa-ch.astara.com/</p><p><br></p><p>Fiat: https://fiat-ch.astara.com/</p><p><br></p><p>Fiat Professional: https://fiat-ind-ch.astara.com/</p><p><br></p><p>Jeep: https://jeep-ch.astara.com/</p><p><br></p><p><br></p><p>Se hai problemi ad accedere:</p><p>ict.ch@astara.com</p>')
ON DUPLICATE KEY UPDATE title = VALUES(title), executive_summary = VALUES(executive_summary), content_html = VALUES(content_html);
INSERT INTO aws_notification_brands (notification_id, brand_id)
VALUES ('2nvioo769hrsf1Tz9mTrQJ', 3)
ON DUPLICATE KEY UPDATE brand_id = VALUES(brand_id);
INSERT INTO aws_notification_brands (notification_id, brand_id)
VALUES ('2nvioo769hrsf1Tz9mTrQJ', 5)
ON DUPLICATE KEY UPDATE brand_id = VALUES(brand_id);
INSERT INTO aws_notification_brands (notification_id, brand_id)
VALUES ('2nvioo769hrsf1Tz9mTrQJ', 1)
ON DUPLICATE KEY UPDATE brand_id = VALUES(brand_id);
INSERT INTO aws_notification_brands (notification_id, brand_id)
VALUES ('2nvioo769hrsf1Tz9mTrQJ', 4)
ON DUPLICATE KEY UPDATE brand_id = VALUES(brand_id);
-- 30QTuP5logIQKtiBKkIRT2
INSERT INTO aws_notifications (id_notification, category, status, is_legacy, priority, sender, published_at)
VALUES ('30QTuP5logIQKtiBKkIRT2', 3, 'Published', 1, 2, 'Handover Import', '2026-02-13 14:54:51')
ON DUPLICATE KEY UPDATE category = VALUES(category), status = VALUES(status), is_legacy = VALUES(is_legacy), priority = VALUES(priority), sender = VALUES(sender), published_at = VALUES(published_at);
INSERT INTO aws_notification_translations (notification_id, locale, title, executive_summary, content_html)
VALUES ('30QTuP5logIQKtiBKkIRT2', 'de', 'KGM Actyon 4x4 Campaign - Flight 1', '', '<p>Sehr geehrte KGM Partner. Nachstehend finden Sie alle wichtigen Informationen zur nationalen KGM Actyon 4x4 Kommunikationskampagne. Kampagnen-Laufzeit National: KW 8 –&nbsp;14</p><p><strong><u>Ziel der Kommunikationskampagne</u></strong></p><p><u>﻿</u>Am 16.02.2026 startet die nationale KGM Actyon 4x4 Kampagne mit den Zielen Awareness, Leads und Bestellungen zu generieren sowie Ihren Showroom-Traffic zu erhöhen.</p><p><strong><u>Kampagnen-Botschaft</u></strong></p><p>Der Actyon 4x4 Titanium bietet 163 PS, 1.5 GDI Turbo Engine und 6-Stufen-Automatik für dynamisches Fahrverhalten. Panorama-Glasschiebedach und 360°-Rundumsichtkamera sorgen für Komfort und Sicherheit. Alles für maximalen Komfort. Mit bis zu CHF 6’000.– Kundenvorteil haben Sie ein starkes Verkaufsargument.</p><p><strong><u>Angebot</u></strong></p><p>Enjoy Prämie: CHF 3\'000.– + Eintauschprämie: bis zu CHF 3\'000.– = Kundenvorteil bis zu CHF 6\'000.–</p><p>Weitere Infos entnehmen Sie aus dem Sales Rundschreiben.</p><p><strong><u>Kommunikationsplan</u></strong></p><p>Für die Bewerbung der KGM Actyon 4x4 setzen wir im Bereich Consideration sowie im Bereich Performance auf eine nationale Digitalkampagne, die auf Social-Media-Kanälen (Facebook, Instagram) veröffentlicht wird. Als zusätzliche Verstärkung dazu läuft eine SEA/Search-Kampagne, um gezielt weitere Interessenten zu erreichen und somit weitere Angebots- und Probefahrtanfragen zu generieren.</p><p><strong><u>Kampagnen-Portal im Dealer-Cockpit / Asset Library</u></strong></p><p>Im Astara Cockpit finden Sie auf der linken Seite das Kampagnen-Portal. Ab dem 13.02.2026 stehen dort sämtliche Kommunikationsmaterialien für Ihre lokale Werbung zur Verfügung. Wenn Sie noch weiteres Material oder Hilfe für Ihre Kampagne benötigen, wenden Sie sich bitte für die Medienplanung an die Mediaagentur Moccamedia, Ihre Ansprechsperson: Mostafa Abaza, mostafa.abaza@moccamedia.ch. Diese stehen Ihnen gerne zur Verfügung, um Sie jeweils bei Ihrer lokalen Kommunikation zu unterstützen.</p><p>Bei Fragen stehen wir Ihnen selbstverständlich zur Verfügung.</p>')
ON DUPLICATE KEY UPDATE title = VALUES(title), executive_summary = VALUES(executive_summary), content_html = VALUES(content_html);
INSERT INTO aws_notification_translations (notification_id, locale, title, executive_summary, content_html)
VALUES ('30QTuP5logIQKtiBKkIRT2', 'fr-CH', 'KGM Actyon 4x4 Campaign - Flight 1', '', '<p>Chers partenaires KGM. Vous trouverez ci-dessous toutes les informations importantes sur la campagne de communication nationale de KGM Actyon 4x4. Durée de la campagne: Nationale: semaines 8 – 14</p><p><strong><u>Objectif de la campagne de communication</u></strong></p><p>Le 16.02.2026, la campagne nationale KGM Actyon 4x4 sera lancée avec pour objectifs de générer de la notoriété, des leads et des commandes, ainsi que d’augmenter le trafic dans votre showroom.</p><p><strong><u>Message de la campagne</u></strong></p><p>L’Actyon 4x4 Titanium offre 163 CV, un moteur 1,5 GDI Turbo et une boîte automatique à 6 vitesses pour une conduite dynamique. Le toit panoramique en verre et la caméra à 360° assurent confort et sécurité. Tout pour un confort maximal. Avec jusqu’à CHF 6’000.– d’avantage client, vous disposez d’un argument de vente solide.</p><p><strong><u>Offre</u></strong></p><p>Prime Enjoy : CHF 3’000.– + Prime de reprise : jusqu’à CHF 3’000.– = Avantage client jusqu’à CHF 6’000.–</p><p>Vous trouverez de plus amples informations dans la circulaire du service des ventes.</p><p><strong><u>Plan de communication</u></strong></p><p>Pour la promotion du KGM Actyon 4x4, nous misons dans les domaines de la consideration et de la performance sur une campagne digitale nationale, diffusée sur les réseaux sociaux (Facebook, Instagram). En renfort, une campagne SEA/Search sera également lancée afin de toucher de manière ciblée d’autres prospects et de générer ainsi davantage de demandes de devis et d’essais.</p><p><strong><u>Portail des campagnes dans le Dealer-Cockpit / Asset Library</u></strong></p><p>Dans le cockpit Astara, vous trouverez le portail des campagnes sur le côté gauche. À partir du 13.02.2026, tous les supports de communication pour votre publicité locale seront disponibles. Si vous avez besoin de matériel supplémentaire ou d’aide pour votre campagne, veuillez contacter l’agence média Moccamedia, votre interlocuteur : Mostafa Abaza, mostafa.abaza@moccamedia.ch. Ils se tiennent à votre disposition pour vous accompagner dans vos actions de communication locale.</p><p>Nous sommes bien entendu à votre disposition pour répondre à vos questions.</p>')
ON DUPLICATE KEY UPDATE title = VALUES(title), executive_summary = VALUES(executive_summary), content_html = VALUES(content_html);
INSERT INTO aws_notification_translations (notification_id, locale, title, executive_summary, content_html)
VALUES ('30QTuP5logIQKtiBKkIRT2', 'it-CH', 'KGM Actyon 4x4 Campaign - Flight 1', '', '<p>Cari partner KGM. Di seguito trovate tutte le informazioni importanti relative alla campagna di comunicazione nazionale di KGM Actyon 4x4. Durata della campagna: Nazionale: settimane 8 – 14</p><p><strong><u>Obiettivo della campagna di comunicazione</u></strong></p><p>Il 16.02.2026 lanceremo la campagna nazionale KGM Actyon 4x4, con l’obiettivo di generare awareness, lead e ordini, oltre ad aumentare il traffico nel vostro showroom.</p><p><strong><u>Messaggio della campagna</u></strong></p><p>L’Actyon 4x4 Titanium offre 163 CV, motore 1,5 GDI Turbo e cambio automatico a 6 marce per un comportamento di guida dinamico. Il tetto panoramico in vetro e la telecamera a 360° garantiscono comfort e sicurezza. Tutto per il massimo comfort. Con fino a CHF 6’000.– di vantaggio cliente, avete un forte argomento di vendita.</p><p><strong><u>Offerta</u></strong></p><p>Premio Enjoy: CHF 3’000.– + Premio permuta: fino a CHF 3’000.– = Vantaggio cliente fino a CHF 6’000.–</p><p>Per ulteriori informazioni, consultate la circolare del settore Sales.</p><p><strong><u>Piano di comunicazione</u></strong></p><p>Per la promozione del KGM Actyon 4x4, puntiamo nei settori consideration e performance su una campagna digitale nazionale, pubblicata sui canali social (Facebook, Instagram). In aggiunta, verrà lanciata una campagna SEA/Search per raggiungere in modo mirato altri potenziali clienti e generare ulteriori richieste di preventivo e test drive.</p><p><strong><u>Portale delle campagne nel Dealer Cockpit / Asset Library</u></strong></p><p>Nel cockpit Astara troverete il portale delle campagne sul lato sinistro. A partire dal 13.02.2026, saranno disponibili tutti i materiali di comunicazione per la vostra pubblicità locale. Se avete bisogno di ulteriori materiali o di supporto per la vostra campagna, vi preghiamo di contattare l’agenzia media Moccamedia, il vostro referente: Mostafa Abaza, mostafa.abaza@moccamedia.ch. Saranno lieti di assistervi nella vostra comunicazione locale.</p><p>Se avete domande, non esitate a contattarci.</p>')
ON DUPLICATE KEY UPDATE title = VALUES(title), executive_summary = VALUES(executive_summary), content_html = VALUES(content_html);
INSERT INTO aws_notification_brands (notification_id, brand_id)
VALUES ('30QTuP5logIQKtiBKkIRT2', 10)
ON DUPLICATE KEY UPDATE brand_id = VALUES(brand_id);
-- 6fQX6sND2cyZRibPUggaPS
INSERT INTO aws_notifications (id_notification, category, status, is_legacy, priority, sender, published_at)
VALUES ('6fQX6sND2cyZRibPUggaPS', 3, 'Published', 1, 2, 'Handover Import', '2026-02-20 15:22:23')
ON DUPLICATE KEY UPDATE category = VALUES(category), status = VALUES(status), is_legacy = VALUES(is_legacy), priority = VALUES(priority), sender = VALUES(sender), published_at = VALUES(published_at);
INSERT INTO aws_notification_translations (notification_id, locale, title, executive_summary, content_html)
VALUES ('6fQX6sND2cyZRibPUggaPS', 'de', 'KGM Dealer Toolkit Torres Black Edition - Flight 1', '', '<p>Sehr geehrte KGM Partner. Nachstehend finden Sie alle wichtigen Informationen zum KGM Torres Black Edition Kommunikations-Toolkit.</p><p><strong><u>Kampagnen-Botschaft</u></strong></p><p>Der KGM Torres Hybrid vereint 204 PS Leistung mit hoher Effizienz und bietet bis zu 1’662 l Kofferraumvolumen, Apple CarPlay und einen Verbrauch ab 5,9 l/100 km. Neu auch als Black Edition erhältlich, überzeugt er mit markantem Auftritt.</p><p><strong><u>Ziel der Kommunikationskampagne</u></strong></p><p>Dieses Toolkit unterstützt Sie dabei, die spezielle Torres Black Edition gezielt in Ihrem Marktgebiet zu bewerben. Sondermodelle wie die Black Edition bieten Ihnen einen attraktiven Aufhänger, um mit einer Neuheit in Ihrer Region zu kommunizieren. Nutzen Sie die besondere Positionierung, um zusätzliche Aufmerksamkeit zu schaffen, neue Leads zu generieren, konkrete Bestellungen zu fördern und gleichzeitig den Traffic in Ihrem Showroom nachhaltig zu erhöhen.</p><p><strong><u>Kampagnen-Portal im Dealer Cockpit / Asset Library</u></strong></p><p>Ab dem 23.02.2026 stehen Ihnen das Toolkit für Ihre lokale Werbung zur Verfügung.</p><p>Wenn Sie noch weiteres Material oder Hilfe für Ihre Kampagne benötigen, wenden Sie sich bitte für die Medienplanung an die Mediaagentur Moccamedia, Ihre Ansprechperson: Mostafa Abaza, mostafa.abaza@moccamedia.ch. Diese stehen Ihnen gerne zur Verfügung, um Sie jeweils bei Ihrer lokalen Kommunikation zu unterstützen.</p><p>Bei Fragen stehen wir Ihnen selbstverständlich zur Verfügung.</p>')
ON DUPLICATE KEY UPDATE title = VALUES(title), executive_summary = VALUES(executive_summary), content_html = VALUES(content_html);
INSERT INTO aws_notification_translations (notification_id, locale, title, executive_summary, content_html)
VALUES ('6fQX6sND2cyZRibPUggaPS', 'fr-CH', 'KGM Dealer Toolkit Torres Black Edition - Flight 1', '', '<p>Chers partenaires KGM. Vous trouverez ci-dessous toutes les informations importantes sur le kit de communication KGM Torres Black Edition.</p><p><strong><u>Message de la campagne</u></strong></p><p>Le KGM Torres Hybrid associe 204 ch de puissance à une grande efficacité et offre jusqu’à 1’662 l de volume de coffre, Apple CarPlay et une consommation à partir de 5,9 l/100 km. Désormais également disponible en Black Edition, il séduit par son allure marquante.</p><p><strong><u>Objectif de la campagne de communication</u></strong></p><p>Ce kit vous aide à promouvoir de manière ciblée la Torres Black Edition dans votre zone de marché. Les éditions spéciales comme la Black Edition offrent un argument attractif pour communiquer une nouveauté dans votre région. Profitez de cette position particulière pour attirer davantage l’attention, générer de nouveaux leads, stimuler les commandes et augmenter durablement le trafic dans votre showroom.</p><p><strong><u>Portail des campagnes dans le Dealer-Cockpit / Asset Library</u></strong></p><p>À partir du 23.02.2026, le kit pour votre publicité locale sera à votre disposition.</p><p>Si vous avez besoin de matériel supplémentaire ou d’aide pour votre campagne, veuillez contacter l’agence média Moccamedia, votre interlocuteur : Mostafa Abaza, mostafa.abaza@moccamedia.ch. Ils se tiennent à votre disposition pour vous accompagner dans vos actions de communication locale.</p><p>Nous sommes bien entendu à votre disposition pour répondre à vos questions.</p>')
ON DUPLICATE KEY UPDATE title = VALUES(title), executive_summary = VALUES(executive_summary), content_html = VALUES(content_html);
INSERT INTO aws_notification_translations (notification_id, locale, title, executive_summary, content_html)
VALUES ('6fQX6sND2cyZRibPUggaPS', 'it-CH', 'KGM Dealer Toolkit Torres Black Edition - Flight 1', '', '<p>Cari partner KGM. Di seguito trovate tutte le informazioni importanti relative al kit di comunicazione KGM Torres Black Edition.</p><p><strong><u>Messaggio della campagna</u></strong></p><p>Il KGM Torres Hybrid unisce 204 CV di potenza a un’elevata efficienza e offre fino a 1\'662 l di capacità del bagagliaio, Apple CarPlay e un consumo a partire da 5,9 l/100 km. Ora disponibile anche nella Black Edition, si distingue per il suo design&nbsp;deciso.</p><p><strong><u>Obiettivo della campagna di comunicazione</u></strong></p><p>Questo toolkit vi supporta nella promozione mirata della Torres Black Edition. I modelli speciali come la Black Edition offrono un argomento interessante per comunicare una novità nella vostra regione. Sfruttate questa posizione speciale per creare maggiore visibilità, generare nuovi lead, incrementare gli ordini e aumentare in modo duraturo il traffico nel vostro showroom.</p><p><strong><u>Portale delle campagne nel Dealer Cockpit / Asset Library</u></strong></p><p>A partire dal 23.02.2026, il toolkit per la vostra pubblicità locale sarà a vostra disposizione.</p><p>Se avete bisogno di ulteriore materiale o supporto per la vostra campagna, contatte l\'agenzia media Moccamedia, vostro referente: Mostafa Abaza, mostafa.abaza@moccamedia.ch. Il team è a vostra disposizione per supportarvi nella comunicazione locale.</p><p>Se avete domande, non esitate a contattarci.</p>')
ON DUPLICATE KEY UPDATE title = VALUES(title), executive_summary = VALUES(executive_summary), content_html = VALUES(content_html);
INSERT INTO aws_notification_brands (notification_id, brand_id)
VALUES ('6fQX6sND2cyZRibPUggaPS', 10)
ON DUPLICATE KEY UPDATE brand_id = VALUES(brand_id);
-- 7rMoBSNOZMgglvGjZKAEwp
INSERT INTO aws_notifications (id_notification, category, status, is_legacy, priority, sender, published_at)
VALUES ('7rMoBSNOZMgglvGjZKAEwp', 3, 'Published', 1, 2, 'Handover Import', '2026-02-10 08:36:49')
ON DUPLICATE KEY UPDATE category = VALUES(category), status = VALUES(status), is_legacy = VALUES(is_legacy), priority = VALUES(priority), sender = VALUES(sender), published_at = VALUES(published_at);
INSERT INTO aws_notification_translations (notification_id, locale, title, executive_summary, content_html)
VALUES ('7rMoBSNOZMgglvGjZKAEwp', 'de', 'Nissan Crossover Campaign - Flight 1', 'Sehr geehrte Nissan Partner\nNachstehend finden Sie alle wichtigen Informationen zur nationalen Nissan Crossover Kommunikationskampagne vom Juke, Qashqai und X-Trail.\nKampagnen-Laufzeit National: KW 8 – 14\n', '<p><strong><u>Kampagnen-Botschaft</u></strong></p><p>Bei der Kampagnen-Botschaft liegt der Fokus auf den jeweiligen Vorteilen: Der Juke beeindruckt mit seinem wenigen Verbrauch, der Qashqai ermöglicht elektrisches Fahren ohne Ladepausen dank e-POWER, und beim Nissan X-Trail stehen e-4ORCE und das Thema Abenteuer im Mittelpunkt.</p><p><strong><u>Angebot</u></strong></p><p>Leasingangebot: 0.00%</p><p>Die Sales-Abteilung wird Sie separat über die Leasingdetails informieren.</p><p><strong><u>Kommunikationsplan</u></strong></p><p>Für die Bewerbung der drei Crossover setzen wir im Bereich Consideration auf eine nationale Digitalkampagne, die auf verschiedenen Online-Plattformen (Display Ads) ausgespielt wird. Im Bereich Performance setzen wir auf Social-Media-Kanälen wie Facebook und Instagram. Als zusätzliche Verstärkung dazu läuft eine SEA/Search-Kampagne, um gezielt weitere Interessenten für unsere Nissan Modelle zu erreichen und somit weitere Angebots- und Probefahrtanfragen über die Website nissan.ch/crossover-campaign zu generieren.</p><p><strong><u>Asset Library</u></strong></p><p>Auf unsere Astara Dealer-Cockpit stehen ab dem 13.02.2026 die Kommunikationsmaterialien für Ihre weitere lokale Werbung zur Verfügung.</p><p>&nbsp;Bei Fragen stehen wir Ihnen selbstverständlich zur Verfügung.</p>')
ON DUPLICATE KEY UPDATE title = VALUES(title), executive_summary = VALUES(executive_summary), content_html = VALUES(content_html);
INSERT INTO aws_notification_translations (notification_id, locale, title, executive_summary, content_html)
VALUES ('7rMoBSNOZMgglvGjZKAEwp', 'fr-CH', 'Nissan Crossover Campaign - Flight 1', 'Chers partenaires Nissan\nVous trouverez ci-dessous toutes les informations importantes sur la campagne de communication nationale de Nissan autour des crossovers Juke, Qashqai et X-Trail.\nDurée de la campagne: National: semaines 8 – 14', '<p><strong><u>Objectif de la campagne de communication</u></strong></p><p>Le 16.02.2026, nous lançons la campagne nationale Nissan Crossover avec les modèles Juke, Qashqai et X-Trail. L’objectif de cette campagne est de renforcer le positionnement des modèles Crossover de Nissan sur le marché et de montrer que Nissan propose une gamme hybride polyvalente, allant des véhicules compacts aux modèles de grande taille. Parallèlement, cette campagne vise à encourager les essais routiers, à stimuler les commandes et à augmenter la fréquentation du showroom.</p><p><strong><u>Message de la campagne</u></strong></p><p>Le message de la campagne met l’accent sur les avantages spécifiques de chaque modèle : le Juke séduit par sa faible consommation, le Qashqai permet une conduite électrique sans recharge grâce à e-POWER, et le Nissan X-Trail met l’accent sur e-4ORCE ainsi que sur l’esprit d’aventure.</p><p><strong><u>Offre</u></strong></p><p>Offre de leasing: 0.00%</p><p>Le service des ventes vous informera séparément au sujet des détails du leasing.</p><p><strong><u>Plan de communication</u></strong></p><p>Pour la promotion des trois Crossover, nous misons, dans la phase de considération, sur une campagne digitale nationale diffusée sur différentes plateformes en ligne (Display Ads). Dans le domaine de la performance, nous utilisons des canaux de médias sociaux tels que Facebook et Instagram. En complément, une campagne SEA/Search est mise en place afin de toucher de manière ciblée de nouveaux prospects pour nos modèles Nissan et de générer davantage de demandes d’offres et d’essais routiers via le site nissan.ch/crossover-campaign.</p><p><strong><u>Asset Library</u></strong></p><p>À partir du 13.02.2026, les supports de communication pour vos actions publicitaires locales seront disponibles sur notre Astara Dealer Cockpit.</p><p>&nbsp;</p><p>Nous sommes bien entendu à votre disposition pour répondre à vos questions.</p>')
ON DUPLICATE KEY UPDATE title = VALUES(title), executive_summary = VALUES(executive_summary), content_html = VALUES(content_html);
INSERT INTO aws_notification_translations (notification_id, locale, title, executive_summary, content_html)
VALUES ('7rMoBSNOZMgglvGjZKAEwp', 'it-CH', 'Nissan Crossover Campaign - Flight 1', 'Cari partner Nissan\nDi seguito trovate tutte le informazioni importanti relative alla campagna di comunicazione nazionale per i crossover Nissan Juke, Qashqai e X-Trail.\nDurata della campagna Nazionale: settimane 8 – 14\n\n', '<p><strong><u>Obiettivo della campagna di comunicazione</u></strong></p><p>Il 16.02.2026 lanciamo la campagna nazionale Nissan Crossover con i modelli Juke, Qashqai e X-Trail. L’obiettivo di questa campagna è rafforzare il posizionamento dei modelli Crossover Nissan sul mercato e dimostrare che Nissan offre una gamma ibrida versatile, dai veicoli compatti fino ai modelli di grandi dimensioni. Allo stesso tempo, la campagna mira a incentivare i test drive, a stimolare gli ordini e ad aumentare l’affluenza nello showroom.</p><p><strong><u>Messaggio della campagna</u></strong></p><p>Il messaggio della campagna si concentra sui vantaggi specifici di ciascun modello: Juke colpisce per i bassi consumi, Qashqai consente una guida elettrica senza ricarica grazie a e-POWER, e Nissan X-Trail mette al centro e-4ORCE e il tema dell’avventura.</p><p><strong><u>Offerta</u></strong></p><p>Offerta di leasing: 0.00%</p><p>Il settore Sales vi informerà separatamente sui dettagli dell’offerta di leasing.</p><p><strong><u>Piano di comunicazione</u></strong></p><p>Per la promozione dei tre Crossover, nella fase di “Consideration” puntiamo su una campagna digitale nazionale diffusa su diverse piattaforme online (Display Ads). Nell’ambito “Performance”, utilizziamo canali social media come Facebook e Instagram. Come ulteriore supporto, è attiva una campagna SEA/Search per raggiungere in modo mirato nuovi potenziali clienti per i modelli Nissan e generare ulteriori richieste di offerte e test drive tramite il sito nissan.ch/crossover-campaign.</p><p><strong><u>Asset Library</u></strong></p><p>A partire dal 13.02.2026, i materiali di comunicazione per le vostre attività pubblicitarie locali saranno disponibili nel nostro Astara Dealer Cockpit.</p><p>&nbsp;</p><p>Se avete domande, non esitate a contattarci.</p>')
ON DUPLICATE KEY UPDATE title = VALUES(title), executive_summary = VALUES(executive_summary), content_html = VALUES(content_html);
INSERT INTO aws_notification_brands (notification_id, brand_id)
VALUES ('7rMoBSNOZMgglvGjZKAEwp', 7)
ON DUPLICATE KEY UPDATE brand_id = VALUES(brand_id);
-- 3Nis9FTQONx945NJuNLNQ5
INSERT INTO aws_notifications (id_notification, category, status, is_legacy, priority, sender, published_at)
VALUES ('3Nis9FTQONx945NJuNLNQ5', 3, 'Published', 1, 2, 'Handover Import', '2026-02-27 15:29:28')
ON DUPLICATE KEY UPDATE category = VALUES(category), status = VALUES(status), is_legacy = VALUES(is_legacy), priority = VALUES(priority), sender = VALUES(sender), published_at = VALUES(published_at);
INSERT INTO aws_notification_translations (notification_id, locale, title, executive_summary, content_html)
VALUES ('3Nis9FTQONx945NJuNLNQ5', 'de', 'Nissan Spring Exhibition Toolkit - 2026', '', '<p>Sehr geehrte Nissan Partner Um Ihre Frühlingsausstellung lokal zu bewerben, stehen Ihnen ab sofort diverse Off- und Online-Werbemittel auf dem Kampagnenportal zur Verfügung. <strong>Hinweis</strong>: Bitte beachten Sie, dass die Ausstellungsdaten adaptiert sowie weitere textliche Anpassungen von Ihnen direkt auf dem jeweiligen Werbemittel im Kampagnenportal ausgeführt werden können.</p><p><strong><u>Editierbarer Text:</u></strong></p><p>Sie können die Ausstellungsdaten oder auch kleinere Textanpassungen direkt auf Ihrem gewünschten Werbemittel selbständig vornehmen.</p><p><strong><u>Self-Service-Tool von PDC xRelation</u></strong></p><p>Das Self-Service-Tool von PDC xRelation ermöglicht es Ihnen, Ihren Kundenstamm über die bevorstehende Ausstellung zu informieren. Es stehen Ihnen ein Newsletter sowie eine A5-Postkarte zur Verfügung. Diese Funktion wird am <strong>Freitag, 06.03.26</strong> für Sie aufgeschaltet. Bitte wenden Sie sich direkt an <strong>team-astara@pdc-online.com</strong>, falls Sie Fragen zum System haben.</p><p>• Es ist ein Self-Service-Tool, d. h. Sie können jederzeit darauf zugreifen, um Ihre Kunden nach Belieben anzuschreiben.</p><p>• Der Versand des Newsletters ist kostenlos</p><p>• Der Versand der A5-Postkarte ist kostenpflichtig: Druckkosten (CHF 0.38/Stk.), Portokosten (B = CHF 1.00/Stk., A = CHF 1.20/Stk.</p><p>• Wichtig: Die Kundendaten werden von uns und PDC nicht gespeichert.</p><p><strong><u>Offizielle Nissan Dealer-Webseite</u></strong></p><p>Bei den Werbemitteln zur Frühlingsausstellung finden Sie auf dem Kampagnenportal auch .zip-files mit Bildmaterial sowie Textentwurf für die selbständige Erstellung einer Angebotsseite. Damit können Sie schnell und einfach eine «Ausstellungsseite» kreieren. Die Angebotsseite ist zwingend nötig, falls Sie z.B. Display- oder andere Online-Werbung zur Ausstellung planen, da die Verlinkung ausschliesslich auf Ihre offizielle Nissan-Händlerwebseite erfolgen muss (s. LWU-Reglement). Das Textmanuskript ist so aufgebaut, dass sie die «Ausstellungsseite» Schritt für Schritt einfach erstellen können.</p><p>Wir danken Ihnen für Ihre Zusammenarbeit und wünschen Ihnen viel Erfolg für Ihre Ausstellung!</p>')
ON DUPLICATE KEY UPDATE title = VALUES(title), executive_summary = VALUES(executive_summary), content_html = VALUES(content_html);
INSERT INTO aws_notification_translations (notification_id, locale, title, executive_summary, content_html)
VALUES ('3Nis9FTQONx945NJuNLNQ5', 'fr-CH', 'Nissan Spring Exhibition Toolkit - 2026', '', '<p>Chers partenaires Nissan Afin de promouvoir localement votre exposition de printemps, divers supports publicitaires hors ligne et en ligne sont désormais à votre disposition sur le portail de campagne. <strong>Remarque </strong>: veuillez noter que vous pouvez modifier les dates de l\'exposition et apporter d\'autres modifications au texte directement sur le support publicitaire correspondant dans le portail de campagne.</p><p><strong><u>Texte modifiable:</u></strong></p><p>Vous avez la possibilité de modifier vous-même les dates d\'exposition ou d\'apporter de petites modifications au texte directement sur le support publicitaire de votre choix.</p><p><strong><u>Outil en libre-service de PDC xRelation</u></strong></p><p>L\'outil en libre-service de PDC xRelation vous permet d\'informer votre clientèle de l\'exposition à venir. Une newsletter et une carte postale A5 sont à votre disposition. Cette fonctionnalité sera activée pour vous le <strong>vendredi 6 mars 2026</strong>. Veuillez contacter directement <strong>team-astara@pdc-online.com</strong> si vous avez des questions concernant le système.</p><p>• Il s\'agit d\'un outil en libre-service, ce qui signifie que vous pouvez y accéder à tout moment pour écrire à vos clients à votre convenance.</p><p>• L\'envoi de la newsletter est gratuit.</p><p>• L\'envoi de la carte postale A5 est payant : frais d\'impression (0.38 CHF/pièce), frais de port (B = 1.00 CHF/pièce, A = 1.20 CHF/pièce).</p><p>• Important : les données des clients ne sont pas enregistrées par nous ni par PDC.</p><p><strong><u>Site web officiel des concessionnaires Nissan</u></strong></p><p>Dans les supports publicitaires pour l\'exposition de printemps, vous trouverez également sur le portail de campagne des fichiers .zip contenant des images et des propositions de textes pour créer vous-même une page d\'offres. Vous pouvez ainsi créer rapidement et facilement une « page exposition de printemps ». La page d\'offres est indispensable si vous prévoyez, par exemple, de faire de la publicité online sur display ou dans les media sociaux pour l\'exposition, car le lien doit renvoyer exclusivement vers votre site web officiel des concessionnaires Nissan (voir règlement SPL). Le texte est structuré de manière à vous permettre de créer facilement la « page exposition de printemps » étape par étape.</p><p>Nous vous remercions de votre coopération et vous souhaitons beaucoup de succès pour votre exposition.</p>')
ON DUPLICATE KEY UPDATE title = VALUES(title), executive_summary = VALUES(executive_summary), content_html = VALUES(content_html);
INSERT INTO aws_notification_translations (notification_id, locale, title, executive_summary, content_html)
VALUES ('3Nis9FTQONx945NJuNLNQ5', 'it-CH', 'Nissan Spring Exhibition Toolkit - 2026', '', '<p>Caro partner Nissan Per promuovere la vostra esposizione primaverile a livello locale, sono ora disponibili diversi strumenti pubblicitari offline e online sul portale della campagna. <strong>Nota:</strong> vi preghiamo di notare che potete modificare le date dell\'esposizione e apportare ulteriori modifiche al testo direttamente sullo strumento pubblicitario corrispondente nel portale della campagna.</p><p><strong><u>Testo modificabile:</u></strong></p><p>È possibile modificare autonomamente i dati relativi alla mostra o apportare piccole modifiche al testo direttamente sul materiale pubblicitario desiderato.</p><p><strong><u>Strumento self-service di PDC xRelation</u></strong></p><p>Lo strumento self-service di PDC xRelation consente di informare la propria clientela in merito alla prossima esposizione. Sono disponibili una newsletter e una cartolina postale in formato A5. Questa funzione sarà attivata <strong>venerdì 6 marzo 2026</strong>. Per qualsiasi domanda sul sistema, vi invitiamo a contattare direttamente <strong>team-astara@pdc-online.com.</strong></p><p>• Si tratta di uno strumento self-service, ovvero potete accedervi in qualsiasi momento per scrivere ai vostri clienti a vostro piacimento.</p><p>• L\'invio della newsletter è gratuito.</p><p>• L\'invio della cartolina postale in formato A5 è a pagamento: costi di stampa (CHF 0,38/pezzo), spese di spedizione (B = CHF 1,00/pezzo, A = CHF 1,20/pezzo).</p><p>• Importante: i dati dei clienti non vengono memorizzati da noi né da PDC.</p><p><strong><u>Sito web ufficiale dei concessionari Nissan</u></strong></p><p>Tra il materiale pubblicitario per l\'esposizione primaverile, sul portale della campagna troverete anche file .zip con immagini e bozze di testo per la creazione autonoma di una pagina dedicata alle offerte. In questo modo potrete creare in modo semplice e veloce una «pagina espositiva». La pagina delle offerte è indispensabile se, ad esempio, si prevede di realizzare pubblicità espositiva per la mostra, poiché il collegamento deve essere effettuato esclusivamente al sito web ufficiale del concessionario Nissan (vedi regolamento SPL). Il testo è strutturato in modo tale da consentire di creare facilmente la «pagina della mostra» passo dopo passo.</p><p>Vi ringraziamo per la vostra collaborazione e vi auguriamo un grande successo per la vostra esposizione.</p>')
ON DUPLICATE KEY UPDATE title = VALUES(title), executive_summary = VALUES(executive_summary), content_html = VALUES(content_html);
INSERT INTO aws_notification_brands (notification_id, brand_id)
VALUES ('3Nis9FTQONx945NJuNLNQ5', 7)
ON DUPLICATE KEY UPDATE brand_id = VALUES(brand_id);
-- 47R9kGiVFzmOgNdC2UaKxn
INSERT INTO aws_notifications (id_notification, category, status, is_legacy, priority, sender, published_at)
VALUES ('47R9kGiVFzmOgNdC2UaKxn', 2, 'Published', 1, 2, 'Handover Import', '2026-02-25 09:25:04')
ON DUPLICATE KEY UPDATE category = VALUES(category), status = VALUES(status), is_legacy = VALUES(is_legacy), priority = VALUES(priority), sender = VALUES(sender), published_at = VALUES(published_at);
INSERT INTO aws_notification_translations (notification_id, locale, title, executive_summary, content_html)
VALUES ('47R9kGiVFzmOgNdC2UaKxn', 'de', '001.26_Tarif700 März 2026', '', '<p>001.26_Tarif700 März 2026</p>')
ON DUPLICATE KEY UPDATE title = VALUES(title), executive_summary = VALUES(executive_summary), content_html = VALUES(content_html);
INSERT INTO aws_notification_translations (notification_id, locale, title, executive_summary, content_html)
VALUES ('47R9kGiVFzmOgNdC2UaKxn', 'fr-CH', '001.26_Tarif700 Mars 2026', '', '<p>001.26_Tarif700 Mars 2026</p>')
ON DUPLICATE KEY UPDATE title = VALUES(title), executive_summary = VALUES(executive_summary), content_html = VALUES(content_html);
INSERT INTO aws_notification_translations (notification_id, locale, title, executive_summary, content_html)
VALUES ('47R9kGiVFzmOgNdC2UaKxn', 'it-CH', '001.26_Tarif700 Marzo 2026', '', '<p>001.26_Tarif700 Marzo 2026</p>')
ON DUPLICATE KEY UPDATE title = VALUES(title), executive_summary = VALUES(executive_summary), content_html = VALUES(content_html);
INSERT INTO aws_notification_brands (notification_id, brand_id)
VALUES ('47R9kGiVFzmOgNdC2UaKxn', 3)
ON DUPLICATE KEY UPDATE brand_id = VALUES(brand_id);
INSERT INTO aws_notification_brands (notification_id, brand_id)
VALUES ('47R9kGiVFzmOgNdC2UaKxn', 5)
ON DUPLICATE KEY UPDATE brand_id = VALUES(brand_id);
INSERT INTO aws_notification_brands (notification_id, brand_id)
VALUES ('47R9kGiVFzmOgNdC2UaKxn', 1)
ON DUPLICATE KEY UPDATE brand_id = VALUES(brand_id);
INSERT INTO aws_notification_brands (notification_id, brand_id)
VALUES ('47R9kGiVFzmOgNdC2UaKxn', 4)
ON DUPLICATE KEY UPDATE brand_id = VALUES(brand_id);
-- 6TDS4iVVOsZZB21BJyJByw
INSERT INTO aws_notifications (id_notification, category, status, is_legacy, priority, sender, published_at)
VALUES ('6TDS4iVVOsZZB21BJyJByw', 2, 'Published', 1, 2, 'Handover Import', '2026-03-02 12:15:57')
ON DUPLICATE KEY UPDATE category = VALUES(category), status = VALUES(status), is_legacy = VALUES(is_legacy), priority = VALUES(priority), sender = VALUES(sender), published_at = VALUES(published_at);
INSERT INTO aws_notification_translations (notification_id, locale, title, executive_summary, content_html)
VALUES ('6TDS4iVVOsZZB21BJyJByw', 'de', '0035.26_OE Nissan Motorenöl Promo | TotalEnergies', '', '<p>Geschätzte Partner</p><p class=\"ql-align-justify\">Profitieren Sie im Zeitraum vom 02. bis 31. März von unserer Aktion auf OE Nissan Motoren-Öl.</p>')
ON DUPLICATE KEY UPDATE title = VALUES(title), executive_summary = VALUES(executive_summary), content_html = VALUES(content_html);
INSERT INTO aws_notification_translations (notification_id, locale, title, executive_summary, content_html)
VALUES ('6TDS4iVVOsZZB21BJyJByw', 'fr-CH', '0035.26_OE Promotion huile moteur Nissan | TotalEnergies', '', '<p>Chers partenaires,</p><p class=\"ql-align-justify\">Profitez de notre promotion sur l\'huile moteur OE Nissan du 2 au 31 mars.</p>')
ON DUPLICATE KEY UPDATE title = VALUES(title), executive_summary = VALUES(executive_summary), content_html = VALUES(content_html);
INSERT INTO aws_notification_translations (notification_id, locale, title, executive_summary, content_html)
VALUES ('6TDS4iVVOsZZB21BJyJByw', 'it-CH', '0035.26_OE Promozione olio motore Nissan | TotalEnergies', '', '<p>Cari partner</p><p class=\"ql-align-justify\">Dal 2 al 31 marzo approfittate della nostra promozione sull\'olio motore OE Nissan.</p>')
ON DUPLICATE KEY UPDATE title = VALUES(title), executive_summary = VALUES(executive_summary), content_html = VALUES(content_html);
INSERT INTO aws_notification_brands (notification_id, brand_id)
VALUES ('6TDS4iVVOsZZB21BJyJByw', 7)
ON DUPLICATE KEY UPDATE brand_id = VALUES(brand_id);
-- 4d7t7BMMYzPMJ71n5AFEeT
INSERT INTO aws_notifications (id_notification, category, status, is_legacy, priority, sender, published_at)
VALUES ('4d7t7BMMYzPMJ71n5AFEeT', 2, 'Published', 1, 2, 'Handover Import', '2026-03-02 12:18:52')
ON DUPLICATE KEY UPDATE category = VALUES(category), status = VALUES(status), is_legacy = VALUES(is_legacy), priority = VALUES(priority), sender = VALUES(sender), published_at = VALUES(published_at);
INSERT INTO aws_notification_translations (notification_id, locale, title, executive_summary, content_html)
VALUES ('4d7t7BMMYzPMJ71n5AFEeT', 'de', '0036.26_Motorenöl Promo | TotalEnergies', '', '<p>Geschätzte Partner</p><p class=\"ql-align-justify\">Profitieren Sie im Zeitraum vom 02. bis 31. März von unserer Aktion auf TotalEnergies Motoren-Öl.</p>')
ON DUPLICATE KEY UPDATE title = VALUES(title), executive_summary = VALUES(executive_summary), content_html = VALUES(content_html);
INSERT INTO aws_notification_translations (notification_id, locale, title, executive_summary, content_html)
VALUES ('4d7t7BMMYzPMJ71n5AFEeT', 'fr-CH', '0036.26_Promotion huile moteur | TotalEnergies', '', '<p>Chers partenaires,</p><p class=\"ql-align-justify\">Du 2 au 31 mars, profitez de notre promotion sur l\'huile moteur TotalEnergies.</p>')
ON DUPLICATE KEY UPDATE title = VALUES(title), executive_summary = VALUES(executive_summary), content_html = VALUES(content_html);
INSERT INTO aws_notification_translations (notification_id, locale, title, executive_summary, content_html)
VALUES ('4d7t7BMMYzPMJ71n5AFEeT', 'it-CH', '0036.26_Promozione olio motore | TotalEnergies', '', '<p>Cari partner</p><p class=\"ql-align-justify\">Dal 2 al 31 marzo approfittate della nostra promozione sull\'olio motore TotalEnergies.</p>')
ON DUPLICATE KEY UPDATE title = VALUES(title), executive_summary = VALUES(executive_summary), content_html = VALUES(content_html);
INSERT INTO aws_notification_brands (notification_id, brand_id)
VALUES ('4d7t7BMMYzPMJ71n5AFEeT', 10)
ON DUPLICATE KEY UPDATE brand_id = VALUES(brand_id);
-- 3ypuOoYsNvIIiS5imRIIvR
INSERT INTO aws_notifications (id_notification, category, status, is_legacy, priority, sender, published_at)
VALUES ('3ypuOoYsNvIIiS5imRIIvR', 2, 'Published', 1, 2, 'Handover Import', '2026-03-02 12:21:43')
ON DUPLICATE KEY UPDATE category = VALUES(category), status = VALUES(status), is_legacy = VALUES(is_legacy), priority = VALUES(priority), sender = VALUES(sender), published_at = VALUES(published_at);
INSERT INTO aws_notification_translations (notification_id, locale, title, executive_summary, content_html)
VALUES ('3ypuOoYsNvIIiS5imRIIvR', 'de', '0038.26_Motorenöl Promo | TotalEnergies', '', '<p>Geschätzte Partner</p><p class=\"ql-align-justify\">Profitieren Sie im Zeitraum vom 02. bis 31. März von unserer Aktion auf TotalEnergies Motoren-Öl.</p>')
ON DUPLICATE KEY UPDATE title = VALUES(title), executive_summary = VALUES(executive_summary), content_html = VALUES(content_html);
INSERT INTO aws_notification_translations (notification_id, locale, title, executive_summary, content_html)
VALUES ('3ypuOoYsNvIIiS5imRIIvR', 'fr-CH', '0038.26_Promotion huile moteur | TotalEnergies', '', '<p>Chers partenaires,</p><p class=\"ql-align-justify\">Du 2 au 31 mars, profitez de notre promotion sur l\'huile moteur TotalEnergies.</p>')
ON DUPLICATE KEY UPDATE title = VALUES(title), executive_summary = VALUES(executive_summary), content_html = VALUES(content_html);
INSERT INTO aws_notification_translations (notification_id, locale, title, executive_summary, content_html)
VALUES ('3ypuOoYsNvIIiS5imRIIvR', 'it-CH', '0038.26_Promozione olio motore | TotalEnergies', '', '<p>Cari partner</p><p class=\"ql-align-justify\">Dal 2 al 31 marzo approfittate della nostra promozione sull\'olio motore TotalEnergies.</p>')
ON DUPLICATE KEY UPDATE title = VALUES(title), executive_summary = VALUES(executive_summary), content_html = VALUES(content_html);
INSERT INTO aws_notification_brands (notification_id, brand_id)
VALUES ('3ypuOoYsNvIIiS5imRIIvR', 11)
ON DUPLICATE KEY UPDATE brand_id = VALUES(brand_id);
-- 6Xn9rquSSiAzcRmFS9i1t0
INSERT INTO aws_notifications (id_notification, category, status, is_legacy, priority, sender, published_at)
VALUES ('6Xn9rquSSiAzcRmFS9i1t0', 2, 'Published', 1, 1, 'Handover Import', '2026-02-12 10:23:59')
ON DUPLICATE KEY UPDATE category = VALUES(category), status = VALUES(status), is_legacy = VALUES(is_legacy), priority = VALUES(priority), sender = VALUES(sender), published_at = VALUES(published_at);
INSERT INTO aws_notification_translations (notification_id, locale, title, executive_summary, content_html)
VALUES ('6Xn9rquSSiAzcRmFS9i1t0', 'de', '0048.26 AFTERSALES FRÜHLINGS-KAMPAGNE 2026', 'Der Frühling naht und es ist Zeit, sich optimal auf die kommende Saison vorzubereiten. Unsere Aftersales Frühlings-Kampagne 2026 startet offiziell am 02. März und wir möchten Sie herzlich einladen, Teil dieser wichtigen Initiative zu sein.', '<p>Geschätzte Partner</p><p>Mit diesem Rundschreiben informieren wir Sie über die Aftersales-Frühlingskampagne 2026 sowie die verfügbaren Werbemittel.</p><p>Die Kampagne läuft vom 2. März bis 31. Mai 2026. Der Bestellprozess zur Personalisierung der Broschüre und des Newsletters steht Ihnen ab sofort zur Verfügung.</p><p>Detaillierte Informationen sowie die Schulungstermine finden Sie im beigefügten Rundschreiben.</p><p><br></p><p>Wir freuen uns auf Ihre Teilnahme!</p>')
ON DUPLICATE KEY UPDATE title = VALUES(title), executive_summary = VALUES(executive_summary), content_html = VALUES(content_html);
INSERT INTO aws_notification_translations (notification_id, locale, title, executive_summary, content_html)
VALUES ('6Xn9rquSSiAzcRmFS9i1t0', 'fr-CH', '0048.26 CAMPAGNE APRÈS-VENTE PRINTEMPS 2026', 'Le printemps approche, et il est temps de bien se préparer pour la saison à venir. Notre campagne après-vente Printemps 2026 débutera officiellement le 2 mars, et nous vous invitons chaleureusement à rejoindre cette initiative essentielle.', '<p>Chers partenaires,</p><p>Par cette circulaire, nous vous informons sur la campagne après-vente Printemps 2026 ainsi que sur les supports publicitaires disponibles.</p><p>La campagne se déroulera du 2 mars au 31 mai 2026. Le processus de commande pour la personnalisation de la brochure et de la newsletter est désormais disponible.</p><p>Vous trouverez des informations détaillées ainsi que les dates de formation dans la circulaire ci-jointe.</p><p>&nbsp;</p><p>Nous nous réjouissons de votre participation !</p>')
ON DUPLICATE KEY UPDATE title = VALUES(title), executive_summary = VALUES(executive_summary), content_html = VALUES(content_html);
INSERT INTO aws_notification_translations (notification_id, locale, title, executive_summary, content_html)
VALUES ('6Xn9rquSSiAzcRmFS9i1t0', 'it-CH', '0048.26 CAMPAGNA AFTERSALES PRIMAVERA 2026', 'La primavera si avvicina ed è il momento di prepararsi al meglio per la nuova stagione. La nostra campagna AfterSales Primavera 2026 inizierà ufficialmente il 3 marzo, e vi invitiamo calorosamente a far parte di questa iniziativa importante.', '<p>Cari partner,</p><p>Con questa circolare vi informiamo sulla campagna AfterSales Primavera 2026 e sui materiali pubblicitari disponibili.</p><p>La campagna si svolgerà dal 2 marzo al 31 maggio 2026. Il processo di ordinazione per la personalizzazione della brochure e della newsletter è ora disponibile.</p><p>Trovate informazioni dettagliate e le date delle formazioni nella circolare allegata.</p><p>&nbsp;</p><p>Siamo lieti di contarvi tra i partecipanti!</p>')
ON DUPLICATE KEY UPDATE title = VALUES(title), executive_summary = VALUES(executive_summary), content_html = VALUES(content_html);
INSERT INTO aws_notification_brands (notification_id, brand_id)
VALUES ('6Xn9rquSSiAzcRmFS9i1t0', 3)
ON DUPLICATE KEY UPDATE brand_id = VALUES(brand_id);
INSERT INTO aws_notification_brands (notification_id, brand_id)
VALUES ('6Xn9rquSSiAzcRmFS9i1t0', 5)
ON DUPLICATE KEY UPDATE brand_id = VALUES(brand_id);
INSERT INTO aws_notification_brands (notification_id, brand_id)
VALUES ('6Xn9rquSSiAzcRmFS9i1t0', 1)
ON DUPLICATE KEY UPDATE brand_id = VALUES(brand_id);
INSERT INTO aws_notification_brands (notification_id, brand_id)
VALUES ('6Xn9rquSSiAzcRmFS9i1t0', 4)
ON DUPLICATE KEY UPDATE brand_id = VALUES(brand_id);
-- 4ZtBlHHNTca2fGgEdOGIEX
INSERT INTO aws_notifications (id_notification, category, status, is_legacy, priority, sender, published_at)
VALUES ('4ZtBlHHNTca2fGgEdOGIEX', 2, 'Published', 1, 1, 'Handover Import', '2026-02-12 10:09:03')
ON DUPLICATE KEY UPDATE category = VALUES(category), status = VALUES(status), is_legacy = VALUES(is_legacy), priority = VALUES(priority), sender = VALUES(sender), published_at = VALUES(published_at);
INSERT INTO aws_notification_translations (notification_id, locale, title, executive_summary, content_html)
VALUES ('4ZtBlHHNTca2fGgEdOGIEX', 'de', '0049.26 AFTERSALES FRÜHLINGS-KAMPAGNE 2026', 'Der Frühling naht und es ist Zeit, sich optimal auf die kommende Saison vorzubereiten. Unsere Aftersales Frühlings-Kampagne 2026 startet offiziell am 02. März und wir möchten Sie herzlich einladen, Teil dieser wichtigen Initiative zu sein.', '<p>Geschätzte Partner</p><p>Mit diesem Rundschreiben informieren wir Sie über die Aftersales-Frühlingskampagne 2026 sowie die verfügbaren Werbemittel.&nbsp;</p><p>Die Kampagne läuft vom 2. März bis 31. Mai 2026. Der Bestellprozess zur Personalisierung der Broschüre und des Newsletters steht Ihnen ab sofort zur Verfügung.</p><p>Detaillierte Informationen sowie die Schulungstermine finden Sie im beigefügten Rundschreiben.</p><p>&nbsp;</p><p>Wir freuen uns auf Ihre Teilnahme!</p>')
ON DUPLICATE KEY UPDATE title = VALUES(title), executive_summary = VALUES(executive_summary), content_html = VALUES(content_html);
INSERT INTO aws_notification_translations (notification_id, locale, title, executive_summary, content_html)
VALUES ('4ZtBlHHNTca2fGgEdOGIEX', 'fr-CH', '0049.26 CAMPAGNE APRÈS-VENTE PRINTEMPS 2026', 'Le printemps approche, et il est temps de bien se préparer pour la saison à venir. Notre campagne après-vente Printemps 2026 débutera officiellement le 2 mars, et nous vous invitons chaleureusement à rejoindre cette initiative essentielle.', '<p>Chers partenaires,</p><p>Par cette circulaire, nous vous informons sur la campagne après-vente Printemps 2026 ainsi que sur les supports publicitaires disponibles.</p><p>La campagne se déroulera du 2 mars au 31 mai 2026. Le processus de commande pour la personnalisation de la brochure et de la newsletter est désormais disponible.</p><p>Vous trouverez des informations détaillées ainsi que les dates de formation dans la circulaire ci-jointe.</p><p>&nbsp;</p><p>Nous nous réjouissons de votre participation !</p>')
ON DUPLICATE KEY UPDATE title = VALUES(title), executive_summary = VALUES(executive_summary), content_html = VALUES(content_html);
INSERT INTO aws_notification_translations (notification_id, locale, title, executive_summary, content_html)
VALUES ('4ZtBlHHNTca2fGgEdOGIEX', 'it-CH', '0049.26 CAMPAGNA AFTERSALES PRIMAVERA 2026', 'La primavera si avvicina ed è il momento di prepararsi al meglio per la nuova stagione. La nostra campagna AfterSales Primavera 2026 inizierà ufficialmente il 3 marzo, e vi invitiamo calorosamente a far parte di questa iniziativa importante.', '<p>Cari partner,</p><p>Con questa circolare vi informiamo sulla campagna AfterSales Primavera 2026 e sui materiali pubblicitari disponibili.</p><p>La campagna si svolgerà dal 2 marzo al 31 maggio 2026. Il processo di ordinazione per la personalizzazione della brochure e della newsletter è ora disponibile.</p><p>Trovate informazioni dettagliate e le date delle formazioni nella circolare allegata.</p><p>&nbsp;</p><p>Siamo lieti di contarvi tra i partecipanti!</p>')
ON DUPLICATE KEY UPDATE title = VALUES(title), executive_summary = VALUES(executive_summary), content_html = VALUES(content_html);
INSERT INTO aws_notification_brands (notification_id, brand_id)
VALUES ('4ZtBlHHNTca2fGgEdOGIEX', 7)
ON DUPLICATE KEY UPDATE brand_id = VALUES(brand_id);
-- 6adFbApFkhfL0X3Z2cEw35
INSERT INTO aws_notifications (id_notification, category, status, is_legacy, priority, sender, published_at)
VALUES ('6adFbApFkhfL0X3Z2cEw35', 2, 'Published', 1, 1, 'Handover Import', '2026-02-12 07:35:54')
ON DUPLICATE KEY UPDATE category = VALUES(category), status = VALUES(status), is_legacy = VALUES(is_legacy), priority = VALUES(priority), sender = VALUES(sender), published_at = VALUES(published_at);
INSERT INTO aws_notification_translations (notification_id, locale, title, executive_summary, content_html)
VALUES ('6adFbApFkhfL0X3Z2cEw35', 'de', '0050.26 AFTERSALES FRÜHLINGS-KAMPAGNE 2026', 'Der Frühling naht und es ist Zeit, sich optimal auf die kommende Saison vorzubereiten. Unsere Aftersales Frühlings-Kampagne 2026 startet offiziell am 2. März und wir möchten Sie herzlich einladen, Teil dieser wichtigen Initiative zu sein. ', '<p>Geschätzte Partner</p><p>Mit diesem Rundschreiben informieren wir Sie über die Aftersales-Frühlingskampagne 2026 sowie die verfügbaren Werbemittel.&nbsp;</p><p>Die Kampagne läuft vom 2. März bis 31. Mai 2026. Der Bestellprozess zur Personalisierung der Broschüre und des Newsletters steht Ihnen ab sofort zur Verfügung.</p><p>Detaillierte Informationen sowie die Schulungstermine finden Sie im beigefügten Rundschreiben.</p><p>&nbsp;</p><p>Wir freuen uns auf Ihre Teilnahme!</p>')
ON DUPLICATE KEY UPDATE title = VALUES(title), executive_summary = VALUES(executive_summary), content_html = VALUES(content_html);
INSERT INTO aws_notification_translations (notification_id, locale, title, executive_summary, content_html)
VALUES ('6adFbApFkhfL0X3Z2cEw35', 'fr-CH', '0050.26 CAMPAGNE APRÈS-VENTE PRINTEMPS 2026', 'Le printemps approche, et il est temps de bien se préparer pour la saison à venir. Notre campagne après-vente Printemps 2026 débutera officiellement le 2 mars, et nous vous invitons chaleureusement à rejoindre cette initiative essentielle. ', '<p>Chers partenaires,</p><p>Par cette circulaire, nous vous informons sur la campagne après-vente Printemps 2026 ainsi que sur les supports publicitaires disponibles.</p><p>La campagne se déroulera du 2 mars au 31 mai 2026. Le processus de commande pour la personnalisation de la brochure et de la newsletter est désormais disponible.&nbsp;</p><p>Vous trouverez des informations détaillées ainsi que les dates de formation dans la circulaire ci-jointe.</p><p><br></p><p>Nous nous réjouissons de votre participation !</p>')
ON DUPLICATE KEY UPDATE title = VALUES(title), executive_summary = VALUES(executive_summary), content_html = VALUES(content_html);
INSERT INTO aws_notification_translations (notification_id, locale, title, executive_summary, content_html)
VALUES ('6adFbApFkhfL0X3Z2cEw35', 'it-CH', '0050.26 CAMPAGNA AFTERSALES PRIMAVERA 2026', 'La primavera si avvicina ed è il momento di prepararsi al meglio per la nuova stagione. La nostra campagna AfterSales Primavera 2026 inizierà ufficialmente il 3 marzo, e vi invitiamo calorosamente a far parte di questa iniziativa importante. ', '<p>Cari partner,</p><p>Con questa circolare vi informiamo sulla campagna AfterSales Primavera 2026 e sui materiali pubblicitari disponibili.</p><p>La campagna si svolgerà dal 2 marzo al 31 maggio 2026. Il processo di ordinazione per la personalizzazione della brochure e della newsletter è ora disponibile.</p><p>Trovate informazioni dettagliate e le date delle formazioni nella circolare allegata.</p><p>&nbsp;</p><p>Siamo lieti di contarvi tra i partecipanti!</p><p>&nbsp;</p>')
ON DUPLICATE KEY UPDATE title = VALUES(title), executive_summary = VALUES(executive_summary), content_html = VALUES(content_html);
INSERT INTO aws_notification_brands (notification_id, brand_id)
VALUES ('6adFbApFkhfL0X3Z2cEw35', 6)
ON DUPLICATE KEY UPDATE brand_id = VALUES(brand_id);
-- 2hEA38vodYWW6n5Qteb5kd
INSERT INTO aws_notifications (id_notification, category, status, is_legacy, priority, sender, published_at)
VALUES ('2hEA38vodYWW6n5Qteb5kd', 2, 'Published', 1, 2, 'Handover Import', '2026-02-17 14:33:52')
ON DUPLICATE KEY UPDATE category = VALUES(category), status = VALUES(status), is_legacy = VALUES(is_legacy), priority = VALUES(priority), sender = VALUES(sender), published_at = VALUES(published_at);
INSERT INTO aws_notification_translations (notification_id, locale, title, executive_summary, content_html)
VALUES ('2hEA38vodYWW6n5Qteb5kd', 'de', '0056.26 Nachverrechnung R-ADT Lizenzkosten', '', '<p>Sehr geehrte Händler</p><p><br></p><p>Im beigefügten Rundschreiben informieren wir über die Verrechnung der R-ADT Lösung.</p><p><br></p><p>Besten Dank für Ihre Aufmerksamkeit.</p><p><br></p><p>Freundliche Grüsse</p><p>Service Engineering Team</p>')
ON DUPLICATE KEY UPDATE title = VALUES(title), executive_summary = VALUES(executive_summary), content_html = VALUES(content_html);
INSERT INTO aws_notification_translations (notification_id, locale, title, executive_summary, content_html)
VALUES ('2hEA38vodYWW6n5Qteb5kd', 'fr-CH', '0056.26 Facturation a posteriori des frais de licence R-ADT', '', '<p>Chers revendeurs,</p><p><br></p><p>Dans la circulaire ci-jointe, nous vous informons sur la facturation de la solution R-ADT.</p><p><br></p><p>Nous vous remercions de votre attention.</p><p><br></p><p>Cordialement,</p><p>Service Engineering Team</p>')
ON DUPLICATE KEY UPDATE title = VALUES(title), executive_summary = VALUES(executive_summary), content_html = VALUES(content_html);
INSERT INTO aws_notification_translations (notification_id, locale, title, executive_summary, content_html)
VALUES ('2hEA38vodYWW6n5Qteb5kd', 'it-CH', '0056.26 Addebito successivo dei costi di licenza R-ADT', '', '<p>Gentili rivenditori</p><p><br></p><p>nella circolare allegata vi informiamo in merito alla fatturazione della soluzione R-ADT.</p><p><br></p><p>Grazie per l\'attenzione.</p><p><br></p><p>Cordiali saluti</p><p>Team Service Engineering</p>')
ON DUPLICATE KEY UPDATE title = VALUES(title), executive_summary = VALUES(executive_summary), content_html = VALUES(content_html);
INSERT INTO aws_notification_brands (notification_id, brand_id)
VALUES ('2hEA38vodYWW6n5Qteb5kd', 7)
ON DUPLICATE KEY UPDATE brand_id = VALUES(brand_id);
-- 37sT9iVUo3YMB44wCyUgWB
INSERT INTO aws_notifications (id_notification, category, status, is_legacy, priority, sender, published_at)
VALUES ('37sT9iVUo3YMB44wCyUgWB', 2, 'Published', 1, 1, 'Handover Import', '2026-02-26 08:30:34')
ON DUPLICATE KEY UPDATE category = VALUES(category), status = VALUES(status), is_legacy = VALUES(is_legacy), priority = VALUES(priority), sender = VALUES(sender), published_at = VALUES(published_at);
INSERT INTO aws_notification_translations (notification_id, locale, title, executive_summary, content_html)
VALUES ('37sT9iVUo3YMB44wCyUgWB', 'de', '0060.26 AFTERSALES FRÜHLINGS-KAMPAGNE 2026', 'Der Frühling naht und es ist Zeit, sich optimal auf die kommende Saison vorzubereiten. Unsere Aftersales Frühlings-Kampagne 2026 startet offiziell am 02. März und wir möchten Sie herzlich einladen, Teil dieser wichtigen Initiative zu sein.', '<p>Geschätzte Partner</p><p>Mit diesem Rundschreiben informieren wir Sie über die Aftersales-Frühlingskampagne 2026.&nbsp;Die Kampagne läuft vom 2. März bis 31. Mai 2026. Detaillierte Informationen finden Sie im beigefügten Rundschreiben.</p><p>Wir freuen uns auf Ihre Teilnahme!</p>')
ON DUPLICATE KEY UPDATE title = VALUES(title), executive_summary = VALUES(executive_summary), content_html = VALUES(content_html);
INSERT INTO aws_notification_translations (notification_id, locale, title, executive_summary, content_html)
VALUES ('37sT9iVUo3YMB44wCyUgWB', 'fr-CH', '0060.26 CAMPAGNE APRÈS-VENTE PRINTEMPS 2026', 'Le printemps approche, et il est temps de bien se préparer pour la saison à venir. Notre campagne après-vente Printemps 2026 débutera officiellement le 2 mars, et nous vous invitons chaleureusement à rejoindre cette initiative essentielle.', '<p>Chers partenaires,</p><p>Par cette circulaire, nous vous informons sur la campagne après-vente Printemps 2026. La campagne se déroulera du 2 mars au 31 mai 2026. Vous trouverez des informations détaillées dans la circulaire ci-jointe.</p><p>Nous nous réjouissons de votre participation !</p>')
ON DUPLICATE KEY UPDATE title = VALUES(title), executive_summary = VALUES(executive_summary), content_html = VALUES(content_html);
INSERT INTO aws_notification_translations (notification_id, locale, title, executive_summary, content_html)
VALUES ('37sT9iVUo3YMB44wCyUgWB', 'it-CH', '0060.26 CAMPAGNA AFTERSALES PRIMAVERA 2026', 'La primavera si avvicina ed è il momento di prepararsi al meglio per la nuova stagione. La nostra campagna AfterSales Primavera 2026 inizierà ufficialmente il 3 marzo, e vi invitiamo calorosamente a far parte di questa iniziativa importante.', '<p>Cari partner,</p><p>Con questa circolare vi informiamo sulla campagna AfterSales Primavera 2026. La campagna si svolgerà dal 2 marzo al 31 maggio 2026. Trovate informazioni dettagliate nella circolare allegata.</p><p>Siamo lieti di contarvi tra i partecipanti!</p>')
ON DUPLICATE KEY UPDATE title = VALUES(title), executive_summary = VALUES(executive_summary), content_html = VALUES(content_html);
-- 2DS1uJbfGZscpCfPszqy3U
INSERT INTO aws_notifications (id_notification, category, status, is_legacy, priority, sender, published_at)
VALUES ('2DS1uJbfGZscpCfPszqy3U', 2, 'Published', 1, 2, 'Handover Import', '2026-02-13 08:35:16')
ON DUPLICATE KEY UPDATE category = VALUES(category), status = VALUES(status), is_legacy = VALUES(is_legacy), priority = VALUES(priority), sender = VALUES(sender), published_at = VALUES(published_at);
INSERT INTO aws_notification_translations (notification_id, locale, title, executive_summary, content_html)
VALUES ('2DS1uJbfGZscpCfPszqy3U', 'de', '0061.26 ASA Prüfbericht Torres 18”', '', '<p>Liebe Partner</p><p>&nbsp;</p><p>Wie versprochen reichen wir euch die ASA Genehmigung für das 18” Rad nach.</p><p>Das Dokument muss nicht im Fahrzeug mitgeführt werden.</p><p>&nbsp;</p><p>Freundliche Grüsse</p><p>KGM Switzerland</p>')
ON DUPLICATE KEY UPDATE title = VALUES(title), executive_summary = VALUES(executive_summary), content_html = VALUES(content_html);
INSERT INTO aws_notification_translations (notification_id, locale, title, executive_summary, content_html)
VALUES ('2DS1uJbfGZscpCfPszqy3U', 'fr-CH', '0061.26 Rapport d\'essai ASA Torres', '', '<p>Chers partenaires</p><p>&nbsp;</p><p>Comme promis, nous vous transmettons l\'homologation ASA pour la roue 18 pouces.</p><p>Il n\'est pas nécessaire de conserver ce document dans le véhicule.</p><p>&nbsp;</p><p>Cordialement</p><p>KGM Suisse</p>')
ON DUPLICATE KEY UPDATE title = VALUES(title), executive_summary = VALUES(executive_summary), content_html = VALUES(content_html);
INSERT INTO aws_notification_translations (notification_id, locale, title, executive_summary, content_html)
VALUES ('2DS1uJbfGZscpCfPszqy3U', 'it-CH', '0061.26 ASA Rapporto di prova Torres', '', '<p>Cari partner,</p><p><br></p><p>&nbsp;</p><p>come promesso, vi inviamo l\'omologazione ASA per la ruota da 18\".</p><p><br></p><p>Il documento non deve essere conservato a bordo del veicolo.</p><p><br></p><p>&nbsp;</p><p>Cordiali saluti,</p><p><br></p><p>KGM Svizzera</p>')
ON DUPLICATE KEY UPDATE title = VALUES(title), executive_summary = VALUES(executive_summary), content_html = VALUES(content_html);
INSERT INTO aws_notification_brands (notification_id, brand_id)
VALUES ('2DS1uJbfGZscpCfPszqy3U', 10)
ON DUPLICATE KEY UPDATE brand_id = VALUES(brand_id);
-- 6cqOJRPj5K0kkeFANyFhNr
INSERT INTO aws_notifications (id_notification, category, status, is_legacy, priority, sender, published_at)
VALUES ('6cqOJRPj5K0kkeFANyFhNr', 2, 'Published', 1, 2, 'Handover Import', '2026-02-18 16:23:11')
ON DUPLICATE KEY UPDATE category = VALUES(category), status = VALUES(status), is_legacy = VALUES(is_legacy), priority = VALUES(priority), sender = VALUES(sender), published_at = VALUES(published_at);
INSERT INTO aws_notification_translations (notification_id, locale, title, executive_summary, content_html)
VALUES ('6cqOJRPj5K0kkeFANyFhNr', 'de', '0063.26_Sommerreifen Saison 2026', '', '<p>0063.26_Sommerreifen Saison 2026</p>')
ON DUPLICATE KEY UPDATE title = VALUES(title), executive_summary = VALUES(executive_summary), content_html = VALUES(content_html);
INSERT INTO aws_notification_translations (notification_id, locale, title, executive_summary, content_html)
VALUES ('6cqOJRPj5K0kkeFANyFhNr', 'fr-CH', '0063.26_Saison des pneus été 2026', '', '<p>0063.26_Saison des pneus été 2026</p>')
ON DUPLICATE KEY UPDATE title = VALUES(title), executive_summary = VALUES(executive_summary), content_html = VALUES(content_html);
INSERT INTO aws_notification_translations (notification_id, locale, title, executive_summary, content_html)
VALUES ('6cqOJRPj5K0kkeFANyFhNr', 'it-CH', '0063.26_Stagione pneumatici estivi 2026', '', '<p>0063.26_Stagione pneumatici estivi 2026</p>')
ON DUPLICATE KEY UPDATE title = VALUES(title), executive_summary = VALUES(executive_summary), content_html = VALUES(content_html);
INSERT INTO aws_notification_brands (notification_id, brand_id)
VALUES ('6cqOJRPj5K0kkeFANyFhNr', 3)
ON DUPLICATE KEY UPDATE brand_id = VALUES(brand_id);
INSERT INTO aws_notification_brands (notification_id, brand_id)
VALUES ('6cqOJRPj5K0kkeFANyFhNr', 5)
ON DUPLICATE KEY UPDATE brand_id = VALUES(brand_id);
INSERT INTO aws_notification_brands (notification_id, brand_id)
VALUES ('6cqOJRPj5K0kkeFANyFhNr', 1)
ON DUPLICATE KEY UPDATE brand_id = VALUES(brand_id);
INSERT INTO aws_notification_brands (notification_id, brand_id)
VALUES ('6cqOJRPj5K0kkeFANyFhNr', 4)
ON DUPLICATE KEY UPDATE brand_id = VALUES(brand_id);
-- 5RgL0AfFPMMqKtseVMjAQE
INSERT INTO aws_notifications (id_notification, category, status, is_legacy, priority, sender, published_at)
VALUES ('5RgL0AfFPMMqKtseVMjAQE', 2, 'Published', 1, 2, 'Handover Import', '2026-02-18 16:29:18')
ON DUPLICATE KEY UPDATE category = VALUES(category), status = VALUES(status), is_legacy = VALUES(is_legacy), priority = VALUES(priority), sender = VALUES(sender), published_at = VALUES(published_at);
INSERT INTO aws_notification_translations (notification_id, locale, title, executive_summary, content_html)
VALUES ('5RgL0AfFPMMqKtseVMjAQE', 'de', '0064.26_Sommerreifen Saison 2026', '', '<p>0064.26_Sommerreifen Saison 2026</p>')
ON DUPLICATE KEY UPDATE title = VALUES(title), executive_summary = VALUES(executive_summary), content_html = VALUES(content_html);
INSERT INTO aws_notification_translations (notification_id, locale, title, executive_summary, content_html)
VALUES ('5RgL0AfFPMMqKtseVMjAQE', 'fr-CH', '0064.26_Saison des pneus été 2026', '', '<p>0064.26_Saison des pneus été 2026</p>')
ON DUPLICATE KEY UPDATE title = VALUES(title), executive_summary = VALUES(executive_summary), content_html = VALUES(content_html);
INSERT INTO aws_notification_translations (notification_id, locale, title, executive_summary, content_html)
VALUES ('5RgL0AfFPMMqKtseVMjAQE', 'it-CH', '0064.26_Stagione pneumatici estivi 2026', '', '<p>0064.26_Stagione pneumatici estivi 2026</p>')
ON DUPLICATE KEY UPDATE title = VALUES(title), executive_summary = VALUES(executive_summary), content_html = VALUES(content_html);
INSERT INTO aws_notification_brands (notification_id, brand_id)
VALUES ('5RgL0AfFPMMqKtseVMjAQE', 7)
ON DUPLICATE KEY UPDATE brand_id = VALUES(brand_id);
-- 5jT6zMrDAj4GxxFKXKNm7y
INSERT INTO aws_notifications (id_notification, category, status, is_legacy, priority, sender, published_at)
VALUES ('5jT6zMrDAj4GxxFKXKNm7y', 2, 'Published', 1, 2, 'Handover Import', '2026-02-18 16:26:11')
ON DUPLICATE KEY UPDATE category = VALUES(category), status = VALUES(status), is_legacy = VALUES(is_legacy), priority = VALUES(priority), sender = VALUES(sender), published_at = VALUES(published_at);
INSERT INTO aws_notification_translations (notification_id, locale, title, executive_summary, content_html)
VALUES ('5jT6zMrDAj4GxxFKXKNm7y', 'de', '0064.26_Sommerreifen Saison 2026', '', '<p>0064.26_Sommerreifen Saison 2026</p>')
ON DUPLICATE KEY UPDATE title = VALUES(title), executive_summary = VALUES(executive_summary), content_html = VALUES(content_html);
INSERT INTO aws_notification_translations (notification_id, locale, title, executive_summary, content_html)
VALUES ('5jT6zMrDAj4GxxFKXKNm7y', 'fr-CH', '0064.26_Saison des pneus été 2026', '', '<p>0064.26_Saison des pneus été 2026</p>')
ON DUPLICATE KEY UPDATE title = VALUES(title), executive_summary = VALUES(executive_summary), content_html = VALUES(content_html);
INSERT INTO aws_notification_translations (notification_id, locale, title, executive_summary, content_html)
VALUES ('5jT6zMrDAj4GxxFKXKNm7y', 'it-CH', '0064.26_Stagione pneumatici estivi 2026', '', '<p>0064.26_Stagione pneumatici estivi 2026</p>')
ON DUPLICATE KEY UPDATE title = VALUES(title), executive_summary = VALUES(executive_summary), content_html = VALUES(content_html);
INSERT INTO aws_notification_brands (notification_id, brand_id)
VALUES ('5jT6zMrDAj4GxxFKXKNm7y', 6)
ON DUPLICATE KEY UPDATE brand_id = VALUES(brand_id);
-- 4I9vmL7HxNYzbBg9ziMCwV
INSERT INTO aws_notifications (id_notification, category, status, is_legacy, priority, sender, published_at)
VALUES ('4I9vmL7HxNYzbBg9ziMCwV', 2, 'Published', 1, 2, 'Handover Import', '2026-02-19 08:06:06')
ON DUPLICATE KEY UPDATE category = VALUES(category), status = VALUES(status), is_legacy = VALUES(is_legacy), priority = VALUES(priority), sender = VALUES(sender), published_at = VALUES(published_at);
INSERT INTO aws_notification_translations (notification_id, locale, title, executive_summary, content_html)
VALUES ('4I9vmL7HxNYzbBg9ziMCwV', 'de', '0065.26_Sommerreifen Saison 2026', '', '<p>0065.26_Sommerreifen Saison 2026</p>')
ON DUPLICATE KEY UPDATE title = VALUES(title), executive_summary = VALUES(executive_summary), content_html = VALUES(content_html);
INSERT INTO aws_notification_translations (notification_id, locale, title, executive_summary, content_html)
VALUES ('4I9vmL7HxNYzbBg9ziMCwV', 'fr-CH', '0065.26_Saison des pneus été 2026', '', '<p>0065.26_Saison des pneus été 2026</p>')
ON DUPLICATE KEY UPDATE title = VALUES(title), executive_summary = VALUES(executive_summary), content_html = VALUES(content_html);
INSERT INTO aws_notification_translations (notification_id, locale, title, executive_summary, content_html)
VALUES ('4I9vmL7HxNYzbBg9ziMCwV', 'it-CH', '0065.26_Stagione pneumatici estivi 2026', '', '<p>0065.26_Stagione pneumatici estivi 2026</p>')
ON DUPLICATE KEY UPDATE title = VALUES(title), executive_summary = VALUES(executive_summary), content_html = VALUES(content_html);
INSERT INTO aws_notification_brands (notification_id, brand_id)
VALUES ('4I9vmL7HxNYzbBg9ziMCwV', 11)
ON DUPLICATE KEY UPDATE brand_id = VALUES(brand_id);
-- 2cBawr2hLe2JAhsTDVrRn3
INSERT INTO aws_notifications (id_notification, category, status, is_legacy, priority, sender, published_at)
VALUES ('2cBawr2hLe2JAhsTDVrRn3', 2, 'Published', 1, 2, 'Handover Import', '2026-02-18 16:38:32')
ON DUPLICATE KEY UPDATE category = VALUES(category), status = VALUES(status), is_legacy = VALUES(is_legacy), priority = VALUES(priority), sender = VALUES(sender), published_at = VALUES(published_at);
INSERT INTO aws_notification_translations (notification_id, locale, title, executive_summary, content_html)
VALUES ('2cBawr2hLe2JAhsTDVrRn3', 'de', '0066.26_Sommerreifen Saison 2026', '', '<p>0066.26_Sommerreifen Saison 2026</p>')
ON DUPLICATE KEY UPDATE title = VALUES(title), executive_summary = VALUES(executive_summary), content_html = VALUES(content_html);
INSERT INTO aws_notification_translations (notification_id, locale, title, executive_summary, content_html)
VALUES ('2cBawr2hLe2JAhsTDVrRn3', 'fr-CH', '0066.26_Saison des pneus été 2026', '', '<p>0066.26_Saison des pneus été 2026</p>')
ON DUPLICATE KEY UPDATE title = VALUES(title), executive_summary = VALUES(executive_summary), content_html = VALUES(content_html);
INSERT INTO aws_notification_translations (notification_id, locale, title, executive_summary, content_html)
VALUES ('2cBawr2hLe2JAhsTDVrRn3', 'it-CH', '0066.26_Stagione pneumatici estivi 2026', '', '<p>0066.26_Stagione pneumatici estivi 2026</p>')
ON DUPLICATE KEY UPDATE title = VALUES(title), executive_summary = VALUES(executive_summary), content_html = VALUES(content_html);
INSERT INTO aws_notification_brands (notification_id, brand_id)
VALUES ('2cBawr2hLe2JAhsTDVrRn3', 10)
ON DUPLICATE KEY UPDATE brand_id = VALUES(brand_id);
-- 62YlL7ooQp8hgMtPWjKVfu
INSERT INTO aws_notifications (id_notification, category, status, is_legacy, priority, sender, published_at)
VALUES ('62YlL7ooQp8hgMtPWjKVfu', 2, 'Published', 1, 1, 'Handover Import', '2026-02-26 08:26:47')
ON DUPLICATE KEY UPDATE category = VALUES(category), status = VALUES(status), is_legacy = VALUES(is_legacy), priority = VALUES(priority), sender = VALUES(sender), published_at = VALUES(published_at);
INSERT INTO aws_notification_translations (notification_id, locale, title, executive_summary, content_html)
VALUES ('62YlL7ooQp8hgMtPWjKVfu', 'de', '0068.26 KGM AFTERSALES FRÜHLINGS-KAMPAGNE 2026', 'Der Frühling naht und es ist Zeit, sich optimal auf die kommende Saison vorzubereiten. Unsere Aftersales Frühlings-Kampagne 2026 startet offiziell am 02. März und wir möchten Sie herzlich einladen, Teil dieser wichtigen Initiative zu sein.', '<p>Geschätzte Partner</p><p>Mit diesem Rundschreiben informieren wir Sie über die Aftersales-Frühlingskampagne 2026, sowie die verfügbaren Werbemittel.&nbsp;Die Kampagne läuft vom 2. März bis 31. Mai 2026. Detaillierte Informationen finden Sie im beigefügten Rundschreiben.</p><p>Wir freuen uns auf Ihre Teilnahme!</p>')
ON DUPLICATE KEY UPDATE title = VALUES(title), executive_summary = VALUES(executive_summary), content_html = VALUES(content_html);
INSERT INTO aws_notification_translations (notification_id, locale, title, executive_summary, content_html)
VALUES ('62YlL7ooQp8hgMtPWjKVfu', 'fr-CH', '0068.26 CAMPAGNE APRÈS-VENTE PRINTEMPS KGM 2026', 'Le printemps approche, et il est temps de bien se préparer pour la saison à venir. Notre campagne après-vente Printemps 2026 débutera officiellement le 2 mars, et nous vous invitons chaleureusement à rejoindre cette initiative essentielle.', '<p>Chers partenaires,</p><p>Par cette circulaire, nous vous informons sur la campagne après-vente Printemps 2026 ainsi que sur les supports publicitaires disponibles. La campagne se déroulera du 2 mars au 31 mai 2026. Vous trouverez des informations détaillées dans la circulaire ci-jointe.</p><p>Nous nous réjouissons de votre participation !</p>')
ON DUPLICATE KEY UPDATE title = VALUES(title), executive_summary = VALUES(executive_summary), content_html = VALUES(content_html);
INSERT INTO aws_notification_translations (notification_id, locale, title, executive_summary, content_html)
VALUES ('62YlL7ooQp8hgMtPWjKVfu', 'it-CH', '0068.26 CAMPAGNA AFTERSALES PRIMAVERA KGM 2026', 'La primavera si avvicina ed è il momento di prepararsi al meglio per la nuova stagione. La nostra campagna AfterSales Primavera 2026 inizierà ufficialmente il 3 marzo, e vi invitiamo calorosamente a far parte di questa iniziativa importante.', '<p>Cari partner,</p><p>Con questa circolare vi informiamo sulla campagna AfterSales Primavera 2026 e sui materiali pubblicitari disponibili. La campagna si svolgerà dal 2 marzo al 31 maggio 2026. Trovate informazioni dettagliate nella circolare allegata.</p><p>Siamo lieti di contarvi tra i partecipanti!</p>')
ON DUPLICATE KEY UPDATE title = VALUES(title), executive_summary = VALUES(executive_summary), content_html = VALUES(content_html);
INSERT INTO aws_notification_brands (notification_id, brand_id)
VALUES ('62YlL7ooQp8hgMtPWjKVfu', 10)
ON DUPLICATE KEY UPDATE brand_id = VALUES(brand_id);
-- 1ggRWfgo0g9PdXmlkPFg1Y
INSERT INTO aws_notifications (id_notification, category, status, is_legacy, priority, sender, published_at)
VALUES ('1ggRWfgo0g9PdXmlkPFg1Y', 2, 'Published', 1, 1, 'Handover Import', '2026-02-23 09:34:50')
ON DUPLICATE KEY UPDATE category = VALUES(category), status = VALUES(status), is_legacy = VALUES(is_legacy), priority = VALUES(priority), sender = VALUES(sender), published_at = VALUES(published_at);
INSERT INTO aws_notification_translations (notification_id, locale, title, executive_summary, content_html)
VALUES ('1ggRWfgo0g9PdXmlkPFg1Y', 'de', '0069.26_Hyundai_Zubehör_Preisliste_02.2026', '', '<p>Liebe Partner&nbsp;</p><p><br></p><p>Anbei erhalten Sie die aktuell gültige Zubehörpreisliste.&nbsp;</p><p>Die jeweils tagesaktuellen Preise sind in Salesforce hinterlegt.&nbsp;</p><p><br></p><p>Freundliche Grüsse&nbsp;</p><p>Hyundai Schweiz</p>')
ON DUPLICATE KEY UPDATE title = VALUES(title), executive_summary = VALUES(executive_summary), content_html = VALUES(content_html);
INSERT INTO aws_notification_translations (notification_id, locale, title, executive_summary, content_html)
VALUES ('1ggRWfgo0g9PdXmlkPFg1Y', 'fr-CH', '0069.26_Hyundai_Liste_de_prix_des_accessoires_02.2026', '', '<p>Chers partenaires</p><p><br></p><p>vous trouverez en pièce jointe la liste de prix actuellement en vigueur pour les accessoires.</p><p>Les prix mis à jour quotidiennement sont disponibles dans Salesforce.</p><p><br></p><p>Meilleures salutations</p><p>Hyundai Suisse</p>')
ON DUPLICATE KEY UPDATE title = VALUES(title), executive_summary = VALUES(executive_summary), content_html = VALUES(content_html);
INSERT INTO aws_notification_brands (notification_id, brand_id)
VALUES ('1ggRWfgo0g9PdXmlkPFg1Y', 6)
ON DUPLICATE KEY UPDATE brand_id = VALUES(brand_id);
-- 2obxLOy2sD4J53SAZnvHng
INSERT INTO aws_notifications (id_notification, category, status, is_legacy, priority, sender, published_at)
VALUES ('2obxLOy2sD4J53SAZnvHng', 2, 'Published', 1, 2, 'Handover Import', '2026-03-03 07:15:43')
ON DUPLICATE KEY UPDATE category = VALUES(category), status = VALUES(status), is_legacy = VALUES(is_legacy), priority = VALUES(priority), sender = VALUES(sender), published_at = VALUES(published_at);
INSERT INTO aws_notification_translations (notification_id, locale, title, executive_summary, content_html)
VALUES ('2obxLOy2sD4J53SAZnvHng', 'de', '0071.26 Batterietester DS-One', '', '<p>Sehr geehrte Händler</p><p><br></p><p>Gerne informieren wir im beigefügten Rundschreiben über den neuen Batterietester für Nissan.</p><p><br></p><p>Besten Dank für Ihre Aufmerksamkeit.</p><p><br></p><p>Freundliche Grüsse</p><p>Service Engineering Team</p>')
ON DUPLICATE KEY UPDATE title = VALUES(title), executive_summary = VALUES(executive_summary), content_html = VALUES(content_html);
INSERT INTO aws_notification_translations (notification_id, locale, title, executive_summary, content_html)
VALUES ('2obxLOy2sD4J53SAZnvHng', 'fr-CH', '0071.26 Testeur de batterie DS-One', '', '<p>Chers concessionnaires,</p><p><br></p><p>Nous avons le plaisir de vous informer, dans la circulaire ci-jointe, du nouveau testeur de batterie pour Nissan.</p><p><br></p><p>Nous vous remercions de votre attention.</p><p><br></p><p>Cordialement,</p><p>Service Engineering Team</p>')
ON DUPLICATE KEY UPDATE title = VALUES(title), executive_summary = VALUES(executive_summary), content_html = VALUES(content_html);
INSERT INTO aws_notification_translations (notification_id, locale, title, executive_summary, content_html)
VALUES ('2obxLOy2sD4J53SAZnvHng', 'it-CH', '0071.26 Tester per batterie DS-One', '', '<p>Gentili concessionari</p><p><br></p><p>Siamo lieti di informarvi, tramite la circolare allegata, del nuovo tester per batterie Nissan.</p><p><br></p><p>Grazie per l\'attenzione.</p><p><br></p><p>Cordiali saluti</p><p>Service Engineering Team</p>')
ON DUPLICATE KEY UPDATE title = VALUES(title), executive_summary = VALUES(executive_summary), content_html = VALUES(content_html);
INSERT INTO aws_notification_brands (notification_id, brand_id)
VALUES ('2obxLOy2sD4J53SAZnvHng', 7)
ON DUPLICATE KEY UPDATE brand_id = VALUES(brand_id);
-- 1gMyJ4SDWdQKeOEByjRU4t
INSERT INTO aws_notifications (id_notification, category, status, is_legacy, priority, sender, published_at)
VALUES ('1gMyJ4SDWdQKeOEByjRU4t', 2, 'Published', 1, 2, 'Handover Import', '2026-03-02 13:40:33')
ON DUPLICATE KEY UPDATE category = VALUES(category), status = VALUES(status), is_legacy = VALUES(is_legacy), priority = VALUES(priority), sender = VALUES(sender), published_at = VALUES(published_at);
INSERT INTO aws_notification_translations (notification_id, locale, title, executive_summary, content_html)
VALUES ('1gMyJ4SDWdQKeOEByjRU4t', 'de', '0073.26_Promo Parts März', '', '<p>Geschätzte Partner</p><p>Im Anhang finden Sie Infos zu unserer aktuellen März Promo auf Bremsen und unsere Topseller Liste.</p>')
ON DUPLICATE KEY UPDATE title = VALUES(title), executive_summary = VALUES(executive_summary), content_html = VALUES(content_html);
INSERT INTO aws_notification_translations (notification_id, locale, title, executive_summary, content_html)
VALUES ('1gMyJ4SDWdQKeOEByjRU4t', 'fr-CH', '0073.26_Promo Parts mars', '', '<p>Chers partenaires,</p><p>Vous trouverez en pièce jointe des informations sur notre promotion actuelle du mois de mars sur les freins et notre liste des meilleures ventes.</p>')
ON DUPLICATE KEY UPDATE title = VALUES(title), executive_summary = VALUES(executive_summary), content_html = VALUES(content_html);
INSERT INTO aws_notification_translations (notification_id, locale, title, executive_summary, content_html)
VALUES ('1gMyJ4SDWdQKeOEByjRU4t', 'it-CH', '0073.26_Promo Parts marzo', '', '<p>Cari partner,</p><p>in allegato trovate informazioni sulla nostra attuale promozione di marzo sui freni e la nostra lista dei prodotti più venduti.</p>')
ON DUPLICATE KEY UPDATE title = VALUES(title), executive_summary = VALUES(executive_summary), content_html = VALUES(content_html);
INSERT INTO aws_notification_brands (notification_id, brand_id)
VALUES ('1gMyJ4SDWdQKeOEByjRU4t', 3)
ON DUPLICATE KEY UPDATE brand_id = VALUES(brand_id);
INSERT INTO aws_notification_brands (notification_id, brand_id)
VALUES ('1gMyJ4SDWdQKeOEByjRU4t', 5)
ON DUPLICATE KEY UPDATE brand_id = VALUES(brand_id);
INSERT INTO aws_notification_brands (notification_id, brand_id)
VALUES ('1gMyJ4SDWdQKeOEByjRU4t', 1)
ON DUPLICATE KEY UPDATE brand_id = VALUES(brand_id);
INSERT INTO aws_notification_brands (notification_id, brand_id)
VALUES ('1gMyJ4SDWdQKeOEByjRU4t', 4)
ON DUPLICATE KEY UPDATE brand_id = VALUES(brand_id);
-- 2uLn9WJz0OakNt503N2ihB
INSERT INTO aws_notifications (id_notification, category, status, is_legacy, priority, sender, published_at)
VALUES ('2uLn9WJz0OakNt503N2ihB', 2, 'Published', 1, 2, 'Handover Import', '2026-03-02 08:47:29')
ON DUPLICATE KEY UPDATE category = VALUES(category), status = VALUES(status), is_legacy = VALUES(is_legacy), priority = VALUES(priority), sender = VALUES(sender), published_at = VALUES(published_at);
INSERT INTO aws_notification_translations (notification_id, locale, title, executive_summary, content_html)
VALUES ('2uLn9WJz0OakNt503N2ihB', 'de', '0074.26_Promo Parts März', '', '<p>Geschätzte Partner</p><p>Im Anhang finden Sie Infos zu unserer aktuellen März Promo auf Bremsen und unsere Topseller Liste.</p>')
ON DUPLICATE KEY UPDATE title = VALUES(title), executive_summary = VALUES(executive_summary), content_html = VALUES(content_html);
INSERT INTO aws_notification_translations (notification_id, locale, title, executive_summary, content_html)
VALUES ('2uLn9WJz0OakNt503N2ihB', 'fr-CH', '0074.26_Promo Parts mars', '', '<p>Chers partenaires,</p><p>Vous trouverez en pièce jointe des informations sur notre promotion actuelle du mois de mars sur les freins et notre liste des meilleures ventes.</p>')
ON DUPLICATE KEY UPDATE title = VALUES(title), executive_summary = VALUES(executive_summary), content_html = VALUES(content_html);
INSERT INTO aws_notification_translations (notification_id, locale, title, executive_summary, content_html)
VALUES ('2uLn9WJz0OakNt503N2ihB', 'it-CH', '0074.26_Promo Parts marzo', '', '<p>Cari partner,</p><p>in allegato trovate informazioni sulla nostra attuale promozione di marzo sui freni e la nostra lista dei prodotti più venduti.</p>')
ON DUPLICATE KEY UPDATE title = VALUES(title), executive_summary = VALUES(executive_summary), content_html = VALUES(content_html);
INSERT INTO aws_notification_brands (notification_id, brand_id)
VALUES ('2uLn9WJz0OakNt503N2ihB', 6)
ON DUPLICATE KEY UPDATE brand_id = VALUES(brand_id);
-- 7JBhFzpwaSwCeak7GecZAd
INSERT INTO aws_notifications (id_notification, category, status, is_legacy, priority, sender, published_at)
VALUES ('7JBhFzpwaSwCeak7GecZAd', 2, 'Published', 1, 2, 'Handover Import', '2026-03-02 08:53:01')
ON DUPLICATE KEY UPDATE category = VALUES(category), status = VALUES(status), is_legacy = VALUES(is_legacy), priority = VALUES(priority), sender = VALUES(sender), published_at = VALUES(published_at);
INSERT INTO aws_notification_translations (notification_id, locale, title, executive_summary, content_html)
VALUES ('7JBhFzpwaSwCeak7GecZAd', 'de', '0075.26_Promo Parts März', '', '<p>Geschätzte Partner</p><p>Im Anhang finden Sie Infos zu unserer aktuellen März Promo auf Bremsen und unsere Topseller Liste.</p>')
ON DUPLICATE KEY UPDATE title = VALUES(title), executive_summary = VALUES(executive_summary), content_html = VALUES(content_html);
INSERT INTO aws_notification_translations (notification_id, locale, title, executive_summary, content_html)
VALUES ('7JBhFzpwaSwCeak7GecZAd', 'fr-CH', '0075.26_Promo Parts mars', '', '<p>Chers partenaires,</p><p>Vous trouverez en pièce jointe des informations sur notre promotion actuelle du mois de mars sur les freins et notre liste des meilleures ventes.</p>')
ON DUPLICATE KEY UPDATE title = VALUES(title), executive_summary = VALUES(executive_summary), content_html = VALUES(content_html);
INSERT INTO aws_notification_translations (notification_id, locale, title, executive_summary, content_html)
VALUES ('7JBhFzpwaSwCeak7GecZAd', 'it-CH', '0075.26_Promo Parts marzo', '', '<p>Cari partner,</p><p>in allegato trovate informazioni sulla nostra attuale promozione di marzo sui freni e la nostra lista dei prodotti più venduti.</p>')
ON DUPLICATE KEY UPDATE title = VALUES(title), executive_summary = VALUES(executive_summary), content_html = VALUES(content_html);
INSERT INTO aws_notification_brands (notification_id, brand_id)
VALUES ('7JBhFzpwaSwCeak7GecZAd', 7)
ON DUPLICATE KEY UPDATE brand_id = VALUES(brand_id);
-- hcXsH7u4VCUO3iT6jgkJI
INSERT INTO aws_notifications (id_notification, category, status, is_legacy, priority, sender, published_at)
VALUES ('hcXsH7u4VCUO3iT6jgkJI', 2, 'Published', 1, 2, 'Handover Import', '2026-03-02 11:08:12')
ON DUPLICATE KEY UPDATE category = VALUES(category), status = VALUES(status), is_legacy = VALUES(is_legacy), priority = VALUES(priority), sender = VALUES(sender), published_at = VALUES(published_at);
INSERT INTO aws_notification_translations (notification_id, locale, title, executive_summary, content_html)
VALUES ('hcXsH7u4VCUO3iT6jgkJI', 'de', '0076.26_Promo Parts März', '', '<p>Geschätzte Partner</p><p>Im Anhang finden Sie Infos zu unserer aktuellen März Promo auf Bremsen und unsere Topseller Liste.</p>')
ON DUPLICATE KEY UPDATE title = VALUES(title), executive_summary = VALUES(executive_summary), content_html = VALUES(content_html);
INSERT INTO aws_notification_translations (notification_id, locale, title, executive_summary, content_html)
VALUES ('hcXsH7u4VCUO3iT6jgkJI', 'fr-CH', '0076.26_Promo Parts mars', '', '<p>Chers partenaires,</p><p>Vous trouverez en pièce jointe des informations sur notre promotion actuelle du mois de mars sur les freins et notre liste des meilleures ventes.</p>')
ON DUPLICATE KEY UPDATE title = VALUES(title), executive_summary = VALUES(executive_summary), content_html = VALUES(content_html);
INSERT INTO aws_notification_translations (notification_id, locale, title, executive_summary, content_html)
VALUES ('hcXsH7u4VCUO3iT6jgkJI', 'it-CH', '0076.26_Promo Parts marzo', '', '<p>Cari partner,</p><p>in allegato trovate informazioni sulla nostra attuale promozione di marzo sui freni e la nostra lista dei prodotti più venduti.</p>')
ON DUPLICATE KEY UPDATE title = VALUES(title), executive_summary = VALUES(executive_summary), content_html = VALUES(content_html);
INSERT INTO aws_notification_brands (notification_id, brand_id)
VALUES ('hcXsH7u4VCUO3iT6jgkJI', 10)
ON DUPLICATE KEY UPDATE brand_id = VALUES(brand_id);
-- 27TbaGegH8l2AcC1gO64gl
INSERT INTO aws_notifications (id_notification, category, status, is_legacy, priority, sender, published_at)
VALUES ('27TbaGegH8l2AcC1gO64gl', 2, 'Published', 1, 2, 'Handover Import', '2026-03-02 14:01:51')
ON DUPLICATE KEY UPDATE category = VALUES(category), status = VALUES(status), is_legacy = VALUES(is_legacy), priority = VALUES(priority), sender = VALUES(sender), published_at = VALUES(published_at);
INSERT INTO aws_notification_translations (notification_id, locale, title, executive_summary, content_html)
VALUES ('27TbaGegH8l2AcC1gO64gl', 'de', '0077.26_Promotion QUARTZ MOPAR ÖL | TotalEnergies', 'Verlängerung der ÖL-Aktion Februar', '<p>Geschätzte Partner</p><p>Profitieren Sie im Zeitraum vom 02. bis 31. März von unserer verlängerten Einführungspromotion auf die&nbsp;<strong>QUARTZ MOPAR</strong>&nbsp;Motorenöl-Reihe!</p><p>Ab der Bestellung eines 208-Liter-Fasses QUARTZ MOPAR ÖL erhalten Sie zusätzlich einen Karton 12x1-Liter-Gebinde des jeweiligen Produkts kostenlos geliefert!</p>')
ON DUPLICATE KEY UPDATE title = VALUES(title), executive_summary = VALUES(executive_summary), content_html = VALUES(content_html);
INSERT INTO aws_notification_translations (notification_id, locale, title, executive_summary, content_html)
VALUES ('27TbaGegH8l2AcC1gO64gl', 'fr-CH', '0077.26_Promotion HUILE QUARTZ MOPAR | TotalEnergies', 'Prolongation de l\'offre spéciale sur l\'huile en février', '<p>Chers partenaires,</p><p>Du 2 au 31 mars, profitez de notre promotion de lancement prolongée sur la gamme d\'huiles moteur <strong>QUARTZ MOPAR</strong> !</p><p>Pour toute commande d\'un fût de 208 litres d\'huile QUARTZ MOPAR, vous recevrez gratuitement un carton de 12 bidons d\'1 litre du produit correspondant !</p>')
ON DUPLICATE KEY UPDATE title = VALUES(title), executive_summary = VALUES(executive_summary), content_html = VALUES(content_html);
INSERT INTO aws_notification_translations (notification_id, locale, title, executive_summary, content_html)
VALUES ('27TbaGegH8l2AcC1gO64gl', 'it-CH', '0077.26_Promozione OLIO QUARTZ MOPAR | TotalEnergies', 'Proroga della promozione sul petrolio di febbraio', '<p>Cari partner,</p><p>dal 2 al 31 marzo approfittate della nostra promozione di lancio prolungata sulla gamma di oli motore <strong>QUARTZ MOPAR</strong>!</p><p>Per ogni ordine di un fusto da 208 litri di OLIO QUARTZ MOPAR riceverete in omaggio una confezione da 12 flaconi da 1 litro del prodotto in questione!</p>')
ON DUPLICATE KEY UPDATE title = VALUES(title), executive_summary = VALUES(executive_summary), content_html = VALUES(content_html);
INSERT INTO aws_notification_brands (notification_id, brand_id)
VALUES ('27TbaGegH8l2AcC1gO64gl', 3)
ON DUPLICATE KEY UPDATE brand_id = VALUES(brand_id);
INSERT INTO aws_notification_brands (notification_id, brand_id)
VALUES ('27TbaGegH8l2AcC1gO64gl', 5)
ON DUPLICATE KEY UPDATE brand_id = VALUES(brand_id);
INSERT INTO aws_notification_brands (notification_id, brand_id)
VALUES ('27TbaGegH8l2AcC1gO64gl', 1)
ON DUPLICATE KEY UPDATE brand_id = VALUES(brand_id);
INSERT INTO aws_notification_brands (notification_id, brand_id)
VALUES ('27TbaGegH8l2AcC1gO64gl', 4)
ON DUPLICATE KEY UPDATE brand_id = VALUES(brand_id);
-- 3pZuVK0S3njMVbyE3FUPF8
INSERT INTO aws_notifications (id_notification, category, status, is_legacy, priority, sender, published_at)
VALUES ('3pZuVK0S3njMVbyE3FUPF8', 2, 'Published', 1, 2, 'Handover Import', '2026-06-01 11:28:11')
ON DUPLICATE KEY UPDATE category = VALUES(category), status = VALUES(status), is_legacy = VALUES(is_legacy), priority = VALUES(priority), sender = VALUES(sender), published_at = VALUES(published_at);
INSERT INTO aws_notification_translations (notification_id, locale, title, executive_summary, content_html)
VALUES ('3pZuVK0S3njMVbyE3FUPF8', 'de', '0165.26_Promo Parts Juni', '', '<p>Geschätzte Partner</p><p>Im Anhang finden Sie Infos zu unserer aktuellen Juni Promo auf Bremsen und unsere Topseller Liste.</p>')
ON DUPLICATE KEY UPDATE title = VALUES(title), executive_summary = VALUES(executive_summary), content_html = VALUES(content_html);
INSERT INTO aws_notification_translations (notification_id, locale, title, executive_summary, content_html)
VALUES ('3pZuVK0S3njMVbyE3FUPF8', 'fr-CH', '0164.26_Promo Parts juin', '', '<p>Chers partenaires,</p><p>Vous trouverez en pièce jointe des informations sur notre promotion actuelle du mois de juin sur les freins et notre liste des meilleures ventes.</p>')
ON DUPLICATE KEY UPDATE title = VALUES(title), executive_summary = VALUES(executive_summary), content_html = VALUES(content_html);
INSERT INTO aws_notification_translations (notification_id, locale, title, executive_summary, content_html)
VALUES ('3pZuVK0S3njMVbyE3FUPF8', 'it-CH', '0164.26_Promo Parts giugno', '', '<p>Cari partner,</p><p>in allegato trovate informazioni sulla nostra attuale promozione di giugno sui freni e la nostra lista dei prodotti più venduti.</p>')
ON DUPLICATE KEY UPDATE title = VALUES(title), executive_summary = VALUES(executive_summary), content_html = VALUES(content_html);
INSERT INTO aws_notification_brands (notification_id, brand_id)
VALUES ('3pZuVK0S3njMVbyE3FUPF8', 10)
ON DUPLICATE KEY UPDATE brand_id = VALUES(brand_id);
-- 1FLmjwWnzx5FG46xui4vml
INSERT INTO aws_notifications (id_notification, category, status, is_legacy, priority, sender, published_at)
VALUES ('1FLmjwWnzx5FG46xui4vml', 2, 'Published', 1, 1, 'Handover Import', '2026-05-28 14:18:35')
ON DUPLICATE KEY UPDATE category = VALUES(category), status = VALUES(status), is_legacy = VALUES(is_legacy), priority = VALUES(priority), sender = VALUES(sender), published_at = VALUES(published_at);
INSERT INTO aws_notification_translations (notification_id, locale, title, executive_summary, content_html)
VALUES ('1FLmjwWnzx5FG46xui4vml', 'de', '0175.26 AFTERSALES SOMMERKAMPAGNE 2026', 'Unsere Aftersales-Sommerkampagne 2026 startet offiziell am 1. Juni. Wir freuen uns, Sie herzlich einzuladen, Teil dieser wichtigen Initiative zu sein.', '<p>Geschätzte Partner</p><p>Mit diesem Rundschreiben informieren wir Sie über die Aftersales-Sommerkampagne 2026 sowie die verfügbaren Werbemittel. Die Kampagne läuft vom 1. Juni bis 31. August 2026.</p><p>Detaillierte Informationen entnehmen Sie bitte dem beigefügten Rundschreiben.</p><p>Wir freuen uns auf Ihre Teilnahme und bedanken uns für Ihre Unterstützung.</p>')
ON DUPLICATE KEY UPDATE title = VALUES(title), executive_summary = VALUES(executive_summary), content_html = VALUES(content_html);
INSERT INTO aws_notification_translations (notification_id, locale, title, executive_summary, content_html)
VALUES ('1FLmjwWnzx5FG46xui4vml', 'fr-CH', '0175.26 CAMPAGNE APRÈS-VENTE ÉTÉ 2026', 'Notre campagne après-vente été 2026 débutera officiellement le 1er juin. Nous avons le plaisir de vous inviter à participer à cette importante initiative.', '<p>Chers partenaires,</p><p>Par la présente circulaire, nous vous informons de la campagne après-vente été 2026 ainsi que des supports publicitaires disponibles. La campagne se déroulera du 1er juin au 31 août 2026.</p><p>Vous trouverez des informations détaillées dans la circulaire ci-jointe.</p><p>Nous nous réjouissons de votre participation et vous remercions de votre soutien.</p>')
ON DUPLICATE KEY UPDATE title = VALUES(title), executive_summary = VALUES(executive_summary), content_html = VALUES(content_html);
INSERT INTO aws_notification_translations (notification_id, locale, title, executive_summary, content_html)
VALUES ('1FLmjwWnzx5FG46xui4vml', 'it-CH', '0175.26 CAMPAGNA AFTERSALES ESTATE 2026', 'La nostra campagna aftersales estate 2026 inizierà ufficialmente il 1° giugno. Siamo lieti di invitarvi a partecipare a questa importante iniziativa.', '<p>Gentili partner,</p><p>Con la presente circolare vi informiamo sulla campagna aftersales estate 2026 e sui materiali pubblicitari disponibili. La campagna si svolgerà dal 1° giugno al 31 agosto 2026.</p><p>Troverete informazioni dettagliate nella circolare allegata.</p><p>Siamo lieti della vostra partecipazione e vi ringraziamo per il vostro supporto.</p>')
ON DUPLICATE KEY UPDATE title = VALUES(title), executive_summary = VALUES(executive_summary), content_html = VALUES(content_html);
INSERT INTO aws_notification_brands (notification_id, brand_id)
VALUES ('1FLmjwWnzx5FG46xui4vml', 10)
ON DUPLICATE KEY UPDATE brand_id = VALUES(brand_id);
-- 3HiXUq5CX1NHVbFf41Wvjo
INSERT INTO aws_notifications (id_notification, category, status, is_legacy, priority, sender, published_at)
VALUES ('3HiXUq5CX1NHVbFf41Wvjo', 2, 'Published', 1, 1, 'Handover Import', '2026-02-12 10:08:20')
ON DUPLICATE KEY UPDATE category = VALUES(category), status = VALUES(status), is_legacy = VALUES(is_legacy), priority = VALUES(priority), sender = VALUES(sender), published_at = VALUES(published_at);
INSERT INTO aws_notification_translations (notification_id, locale, title, executive_summary, content_html)
VALUES ('3HiXUq5CX1NHVbFf41Wvjo', 'de', '026.26 Update list of all Warranty circulars', '026.26_Aftersales_WA_Warranty Bulletin Nr.055 Update list of all Warranty circulars', '')
ON DUPLICATE KEY UPDATE title = VALUES(title), executive_summary = VALUES(executive_summary), content_html = VALUES(content_html);
INSERT INTO aws_notification_translations (notification_id, locale, title, executive_summary, content_html)
VALUES ('3HiXUq5CX1NHVbFf41Wvjo', 'fr-CH', '026.26 Update list of all Warranty circulars', '026.26_Aftersales_WA_Warranty Bulletin Nr.055 Update list of all Warranty circulars', '')
ON DUPLICATE KEY UPDATE title = VALUES(title), executive_summary = VALUES(executive_summary), content_html = VALUES(content_html);
INSERT INTO aws_notification_translations (notification_id, locale, title, executive_summary, content_html)
VALUES ('3HiXUq5CX1NHVbFf41Wvjo', 'it-CH', '026.26 Update list of all Warranty circulars', '026.26_Aftersales_WA_Warranty Bulletin Nr.055 Update list of all Warranty circulars', '')
ON DUPLICATE KEY UPDATE title = VALUES(title), executive_summary = VALUES(executive_summary), content_html = VALUES(content_html);
INSERT INTO aws_notification_brands (notification_id, brand_id)
VALUES ('3HiXUq5CX1NHVbFf41Wvjo', 3)
ON DUPLICATE KEY UPDATE brand_id = VALUES(brand_id);
INSERT INTO aws_notification_brands (notification_id, brand_id)
VALUES ('3HiXUq5CX1NHVbFf41Wvjo', 5)
ON DUPLICATE KEY UPDATE brand_id = VALUES(brand_id);
INSERT INTO aws_notification_brands (notification_id, brand_id)
VALUES ('3HiXUq5CX1NHVbFf41Wvjo', 1)
ON DUPLICATE KEY UPDATE brand_id = VALUES(brand_id);
INSERT INTO aws_notification_brands (notification_id, brand_id)
VALUES ('3HiXUq5CX1NHVbFf41Wvjo', 4)
ON DUPLICATE KEY UPDATE brand_id = VALUES(brand_id);
-- 45QzjD4zuuZ7DVEuE1YfzP
INSERT INTO aws_notifications (id_notification, category, status, is_legacy, priority, sender, published_at)
VALUES ('45QzjD4zuuZ7DVEuE1YfzP', 2, 'Published', 1, 1, 'Handover Import', '2026-02-12 09:49:49')
ON DUPLICATE KEY UPDATE category = VALUES(category), status = VALUES(status), is_legacy = VALUES(is_legacy), priority = VALUES(priority), sender = VALUES(sender), published_at = VALUES(published_at);
INSERT INTO aws_notification_translations (notification_id, locale, title, executive_summary, content_html)
VALUES ('45QzjD4zuuZ7DVEuE1YfzP', 'de', '029.26 extension Regulation WDS Process on all', '029.26_Aftersales_WA_Warranty Bulletin Nr.061 extension Regulation WDS Process on all brands', '')
ON DUPLICATE KEY UPDATE title = VALUES(title), executive_summary = VALUES(executive_summary), content_html = VALUES(content_html);
INSERT INTO aws_notification_translations (notification_id, locale, title, executive_summary, content_html)
VALUES ('45QzjD4zuuZ7DVEuE1YfzP', 'fr-CH', '029.26 extension Regulation WDS Process on all', '029.26_Aftersales_WA_Warranty Bulletin Nr.061 extension Regulation WDS Process on all brands', '')
ON DUPLICATE KEY UPDATE title = VALUES(title), executive_summary = VALUES(executive_summary), content_html = VALUES(content_html);
INSERT INTO aws_notification_translations (notification_id, locale, title, executive_summary, content_html)
VALUES ('45QzjD4zuuZ7DVEuE1YfzP', 'it-CH', '029.26 extension Regulation WDS Process on all', '029.26_Aftersales_WA_Warranty Bulletin Nr.061 extension Regulation WDS Process on all brands', '')
ON DUPLICATE KEY UPDATE title = VALUES(title), executive_summary = VALUES(executive_summary), content_html = VALUES(content_html);
INSERT INTO aws_notification_brands (notification_id, brand_id)
VALUES ('45QzjD4zuuZ7DVEuE1YfzP', 3)
ON DUPLICATE KEY UPDATE brand_id = VALUES(brand_id);
INSERT INTO aws_notification_brands (notification_id, brand_id)
VALUES ('45QzjD4zuuZ7DVEuE1YfzP', 5)
ON DUPLICATE KEY UPDATE brand_id = VALUES(brand_id);
INSERT INTO aws_notification_brands (notification_id, brand_id)
VALUES ('45QzjD4zuuZ7DVEuE1YfzP', 1)
ON DUPLICATE KEY UPDATE brand_id = VALUES(brand_id);
INSERT INTO aws_notification_brands (notification_id, brand_id)
VALUES ('45QzjD4zuuZ7DVEuE1YfzP', 4)
ON DUPLICATE KEY UPDATE brand_id = VALUES(brand_id);
-- 2ZrhzDwaE8vBJJxv4q5bFC
INSERT INTO aws_notifications (id_notification, category, status, is_legacy, priority, sender, published_at)
VALUES ('2ZrhzDwaE8vBJJxv4q5bFC', 2, 'Published', 1, 1, 'Handover Import', '2026-02-12 09:53:56')
ON DUPLICATE KEY UPDATE category = VALUES(category), status = VALUES(status), is_legacy = VALUES(is_legacy), priority = VALUES(priority), sender = VALUES(sender), published_at = VALUES(published_at);
INSERT INTO aws_notification_translations (notification_id, locale, title, executive_summary, content_html)
VALUES ('2ZrhzDwaE8vBJJxv4q5bFC', 'de', '030.26 Update Diagnostic time', '030.26_Aftersales_WA_Warranty Bulletin Nr.040 Update Diagnostic time', '<p><br></p>')
ON DUPLICATE KEY UPDATE title = VALUES(title), executive_summary = VALUES(executive_summary), content_html = VALUES(content_html);
INSERT INTO aws_notification_translations (notification_id, locale, title, executive_summary, content_html)
VALUES ('2ZrhzDwaE8vBJJxv4q5bFC', 'fr-CH', '030.26 Update Diagnostic time', '030.26_Aftersales_WA_Warranty Bulletin Nr.040 Update Diagnostic time', '<p><br></p>')
ON DUPLICATE KEY UPDATE title = VALUES(title), executive_summary = VALUES(executive_summary), content_html = VALUES(content_html);
INSERT INTO aws_notification_translations (notification_id, locale, title, executive_summary, content_html)
VALUES ('2ZrhzDwaE8vBJJxv4q5bFC', 'it-CH', '030.26 Update Diagnostic time', '030.26_Aftersales_WA_Warranty Bulletin Nr.040 Update Diagnostic time', '<p><br></p>')
ON DUPLICATE KEY UPDATE title = VALUES(title), executive_summary = VALUES(executive_summary), content_html = VALUES(content_html);
INSERT INTO aws_notification_brands (notification_id, brand_id)
VALUES ('2ZrhzDwaE8vBJJxv4q5bFC', 3)
ON DUPLICATE KEY UPDATE brand_id = VALUES(brand_id);
INSERT INTO aws_notification_brands (notification_id, brand_id)
VALUES ('2ZrhzDwaE8vBJJxv4q5bFC', 5)
ON DUPLICATE KEY UPDATE brand_id = VALUES(brand_id);
INSERT INTO aws_notification_brands (notification_id, brand_id)
VALUES ('2ZrhzDwaE8vBJJxv4q5bFC', 1)
ON DUPLICATE KEY UPDATE brand_id = VALUES(brand_id);
INSERT INTO aws_notification_brands (notification_id, brand_id)
VALUES ('2ZrhzDwaE8vBJJxv4q5bFC', 4)
ON DUPLICATE KEY UPDATE brand_id = VALUES(brand_id);
-- TTThFiJqLgj5PsP1eddvv
INSERT INTO aws_notifications (id_notification, category, status, is_legacy, priority, sender, published_at)
VALUES ('TTThFiJqLgj5PsP1eddvv', 2, 'Published', 1, 1, 'Handover Import', '2026-02-12 10:04:18')
ON DUPLICATE KEY UPDATE category = VALUES(category), status = VALUES(status), is_legacy = VALUES(is_legacy), priority = VALUES(priority), sender = VALUES(sender), published_at = VALUES(published_at);
INSERT INTO aws_notification_translations (notification_id, locale, title, executive_summary, content_html)
VALUES ('TTThFiJqLgj5PsP1eddvv', 'de', '054.26 Available Feedback ticket types', '054.26_Aftersales_Warranty Bulletin Nr.059 Available Feedback ticket types', '')
ON DUPLICATE KEY UPDATE title = VALUES(title), executive_summary = VALUES(executive_summary), content_html = VALUES(content_html);
INSERT INTO aws_notification_translations (notification_id, locale, title, executive_summary, content_html)
VALUES ('TTThFiJqLgj5PsP1eddvv', 'fr-CH', '054.26 Available Feedback ticket types', '054.26_Aftersales_Warranty Bulletin Nr.059 Available Feedback ticket types', '')
ON DUPLICATE KEY UPDATE title = VALUES(title), executive_summary = VALUES(executive_summary), content_html = VALUES(content_html);
INSERT INTO aws_notification_translations (notification_id, locale, title, executive_summary, content_html)
VALUES ('TTThFiJqLgj5PsP1eddvv', 'it-CH', '054.26 Available Feedback ticket types', '054.26_Aftersales_Warranty Bulletin Nr.059 Available Feedback ticket types', '')
ON DUPLICATE KEY UPDATE title = VALUES(title), executive_summary = VALUES(executive_summary), content_html = VALUES(content_html);
INSERT INTO aws_notification_brands (notification_id, brand_id)
VALUES ('TTThFiJqLgj5PsP1eddvv', 3)
ON DUPLICATE KEY UPDATE brand_id = VALUES(brand_id);
INSERT INTO aws_notification_brands (notification_id, brand_id)
VALUES ('TTThFiJqLgj5PsP1eddvv', 5)
ON DUPLICATE KEY UPDATE brand_id = VALUES(brand_id);
INSERT INTO aws_notification_brands (notification_id, brand_id)
VALUES ('TTThFiJqLgj5PsP1eddvv', 1)
ON DUPLICATE KEY UPDATE brand_id = VALUES(brand_id);
INSERT INTO aws_notification_brands (notification_id, brand_id)
VALUES ('TTThFiJqLgj5PsP1eddvv', 4)
ON DUPLICATE KEY UPDATE brand_id = VALUES(brand_id);
-- 9f60PikRDqoXjzpNytusu
INSERT INTO aws_notifications (id_notification, category, status, is_legacy, priority, sender, published_at)
VALUES ('9f60PikRDqoXjzpNytusu', 2, 'Published', 1, 1, 'Handover Import', '2026-02-12 09:47:50')
ON DUPLICATE KEY UPDATE category = VALUES(category), status = VALUES(status), is_legacy = VALUES(is_legacy), priority = VALUES(priority), sender = VALUES(sender), published_at = VALUES(published_at);
INSERT INTO aws_notification_translations (notification_id, locale, title, executive_summary, content_html)
VALUES ('9f60PikRDqoXjzpNytusu', 'de', '057.26 Process for 12V Batteries in Warranty', '057.26_Aftersales_WA_Warranty Bulletin Nr.034 Process for 12V Batteries in Warranty', '')
ON DUPLICATE KEY UPDATE title = VALUES(title), executive_summary = VALUES(executive_summary), content_html = VALUES(content_html);
INSERT INTO aws_notification_translations (notification_id, locale, title, executive_summary, content_html)
VALUES ('9f60PikRDqoXjzpNytusu', 'fr-CH', '057.26 Process for 12V Batteries in Warranty', '057.26_Aftersales_WA_Warranty Bulletin Nr.034 Process for 12V Batteries in Warranty', '')
ON DUPLICATE KEY UPDATE title = VALUES(title), executive_summary = VALUES(executive_summary), content_html = VALUES(content_html);
INSERT INTO aws_notification_translations (notification_id, locale, title, executive_summary, content_html)
VALUES ('9f60PikRDqoXjzpNytusu', 'it-CH', '057.26 Process for 12V Batteries in Warranty', '057.26_Aftersales_WA_Warranty Bulletin Nr.034 Process for 12V Batteries in Warranty', '')
ON DUPLICATE KEY UPDATE title = VALUES(title), executive_summary = VALUES(executive_summary), content_html = VALUES(content_html);
INSERT INTO aws_notification_brands (notification_id, brand_id)
VALUES ('9f60PikRDqoXjzpNytusu', 3)
ON DUPLICATE KEY UPDATE brand_id = VALUES(brand_id);
INSERT INTO aws_notification_brands (notification_id, brand_id)
VALUES ('9f60PikRDqoXjzpNytusu', 5)
ON DUPLICATE KEY UPDATE brand_id = VALUES(brand_id);
INSERT INTO aws_notification_brands (notification_id, brand_id)
VALUES ('9f60PikRDqoXjzpNytusu', 1)
ON DUPLICATE KEY UPDATE brand_id = VALUES(brand_id);
INSERT INTO aws_notification_brands (notification_id, brand_id)
VALUES ('9f60PikRDqoXjzpNytusu', 4)
ON DUPLICATE KEY UPDATE brand_id = VALUES(brand_id);
-- 7y6EYA3IWkGlNXezzif1Jb
INSERT INTO aws_notifications (id_notification, category, status, is_legacy, priority, sender, published_at)
VALUES ('7y6EYA3IWkGlNXezzif1Jb', 2, 'Published', 1, 2, 'Handover Import', '2026-02-13 14:05:26')
ON DUPLICATE KEY UPDATE category = VALUES(category), status = VALUES(status), is_legacy = VALUES(is_legacy), priority = VALUES(priority), sender = VALUES(sender), published_at = VALUES(published_at);
INSERT INTO aws_notification_translations (notification_id, locale, title, executive_summary, content_html)
VALUES ('7y6EYA3IWkGlNXezzif1Jb', 'de', '062.26  Nissan Juke 18\" - ASA Bericht', '', '<p>Liebe Partner</p><p>Wie versprochen reichen wir euch die ASA Genehmigung für das 18” Rad nach.</p><p>Das Dokument muss&nbsp;nicht im Fahrzeug mitgeführt werden.</p><p>Freundliche Grüsse</p>')
ON DUPLICATE KEY UPDATE title = VALUES(title), executive_summary = VALUES(executive_summary), content_html = VALUES(content_html);
INSERT INTO aws_notification_translations (notification_id, locale, title, executive_summary, content_html)
VALUES ('7y6EYA3IWkGlNXezzif1Jb', 'fr-CH', '062.26 Rapport d\'essai ASA - Nissan Juke 18\"', '', '<p>Chers partenaires</p><p>Comme promis, nous vous transmettons l\'homologation ASA pour la roue 18 pouces.</p><p>Il n\'est pas nécessaire de conserver ce document dans le véhicule.</p><p>Cordialement</p>')
ON DUPLICATE KEY UPDATE title = VALUES(title), executive_summary = VALUES(executive_summary), content_html = VALUES(content_html);
INSERT INTO aws_notification_translations (notification_id, locale, title, executive_summary, content_html)
VALUES ('7y6EYA3IWkGlNXezzif1Jb', 'it-CH', '062.26 Certificato ASA - Nissan Juke 18\"', '', '<p>Cari&nbsp;partner,</p><p>come promesso, vi inviamo l\'omologazione ASA per la ruota da 18 pollici.</p><p>Il documento non deve necessariamente essere conservato nel veicolo.</p><p>Cordiali saluti</p>')
ON DUPLICATE KEY UPDATE title = VALUES(title), executive_summary = VALUES(executive_summary), content_html = VALUES(content_html);
INSERT INTO aws_notification_brands (notification_id, brand_id)
VALUES ('7y6EYA3IWkGlNXezzif1Jb', 7)
ON DUPLICATE KEY UPDATE brand_id = VALUES(brand_id);
-- 6nipZnVJsif0ufwyBKA7AR
INSERT INTO aws_notifications (id_notification, category, status, is_legacy, priority, sender, published_at)
VALUES ('6nipZnVJsif0ufwyBKA7AR', 2, 'Published', 1, 1, 'Handover Import', '2026-02-12 09:34:10')
ON DUPLICATE KEY UPDATE category = VALUES(category), status = VALUES(status), is_legacy = VALUES(is_legacy), priority = VALUES(priority), sender = VALUES(sender), published_at = VALUES(published_at);
INSERT INTO aws_notification_translations (notification_id, locale, title, executive_summary, content_html)
VALUES ('6nipZnVJsif0ufwyBKA7AR', 'de', '089.25 Safety Recalls Claim Management', '089.25_Aftersales_WA_Warranty Bulletin Nr.058 Safety Recalls Claim Management', '')
ON DUPLICATE KEY UPDATE title = VALUES(title), executive_summary = VALUES(executive_summary), content_html = VALUES(content_html);
INSERT INTO aws_notification_translations (notification_id, locale, title, executive_summary, content_html)
VALUES ('6nipZnVJsif0ufwyBKA7AR', 'fr-CH', '089.25 Safety Recalls Claim Management', '089.25_Aftersales_WA_Warranty Bulletin Nr.058 Safety Recalls Claim Management', '')
ON DUPLICATE KEY UPDATE title = VALUES(title), executive_summary = VALUES(executive_summary), content_html = VALUES(content_html);
INSERT INTO aws_notification_translations (notification_id, locale, title, executive_summary, content_html)
VALUES ('6nipZnVJsif0ufwyBKA7AR', 'it-CH', '089.25 Safety Recalls Claim Management', '089.25_Aftersales_WA_Warranty Bulletin Nr.058 Safety Recalls Claim Management', '')
ON DUPLICATE KEY UPDATE title = VALUES(title), executive_summary = VALUES(executive_summary), content_html = VALUES(content_html);
-- 4GqkMozNJBhkDpCHBKtHVy
INSERT INTO aws_notifications (id_notification, category, status, is_legacy, priority, sender, published_at)
VALUES ('4GqkMozNJBhkDpCHBKtHVy', 2, 'Published', 1, 1, 'Handover Import', '2026-02-12 09:35:24')
ON DUPLICATE KEY UPDATE category = VALUES(category), status = VALUES(status), is_legacy = VALUES(is_legacy), priority = VALUES(priority), sender = VALUES(sender), published_at = VALUES(published_at);
INSERT INTO aws_notification_translations (notification_id, locale, title, executive_summary, content_html)
VALUES ('4GqkMozNJBhkDpCHBKtHVy', 'de', '093.25 Update Rapid Service Process', '093.25_Aftersales_WA_Warranty Bulletin Nr.060 Update Rapid Service Process', '')
ON DUPLICATE KEY UPDATE title = VALUES(title), executive_summary = VALUES(executive_summary), content_html = VALUES(content_html);
INSERT INTO aws_notification_translations (notification_id, locale, title, executive_summary, content_html)
VALUES ('4GqkMozNJBhkDpCHBKtHVy', 'fr-CH', '093.25 Update Rapid Service Process', '093.25_Aftersales_WA_Warranty Bulletin Nr.060 Update Rapid Service Process', '')
ON DUPLICATE KEY UPDATE title = VALUES(title), executive_summary = VALUES(executive_summary), content_html = VALUES(content_html);
INSERT INTO aws_notification_translations (notification_id, locale, title, executive_summary, content_html)
VALUES ('4GqkMozNJBhkDpCHBKtHVy', 'it-CH', '093.25 Update Rapid Service Process', '093.25_Aftersales_WA_Warranty Bulletin Nr.060 Update Rapid Service Process', '')
ON DUPLICATE KEY UPDATE title = VALUES(title), executive_summary = VALUES(executive_summary), content_html = VALUES(content_html);
INSERT INTO aws_notification_brands (notification_id, brand_id)
VALUES ('4GqkMozNJBhkDpCHBKtHVy', 4)
ON DUPLICATE KEY UPDATE brand_id = VALUES(brand_id);
-- 25jd1Z3RkgUx0FvRT9Xcx8
INSERT INTO aws_notifications (id_notification, category, status, is_legacy, priority, sender, published_at)
VALUES ('25jd1Z3RkgUx0FvRT9Xcx8', 2, 'Published', 1, 1, 'Handover Import', '2026-02-10 14:29:40')
ON DUPLICATE KEY UPDATE category = VALUES(category), status = VALUES(status), is_legacy = VALUES(is_legacy), priority = VALUES(priority), sender = VALUES(sender), published_at = VALUES(published_at);
INSERT INTO aws_notification_translations (notification_id, locale, title, executive_summary, content_html)
VALUES ('25jd1Z3RkgUx0FvRT9Xcx8', 'de', 'Aftersales Hyundai NPS-Award 2026', '', '')
ON DUPLICATE KEY UPDATE title = VALUES(title), executive_summary = VALUES(executive_summary), content_html = VALUES(content_html);
INSERT INTO aws_notification_translations (notification_id, locale, title, executive_summary, content_html)
VALUES ('25jd1Z3RkgUx0FvRT9Xcx8', 'fr-CH', 'Aftersales Hyundai NPS-Award 2026', '', '')
ON DUPLICATE KEY UPDATE title = VALUES(title), executive_summary = VALUES(executive_summary), content_html = VALUES(content_html);
INSERT INTO aws_notification_translations (notification_id, locale, title, executive_summary, content_html)
VALUES ('25jd1Z3RkgUx0FvRT9Xcx8', 'it-CH', 'Aftersales Hyundai NPS-Award 2026', '', '')
ON DUPLICATE KEY UPDATE title = VALUES(title), executive_summary = VALUES(executive_summary), content_html = VALUES(content_html);
INSERT INTO aws_notification_brands (notification_id, brand_id)
VALUES ('25jd1Z3RkgUx0FvRT9Xcx8', 6)
ON DUPLICATE KEY UPDATE brand_id = VALUES(brand_id);
-- 1B5dGxYG1KkKHCpXSiJqXP
INSERT INTO aws_notifications (id_notification, category, status, is_legacy, priority, sender, published_at)
VALUES ('1B5dGxYG1KkKHCpXSiJqXP', 2, 'Published', 1, 1, 'Handover Import', '2026-02-10 14:36:35')
ON DUPLICATE KEY UPDATE category = VALUES(category), status = VALUES(status), is_legacy = VALUES(is_legacy), priority = VALUES(priority), sender = VALUES(sender), published_at = VALUES(published_at);
INSERT INTO aws_notification_translations (notification_id, locale, title, executive_summary, content_html)
VALUES ('1B5dGxYG1KkKHCpXSiJqXP', 'de', 'Aftersales Ital NPS-Award 2026', '', '')
ON DUPLICATE KEY UPDATE title = VALUES(title), executive_summary = VALUES(executive_summary), content_html = VALUES(content_html);
INSERT INTO aws_notification_translations (notification_id, locale, title, executive_summary, content_html)
VALUES ('1B5dGxYG1KkKHCpXSiJqXP', 'fr-CH', 'Aftersales Ital NPS-Award 2026', '', '')
ON DUPLICATE KEY UPDATE title = VALUES(title), executive_summary = VALUES(executive_summary), content_html = VALUES(content_html);
INSERT INTO aws_notification_translations (notification_id, locale, title, executive_summary, content_html)
VALUES ('1B5dGxYG1KkKHCpXSiJqXP', 'it-CH', 'Aftersales Ital NPS-Award 2026', '', '')
ON DUPLICATE KEY UPDATE title = VALUES(title), executive_summary = VALUES(executive_summary), content_html = VALUES(content_html);
INSERT INTO aws_notification_brands (notification_id, brand_id)
VALUES ('1B5dGxYG1KkKHCpXSiJqXP', 3)
ON DUPLICATE KEY UPDATE brand_id = VALUES(brand_id);
INSERT INTO aws_notification_brands (notification_id, brand_id)
VALUES ('1B5dGxYG1KkKHCpXSiJqXP', 5)
ON DUPLICATE KEY UPDATE brand_id = VALUES(brand_id);
INSERT INTO aws_notification_brands (notification_id, brand_id)
VALUES ('1B5dGxYG1KkKHCpXSiJqXP', 1)
ON DUPLICATE KEY UPDATE brand_id = VALUES(brand_id);
INSERT INTO aws_notification_brands (notification_id, brand_id)
VALUES ('1B5dGxYG1KkKHCpXSiJqXP', 4)
ON DUPLICATE KEY UPDATE brand_id = VALUES(brand_id);
-- 1Edn1otr7vYmh9M7zeDt6M
INSERT INTO aws_notifications (id_notification, category, status, is_legacy, priority, sender, published_at)
VALUES ('1Edn1otr7vYmh9M7zeDt6M', 2, 'Published', 1, 1, 'Handover Import', '2026-02-12 13:32:06')
ON DUPLICATE KEY UPDATE category = VALUES(category), status = VALUES(status), is_legacy = VALUES(is_legacy), priority = VALUES(priority), sender = VALUES(sender), published_at = VALUES(published_at);
INSERT INTO aws_notification_translations (notification_id, locale, title, executive_summary, content_html)
VALUES ('1Edn1otr7vYmh9M7zeDt6M', 'de', 'Aftersales Newsletter Q1 2026', 'Aftersales Newsletter Q1 2026', '<p>Geschätzte Partner</p><p>Wir freuen uns, Ihnen die wichtigsten Neuigkeiten im verlinkten Aftersales Newsletter mitzuteilen.</p><p>Freundliche Grüsse und erfolgreiche Geschäfte</p>')
ON DUPLICATE KEY UPDATE title = VALUES(title), executive_summary = VALUES(executive_summary), content_html = VALUES(content_html);
INSERT INTO aws_notification_translations (notification_id, locale, title, executive_summary, content_html)
VALUES ('1Edn1otr7vYmh9M7zeDt6M', 'fr-CH', 'Newsletter Après-vente Q1 2026', 'Newsletter Après-vente Q1 2026', '<p>Chers partenaires</p><p>Nous avons le plaisir de vous communiquer les principales nouveautés dans la newsletter après-vente en lien.</p><p>Meilleures salutations et bonnes affaires</p>')
ON DUPLICATE KEY UPDATE title = VALUES(title), executive_summary = VALUES(executive_summary), content_html = VALUES(content_html);
INSERT INTO aws_notification_translations (notification_id, locale, title, executive_summary, content_html)
VALUES ('1Edn1otr7vYmh9M7zeDt6M', 'it-CH', 'Newsletter Aftersales Q1 2026', 'Newsletter Aftersales Q1 2026', '<p>Cari partner</p><p>Siamo lieti di informarvi delle novità più importanti nella newsletter Aftersales collegata.</p><p>Cordiali saluti e buon lavoro</p>')
ON DUPLICATE KEY UPDATE title = VALUES(title), executive_summary = VALUES(executive_summary), content_html = VALUES(content_html);
INSERT INTO aws_notification_brands (notification_id, brand_id)
VALUES ('1Edn1otr7vYmh9M7zeDt6M', 6)
ON DUPLICATE KEY UPDATE brand_id = VALUES(brand_id);
-- 6qOBRDSjcfDJO0vsPOedei
INSERT INTO aws_notifications (id_notification, category, status, is_legacy, priority, sender, published_at)
VALUES ('6qOBRDSjcfDJO0vsPOedei', 2, 'Published', 1, 1, 'Handover Import', '2026-02-12 13:40:14')
ON DUPLICATE KEY UPDATE category = VALUES(category), status = VALUES(status), is_legacy = VALUES(is_legacy), priority = VALUES(priority), sender = VALUES(sender), published_at = VALUES(published_at);
INSERT INTO aws_notification_translations (notification_id, locale, title, executive_summary, content_html)
VALUES ('6qOBRDSjcfDJO0vsPOedei', 'de', 'Aftersales Newsletter Q1 2026', '', '<p>Geschätzte Partner</p><p>Wir freuen uns, Ihnen die wichtigsten Neuigkeiten im verlinkten Aftersales Newsletter mitzuteilen.</p><p>Freundliche Grüsse und erfolgreiche Geschäfte</p>')
ON DUPLICATE KEY UPDATE title = VALUES(title), executive_summary = VALUES(executive_summary), content_html = VALUES(content_html);
INSERT INTO aws_notification_translations (notification_id, locale, title, executive_summary, content_html)
VALUES ('6qOBRDSjcfDJO0vsPOedei', 'fr-CH', 'Newsletter Après-vente Q1 2026', '', '<p>Chers partenaires</p><p>Nous avons le plaisir de vous communiquer les principales nouveautés dans la newsletter après-vente en lien.</p><p>Meilleures salutations et bonnes affaires</p>')
ON DUPLICATE KEY UPDATE title = VALUES(title), executive_summary = VALUES(executive_summary), content_html = VALUES(content_html);
INSERT INTO aws_notification_translations (notification_id, locale, title, executive_summary, content_html)
VALUES ('6qOBRDSjcfDJO0vsPOedei', 'it-CH', 'Newsletter Aftersales Q1 2026', '', '<p>Cari partner</p><p>Siamo lieti di informarvi delle novità più importanti nella newsletter Aftersales collegata.</p><p>Cordiali saluti e buon lavoro</p>')
ON DUPLICATE KEY UPDATE title = VALUES(title), executive_summary = VALUES(executive_summary), content_html = VALUES(content_html);
INSERT INTO aws_notification_brands (notification_id, brand_id)
VALUES ('6qOBRDSjcfDJO0vsPOedei', 7)
ON DUPLICATE KEY UPDATE brand_id = VALUES(brand_id);
-- 7pJsOJra2dhL1z01VWhLKD
INSERT INTO aws_notifications (id_notification, category, status, is_legacy, priority, sender, published_at)
VALUES ('7pJsOJra2dhL1z01VWhLKD', 2, 'Published', 1, 1, 'Handover Import', '2026-02-12 13:42:18')
ON DUPLICATE KEY UPDATE category = VALUES(category), status = VALUES(status), is_legacy = VALUES(is_legacy), priority = VALUES(priority), sender = VALUES(sender), published_at = VALUES(published_at);
INSERT INTO aws_notification_translations (notification_id, locale, title, executive_summary, content_html)
VALUES ('7pJsOJra2dhL1z01VWhLKD', 'de', 'Aftersales Newsletter Q1 2026', '', '<p>Geschätzte Partner</p><p>Wir freuen uns, Ihnen die wichtigsten Neuigkeiten im verlinkten Aftersales Newsletter mitzuteilen.</p><p>Freundliche Grüsse und erfolgreiche Geschäfte</p>')
ON DUPLICATE KEY UPDATE title = VALUES(title), executive_summary = VALUES(executive_summary), content_html = VALUES(content_html);
INSERT INTO aws_notification_translations (notification_id, locale, title, executive_summary, content_html)
VALUES ('7pJsOJra2dhL1z01VWhLKD', 'fr-CH', 'Newsletter Après-vente Q1 2026', '', '<p>Chers partenaires</p><p>Nous avons le plaisir de vous communiquer les principales nouveautés dans la newsletter après-vente en lien.</p><p>Meilleures salutations et bonnes affaires</p>')
ON DUPLICATE KEY UPDATE title = VALUES(title), executive_summary = VALUES(executive_summary), content_html = VALUES(content_html);
INSERT INTO aws_notification_translations (notification_id, locale, title, executive_summary, content_html)
VALUES ('7pJsOJra2dhL1z01VWhLKD', 'it-CH', 'Newsletter Aftersales Q1 2026', '', '<p>Cari partner</p><p>Siamo lieti di informarvi delle novità più importanti nella newsletter Aftersales collegata.</p><p>Cordiali saluti e buon lavoro</p>')
ON DUPLICATE KEY UPDATE title = VALUES(title), executive_summary = VALUES(executive_summary), content_html = VALUES(content_html);
INSERT INTO aws_notification_brands (notification_id, brand_id)
VALUES ('7pJsOJra2dhL1z01VWhLKD', 3)
ON DUPLICATE KEY UPDATE brand_id = VALUES(brand_id);
INSERT INTO aws_notification_brands (notification_id, brand_id)
VALUES ('7pJsOJra2dhL1z01VWhLKD', 5)
ON DUPLICATE KEY UPDATE brand_id = VALUES(brand_id);
INSERT INTO aws_notification_brands (notification_id, brand_id)
VALUES ('7pJsOJra2dhL1z01VWhLKD', 1)
ON DUPLICATE KEY UPDATE brand_id = VALUES(brand_id);
INSERT INTO aws_notification_brands (notification_id, brand_id)
VALUES ('7pJsOJra2dhL1z01VWhLKD', 4)
ON DUPLICATE KEY UPDATE brand_id = VALUES(brand_id);
-- 1aVxcwHevDSt7Vx2H1BrMQ
INSERT INTO aws_notifications (id_notification, category, status, is_legacy, priority, sender, published_at)
VALUES ('1aVxcwHevDSt7Vx2H1BrMQ', 2, 'Published', 1, 1, 'Handover Import', '2026-02-11 06:43:46')
ON DUPLICATE KEY UPDATE category = VALUES(category), status = VALUES(status), is_legacy = VALUES(is_legacy), priority = VALUES(priority), sender = VALUES(sender), published_at = VALUES(published_at);
INSERT INTO aws_notification_translations (notification_id, locale, title, executive_summary, content_html)
VALUES ('1aVxcwHevDSt7Vx2H1BrMQ', 'de', 'Aftersales Nissan CES-Award 2026', '', '')
ON DUPLICATE KEY UPDATE title = VALUES(title), executive_summary = VALUES(executive_summary), content_html = VALUES(content_html);
INSERT INTO aws_notification_translations (notification_id, locale, title, executive_summary, content_html)
VALUES ('1aVxcwHevDSt7Vx2H1BrMQ', 'fr-CH', 'Aftersales Nissan CES-Award 2026', '', '')
ON DUPLICATE KEY UPDATE title = VALUES(title), executive_summary = VALUES(executive_summary), content_html = VALUES(content_html);
INSERT INTO aws_notification_translations (notification_id, locale, title, executive_summary, content_html)
VALUES ('1aVxcwHevDSt7Vx2H1BrMQ', 'it-CH', 'Aftersales Nissan CES-Award 2026', '', '')
ON DUPLICATE KEY UPDATE title = VALUES(title), executive_summary = VALUES(executive_summary), content_html = VALUES(content_html);
INSERT INTO aws_notification_brands (notification_id, brand_id)
VALUES ('1aVxcwHevDSt7Vx2H1BrMQ', 7)
ON DUPLICATE KEY UPDATE brand_id = VALUES(brand_id);
-- 2DN8ndkqHdzPqhKh4QwN8I
INSERT INTO aws_notifications (id_notification, category, status, is_legacy, priority, sender, published_at)
VALUES ('2DN8ndkqHdzPqhKh4QwN8I', 2, 'Published', 1, 0, 'Handover Import', '2026-02-18 09:14:10')
ON DUPLICATE KEY UPDATE category = VALUES(category), status = VALUES(status), is_legacy = VALUES(is_legacy), priority = VALUES(priority), sender = VALUES(sender), published_at = VALUES(published_at);
INSERT INTO aws_notification_translations (notification_id, locale, title, executive_summary, content_html)
VALUES ('2DN8ndkqHdzPqhKh4QwN8I', 'de', 'INF-2026-A-ERS Ersatzteile-Lieferdienst', 'Informationen und Updates zum Hyundai Ersatzteile-Lieferdienst\n', '<p>Sie finden in diesem Rundschreiben Informationen und Updates zum Hyundai Ersatzteile-Lieferdienst.</p>')
ON DUPLICATE KEY UPDATE title = VALUES(title), executive_summary = VALUES(executive_summary), content_html = VALUES(content_html);
INSERT INTO aws_notification_translations (notification_id, locale, title, executive_summary, content_html)
VALUES ('2DN8ndkqHdzPqhKh4QwN8I', 'fr-CH', 'INF-2026-A-PCS Service livraison pièces', 'Informations et mises à jour sur le service de livraison de pièces détachées Hyundai\n', '<p> Vous trouverez dans cette circulaire des informations et des mises à jour sur le service de livraison de pièces détachées Hyundai.</p>')
ON DUPLICATE KEY UPDATE title = VALUES(title), executive_summary = VALUES(executive_summary), content_html = VALUES(content_html);
INSERT INTO aws_notification_translations (notification_id, locale, title, executive_summary, content_html)
VALUES ('2DN8ndkqHdzPqhKh4QwN8I', 'it-CH', 'INF-2026-A-PCS Servizio di consegna dei pezzi', 'Informazioni e aggiornamentos sul servizio di consegna de pezzi di ricambio Hyundai\n', '<p> In questa circolare trovate informazioni e aggiornamentos sul servizio di consegna de pezzi di ricambio Hyundai (in francese).</p>')
ON DUPLICATE KEY UPDATE title = VALUES(title), executive_summary = VALUES(executive_summary), content_html = VALUES(content_html);
INSERT INTO aws_notification_brands (notification_id, brand_id)
VALUES ('2DN8ndkqHdzPqhKh4QwN8I', 6)
ON DUPLICATE KEY UPDATE brand_id = VALUES(brand_id);
-- 7BJLmeBp5o8Jbm4iAjQcKf
INSERT INTO aws_notifications (id_notification, category, status, is_legacy, priority, sender, published_at)
VALUES ('7BJLmeBp5o8Jbm4iAjQcKf', 2, 'Published', 1, 1, 'Handover Import', '2026-02-16 13:38:45')
ON DUPLICATE KEY UPDATE category = VALUES(category), status = VALUES(status), is_legacy = VALUES(is_legacy), priority = VALUES(priority), sender = VALUES(sender), published_at = VALUES(published_at);
INSERT INTO aws_notification_translations (notification_id, locale, title, executive_summary, content_html)
VALUES ('7BJLmeBp5o8Jbm4iAjQcKf', 'de', 'Informationen zur Kundenzufriedenheit CES', '', '')
ON DUPLICATE KEY UPDATE title = VALUES(title), executive_summary = VALUES(executive_summary), content_html = VALUES(content_html);
INSERT INTO aws_notification_translations (notification_id, locale, title, executive_summary, content_html)
VALUES ('7BJLmeBp5o8Jbm4iAjQcKf', 'fr-CH', 'Informations concernant satisfaction client CES', '', '')
ON DUPLICATE KEY UPDATE title = VALUES(title), executive_summary = VALUES(executive_summary), content_html = VALUES(content_html);
INSERT INTO aws_notification_translations (notification_id, locale, title, executive_summary, content_html)
VALUES ('7BJLmeBp5o8Jbm4iAjQcKf', 'it-CH', 'Informazioni per la soddisfazione clienti CES', '', '')
ON DUPLICATE KEY UPDATE title = VALUES(title), executive_summary = VALUES(executive_summary), content_html = VALUES(content_html);
INSERT INTO aws_notification_brands (notification_id, brand_id)
VALUES ('7BJLmeBp5o8Jbm4iAjQcKf', 7)
ON DUPLICATE KEY UPDATE brand_id = VALUES(brand_id);
-- 6LJwmGOHFkezK0ln74zDZI
INSERT INTO aws_notifications (id_notification, category, status, is_legacy, priority, sender, published_at)
VALUES ('6LJwmGOHFkezK0ln74zDZI', 2, 'Published', 1, 1, 'Handover Import', '2026-02-16 13:33:41')
ON DUPLICATE KEY UPDATE category = VALUES(category), status = VALUES(status), is_legacy = VALUES(is_legacy), priority = VALUES(priority), sender = VALUES(sender), published_at = VALUES(published_at);
INSERT INTO aws_notification_translations (notification_id, locale, title, executive_summary, content_html)
VALUES ('6LJwmGOHFkezK0ln74zDZI', 'de', 'Informationen zur Kundenzufriedenheit NPS', '', '')
ON DUPLICATE KEY UPDATE title = VALUES(title), executive_summary = VALUES(executive_summary), content_html = VALUES(content_html);
INSERT INTO aws_notification_translations (notification_id, locale, title, executive_summary, content_html)
VALUES ('6LJwmGOHFkezK0ln74zDZI', 'fr-CH', 'Informations concernant satisfaction client NPS', '', '')
ON DUPLICATE KEY UPDATE title = VALUES(title), executive_summary = VALUES(executive_summary), content_html = VALUES(content_html);
INSERT INTO aws_notification_translations (notification_id, locale, title, executive_summary, content_html)
VALUES ('6LJwmGOHFkezK0ln74zDZI', 'it-CH', 'Informazioni per la soddisfazione clienti NPS', '', '')
ON DUPLICATE KEY UPDATE title = VALUES(title), executive_summary = VALUES(executive_summary), content_html = VALUES(content_html);
INSERT INTO aws_notification_brands (notification_id, brand_id)
VALUES ('6LJwmGOHFkezK0ln74zDZI', 3)
ON DUPLICATE KEY UPDATE brand_id = VALUES(brand_id);
INSERT INTO aws_notification_brands (notification_id, brand_id)
VALUES ('6LJwmGOHFkezK0ln74zDZI', 5)
ON DUPLICATE KEY UPDATE brand_id = VALUES(brand_id);
INSERT INTO aws_notification_brands (notification_id, brand_id)
VALUES ('6LJwmGOHFkezK0ln74zDZI', 1)
ON DUPLICATE KEY UPDATE brand_id = VALUES(brand_id);
INSERT INTO aws_notification_brands (notification_id, brand_id)
VALUES ('6LJwmGOHFkezK0ln74zDZI', 4)
ON DUPLICATE KEY UPDATE brand_id = VALUES(brand_id);
-- 2pTnuKWF0ZwG5HyFWHwFJx
INSERT INTO aws_notifications (id_notification, category, status, is_legacy, priority, sender, published_at)
VALUES ('2pTnuKWF0ZwG5HyFWHwFJx', 2, 'Published', 1, 1, 'Handover Import', '2026-02-19 12:25:33')
ON DUPLICATE KEY UPDATE category = VALUES(category), status = VALUES(status), is_legacy = VALUES(is_legacy), priority = VALUES(priority), sender = VALUES(sender), published_at = VALUES(published_at);
INSERT INTO aws_notification_translations (notification_id, locale, title, executive_summary, content_html)
VALUES ('2pTnuKWF0ZwG5HyFWHwFJx', 'de', 'Reminder: Schulung Nissan Garantie- & Wartungsverträge', '', '<p>Geschätzte Partner,</p><p><br></p><p>Gerne erinnern wir Sie daran, dass die Online-Schulung zu den Nissan Garantie- &amp; Wartungsverträgen 2026 <strong>morgen, am 20. Februar 2026</strong>, via Microsoft Teams stattfindet.</p><p><br></p><p><strong>Deutsch:</strong> 09:00–10:00 Uhr - <a href=\"https://teams.microsoft.com/meet/32529792291869?p=GUl53tEJ8myPIENZFK\" rel=\"noopener noreferrer\" target=\"_blank\"><strong>Hier </strong></a>zum Teilnahme-<a href=\"https://teams.microsoft.com/meet/32529792291869?p=GUl53tEJ8myPIENZFK\" rel=\"noopener noreferrer\" target=\"_blank\"><strong>Link </strong></a></p><p><strong>Französisch:</strong> 10:30–11:30 Uhr - <a href=\"https://teams.microsoft.com/meet/37978887082805?p=2qH2juVn2KsdKi3gNP\" rel=\"noopener noreferrer\" target=\"_blank\"><strong>Hier </strong></a>zum Teilnahme <a href=\"https://teams.microsoft.com/meet/37978887082805?p=2qH2juVn2KsdKi3gNP\" rel=\"noopener noreferrer\" target=\"_blank\"><strong>Link </strong></a></p><p><br></p><p>Wir freuen uns auf Ihre Teilnahme!</p><p><br></p><p>Freundliche Grüsse</p><p>Aftersales Team</p>')
ON DUPLICATE KEY UPDATE title = VALUES(title), executive_summary = VALUES(executive_summary), content_html = VALUES(content_html);
INSERT INTO aws_notification_translations (notification_id, locale, title, executive_summary, content_html)
VALUES ('2pTnuKWF0ZwG5HyFWHwFJx', 'fr-CH', 'Formation contrats de garantie et d’entretien Nissan', '', '<p>Chers partenaires,</p><p><br></p><p>Nous vous rappelons que la formation en ligne sur les contrats de garantie et d\'entretien Nissan 2026 aura lieu demain, le<strong> 20 février 2026</strong>, via Microsoft Teams.</p><p><br></p><p><strong>Allemand </strong>: 9h00-10h00 -&nbsp;Cliquez <a href=\"https://teams.microsoft.com/meet/32529792291869?p=GUl53tEJ8myPIENZFK\" rel=\"noopener noreferrer\" target=\"_blank\"><strong>ici </strong></a>pour accéder au <a href=\"https://teams.microsoft.com/meet/32529792291869?p=GUl53tEJ8myPIENZFK\" rel=\"noopener noreferrer\" target=\"_blank\"><strong>lien </strong></a>de participation&nbsp;</p><p><strong>Français </strong>: 10h30-11h30 - Cliquez <a href=\"https://teams.microsoft.com/meet/37978887082805?p=2qH2juVn2KsdKi3gNP\" rel=\"noopener noreferrer\" target=\"_blank\"><strong>ici </strong></a>pour accéder au <a href=\"https://teams.microsoft.com/meet/37978887082805?p=2qH2juVn2KsdKi3gNP\" rel=\"noopener noreferrer\" target=\"_blank\"><strong>lien </strong></a>de participation&nbsp;</p><p><br></p><p>Nous nous réjouissons de votre participation !</p><p><br></p><p>Cordialement,</p><p>L\'équipe après-vente</p>')
ON DUPLICATE KEY UPDATE title = VALUES(title), executive_summary = VALUES(executive_summary), content_html = VALUES(content_html);
INSERT INTO aws_notification_translations (notification_id, locale, title, executive_summary, content_html)
VALUES ('2pTnuKWF0ZwG5HyFWHwFJx', 'it-CH', 'Formazione contratti di garanzia e manutenzione Nissan ', '', '<p>Gentili partner,</p><p><br></p><p>vi ricordiamo che domani, <strong>20 febbraio 2026</strong>, si terrà il corso di formazione online sui contratti di garanzia e manutenzione Nissan 2026 tramite Microsoft Teams.</p><p><br></p><p><strong>Tedesco</strong>: dalle 09:00 alle 10:00 -&nbsp;<a href=\"https://teams.microsoft.com/meet/32529792291869?p=GUl53tEJ8myPIENZFK\" rel=\"noopener noreferrer\" target=\"_blank\"><strong>Qui </strong></a>il <a href=\"https://teams.microsoft.com/meet/32529792291869?p=GUl53tEJ8myPIENZFK\" rel=\"noopener noreferrer\" target=\"_blank\"><strong>link </strong></a>per partecipare&nbsp;</p><p>&nbsp;<strong>Francese</strong>: dalle 10:30 alle 11:30 - <a href=\"https://teams.microsoft.com/meet/37978887082805?p=2qH2juVn2KsdKi3gNP\" rel=\"noopener noreferrer\" target=\"_blank\"><strong>Qui </strong></a>il <a href=\"https://teams.microsoft.com/meet/37978887082805?p=2qH2juVn2KsdKi3gNP\" rel=\"noopener noreferrer\" target=\"_blank\"><strong>link </strong></a>per partecipare&nbsp;</p><p><br></p><p>Saremo lieti di avervi con noi!</p><p><br></p><p>Cordiali saluti,</p><p>&nbsp;Il team Aftersales</p>')
ON DUPLICATE KEY UPDATE title = VALUES(title), executive_summary = VALUES(executive_summary), content_html = VALUES(content_html);
INSERT INTO aws_notification_brands (notification_id, brand_id)
VALUES ('2pTnuKWF0ZwG5HyFWHwFJx', 7)
ON DUPLICATE KEY UPDATE brand_id = VALUES(brand_id);
-- 4VMOYJsR2CPQSPH1YZ5xdk
INSERT INTO aws_notifications (id_notification, category, status, is_legacy, priority, sender, published_at)
VALUES ('4VMOYJsR2CPQSPH1YZ5xdk', 2, 'Published', 1, 1, 'Handover Import', '2026-02-20 13:59:28')
ON DUPLICATE KEY UPDATE category = VALUES(category), status = VALUES(status), is_legacy = VALUES(is_legacy), priority = VALUES(priority), sender = VALUES(sender), published_at = VALUES(published_at);
INSERT INTO aws_notification_translations (notification_id, locale, title, executive_summary, content_html)
VALUES ('4VMOYJsR2CPQSPH1YZ5xdk', 'de', 'Schulung Abrechnung Hyundai Drive & Relax', '', '<p>Geschätzte Partner,</p><p>Auf Feedback des Händlerverbandes haben wir festgestellt, dass die Abrechnung der <strong>Hyundai Drive &amp; Relax</strong> Verträge noch nicht in allen Fällen vollständig klar ist. Aus diesem Grund führen wir gemeinsam mit unserem Partner Allianz am <strong>Freitag, 13. März 2026,</strong> eine zusätzliche Online-Schulung <strong>via Microsoft Teams</strong> durch, in welcher wir den Abrechnungsprozess nochmals im Detail erläutern.</p><p>Ziel der Schulung ist es, Ihnen mehr Sicherheit in der korrekten Abwicklung der Hyundai Drive &amp; Relax Verträge zu geben und offene Fragen zu klären.</p><p><br></p><p><strong>Schulung auf Deutsch</strong></p><p>Freitag, 13. März 2026</p><p>09:00–10:00 Uhr</p><p><strong>Schulung auf Französisch</strong></p><p>Freitag, 13. März 2026</p><p>10:30–11:30 Uhr</p><p><br></p><p><strong>Nachfolgend finden Sie die entsprechenden Microsoft Teams Links:</strong></p><p><strong> </strong>Zur Schulung auf Deutsch: <a href=\"https://teams.microsoft.com/meet/36285000719291?p=52nMRJvF7ClTixEFgn\" rel=\"noopener noreferrer\" target=\"_blank\"><strong>Link</strong></a></p><p>Zur Schulung auf Französisch: <a href=\"https://teams.microsoft.com/meet/34116449095745?p=mjtLWjDnaRRVbngWZs\" rel=\"noopener noreferrer\" target=\"_blank\"><strong>Link</strong></a></p><p><br></p><p>Wir freuen uns auf Ihre Teilnahme und stehen Ihnen bei Fragen gerne zur Verfügung.</p><p>Freundliche Grüsse</p><p>Aftersales Team</p>')
ON DUPLICATE KEY UPDATE title = VALUES(title), executive_summary = VALUES(executive_summary), content_html = VALUES(content_html);
INSERT INTO aws_notification_translations (notification_id, locale, title, executive_summary, content_html)
VALUES ('4VMOYJsR2CPQSPH1YZ5xdk', 'fr-CH', 'Formation Facturation Hyundai Drive & Relax', '', '<p>Chers partenaires,</p><p>Suite au feedback de l’association des concessionnaires, nous avons constaté que la facturation des contrats Hyundai Drive &amp; Relax n’est pas encore totalement claire dans tous les cas. Pour cette raison, nous organisons, en collaboration avec notre partenaire Allianz, une formation en ligne supplémentaire via Microsoft Teams le<strong> vendredi 13 mars 2026,</strong> au cours de laquelle nous expliquerons à nouveau en détail le processus de facturation.</p><p>L’objectif de cette formation est de vous apporter davantage de sécurité dans le traitement correct des contrats Hyundai Drive &amp; Relax et de répondre aux questions ouvertes.</p><p><br></p><p><strong>Formation en allemand</strong></p><p>Vendredi 13 mars 2026</p><p>09h00–10h00</p><p><strong>Formation en français</strong></p><p>Vendredi 13 mars 2026</p><p>10h30–11h30</p><p><br></p><p><strong>Vous trouverez ci-dessous les liens Microsoft Teams correspondants </strong>:</p><p>Formation en allemand : <a href=\"https://teams.microsoft.com/meet/36285000719291?p=52nMRJvF7ClTixEFgn\" rel=\"noopener noreferrer\" target=\"_blank\"><strong>Lien</strong></a></p><p>Formation en français : <a href=\"https://teams.microsoft.com/meet/34116449095745?p=mjtLWjDnaRRVbngWZs\" rel=\"noopener noreferrer\" target=\"_blank\"><strong>Lien</strong></a></p><p><br></p><p>Nous nous réjouissons de votre participation et restons volontiers à votre disposition pour toute question.</p><p>Meilleures salutations</p><p>Aftersales Team</p>')
ON DUPLICATE KEY UPDATE title = VALUES(title), executive_summary = VALUES(executive_summary), content_html = VALUES(content_html);
INSERT INTO aws_notification_translations (notification_id, locale, title, executive_summary, content_html)
VALUES ('4VMOYJsR2CPQSPH1YZ5xdk', 'it-CH', 'Formazione Fatturazione Hyundai Drive & Relax', '', '<p>Gentili partner,</p><p>A seguito del feedback dell’associazione dei concessionari, abbiamo constatato che la fatturazione dei contratti Hyundai Drive &amp; Relax non è ancora del tutto chiara in tutti i casi. Per questo motivo, in collaborazione con il nostro partner Allianz, organizziamo una formazione online supplementare tramite Microsoft Teams <strong>venerdì 13 marzo 2026</strong>, durante la quale illustreremo nuovamente in dettaglio il processo di fatturazione.</p><p>L’obiettivo della formazione è quello di fornirvi maggiore sicurezza nella corretta gestione dei contratti Hyundai Drive &amp; Relax e di chiarire eventuali domande aperte.</p><p><br></p><p><strong>Formazione in tedesco</strong></p><p>Venerdì 13 marzo 2026</p><p>09:00–10:00</p><p><strong>Formazione in francese</strong></p><p>Venerdì 13 marzo 2026</p><p>10:30–11:30</p><p><br></p><p><strong>Di seguito trovate i relativi link Microsoft Teams:</strong></p><p>Formazione in tedesco: <a href=\"https://teams.microsoft.com/meet/36285000719291?p=52nMRJvF7ClTixEFgn\" rel=\"noopener noreferrer\" target=\"_blank\"><strong>Link</strong></a></p><p>Formazione in francese: <a href=\"https://teams.microsoft.com/meet/34116449095745?p=mjtLWjDnaRRVbngWZs\" rel=\"noopener noreferrer\" target=\"_blank\"><strong>Link</strong></a></p><p><br></p><p>Siamo lieti della vostra partecipazione e restiamo a vostra disposizione per qualsiasi domanda.</p><p>Cordiali saluti</p><p>Aftersales Team</p>')
ON DUPLICATE KEY UPDATE title = VALUES(title), executive_summary = VALUES(executive_summary), content_html = VALUES(content_html);
INSERT INTO aws_notification_brands (notification_id, brand_id)
VALUES ('4VMOYJsR2CPQSPH1YZ5xdk', 6)
ON DUPLICATE KEY UPDATE brand_id = VALUES(brand_id);
-- 22uxjR2JC62RKZ3N9wzdwR
INSERT INTO aws_notifications (id_notification, category, status, is_legacy, priority, sender, published_at)
VALUES ('22uxjR2JC62RKZ3N9wzdwR', 2, 'Published', 1, 2, 'Handover Import', '2026-02-23 09:42:41')
ON DUPLICATE KEY UPDATE category = VALUES(category), status = VALUES(status), is_legacy = VALUES(is_legacy), priority = VALUES(priority), sender = VALUES(sender), published_at = VALUES(published_at);
INSERT INTO aws_notification_translations (notification_id, locale, title, executive_summary, content_html)
VALUES ('22uxjR2JC62RKZ3N9wzdwR', 'de', 'Schulung Garantieverlängerungs- & Wartungsverträge 2026', '', '<p>Geschätzte Partner</p><p>Herzlichen Dank für Ihre Teilnahme am vergangenen Freitag an der Schulung zu den Nissan Garantie- &amp; Wartungsverträgen 2026.</p><p>Die Präsentation zur Schulung finden Sie im Anhang dieses Rundschreibens. Bei Fragen stehen wir, sowie unsere Ansprechpartner bei Quality1 Ihnen selbstverständlich jederzeit gerne zur Verfügung.</p><p>Freundliche Grüsse</p><p>Aftersales Team</p>')
ON DUPLICATE KEY UPDATE title = VALUES(title), executive_summary = VALUES(executive_summary), content_html = VALUES(content_html);
INSERT INTO aws_notification_translations (notification_id, locale, title, executive_summary, content_html)
VALUES ('22uxjR2JC62RKZ3N9wzdwR', 'fr-CH', 'Formation contrats de maintenance et de garantie 2026', '', '<p>Chers partenaires,</p><p>Nous vous remercions chaleureusement pour votre participation vendredi dernier à la formation sur les contrats de garantie et d’entretien Nissan 2026.</p><p>Vous trouverez la présentation de la formation en pièce jointe à cette circulaire. Pour toute question, nous restons bien entendu à votre entière disposition, ainsi que nos interlocuteurs chez Quality1.</p><p>Meilleures salutations</p><p>Aftersales Team</p>')
ON DUPLICATE KEY UPDATE title = VALUES(title), executive_summary = VALUES(executive_summary), content_html = VALUES(content_html);
INSERT INTO aws_notification_translations (notification_id, locale, title, executive_summary, content_html)
VALUES ('22uxjR2JC62RKZ3N9wzdwR', 'it-CH', 'Formazione contratti di manutenzione e garanzia 2026', '', '<p>Gentili partner,</p><p>Vi ringraziamo cordialmente per la vostra partecipazione venerdì scorso alla formazione sui contratti di garanzia e manutenzione Nissan 2026.</p><p>La presentazione della formazione è allegata alla presente comunicazione. Per qualsiasi domanda restiamo naturalmente a vostra completa disposizione, così come i nostri referenti presso Quality1.</p><p>Cordiali saluti</p><p>Aftersales Team</p>')
ON DUPLICATE KEY UPDATE title = VALUES(title), executive_summary = VALUES(executive_summary), content_html = VALUES(content_html);
INSERT INTO aws_notification_brands (notification_id, brand_id)
VALUES ('22uxjR2JC62RKZ3N9wzdwR', 7)
ON DUPLICATE KEY UPDATE brand_id = VALUES(brand_id);
-- 6MIEBBnmuobJNUKFqxL6Nk
INSERT INTO aws_notifications (id_notification, category, status, is_legacy, priority, sender, published_at)
VALUES ('6MIEBBnmuobJNUKFqxL6Nk', 2, 'Published', 1, 1, 'Handover Import', '2026-02-09 14:29:33')
ON DUPLICATE KEY UPDATE category = VALUES(category), status = VALUES(status), is_legacy = VALUES(is_legacy), priority = VALUES(priority), sender = VALUES(sender), published_at = VALUES(published_at);
INSERT INTO aws_notification_translations (notification_id, locale, title, executive_summary, content_html)
VALUES ('6MIEBBnmuobJNUKFqxL6Nk', 'de', 'Schulung Nissan Garantie- & Wartungsverträge 2026', '', '<p>Geschätzte Partner,</p><p>Gerne informieren wir Sie über die Online-Schulung zu den Garantie- &amp; Wartungsverträgen 2026, welche gemeinsam durch Astara, Quality1 und Allianz durchgeführt wird.</p><p>Der ursprünglich für den 9. Januar geplante Schulungstermin musste leider abgesagt werden. Der neue Termin findet am 20. Februar 2026 statt.</p><p>Im Rahmen der Schulung stellen wir Ihnen die entsprechenden Produkte sowie die Kundenportale vor.</p><p>Schulung auf Deutsch:</p><p>09:00–10:00 Uhr</p><p>Schulung auf Französisch:</p><p>10:30–11:30 Uhr</p><p>Nachfolgend finden Sie die entsprechenden Microsoft-Teams-Links:</p><ul><li>Zur Schulung auf Deutsch: <a href=\"https://teams.microsoft.com/meet/32529792291869?p=GUl53tEJ8myPIENZFK\" rel=\"noopener noreferrer\" target=\"_blank\">Link</a></li><li>Zur Schulung auf Französisch<strong>: </strong><a href=\"https://teams.microsoft.com/meet/37978887082805?p=2qH2juVn2KsdKi3gNP\" rel=\"noopener noreferrer\" target=\"_blank\"><strong>Link</strong></a></li></ul><p>Wir freuen uns auf Ihre Teilnahme und stehen Ihnen bei Fragen gerne zur Verfügung.</p><p>Freundliche Grüsse</p><p>Aftersales Team</p>')
ON DUPLICATE KEY UPDATE title = VALUES(title), executive_summary = VALUES(executive_summary), content_html = VALUES(content_html);
INSERT INTO aws_notification_translations (notification_id, locale, title, executive_summary, content_html)
VALUES ('6MIEBBnmuobJNUKFqxL6Nk', 'fr-CH', 'Formation Contrats de garantie et d\'entretien Nissan', '', '<p>Chers partenaires,</p><p>Nous avons le plaisir de vous informer de la formation en ligne sur les contrats d\'entretien et de garantie 2026, organisée conjointement par Astara, Quality1 et Allianz.</p><p>La formation initialement prévue le 9 janvier a malheureusement dû être annulée. La nouvelle date est fixée au 20 février 2026.</p><p>Dans le cadre de cette formation, nous vous présenterons les produits correspondants ainsi que les portails clients.</p><p>Formation en allemand :</p><p>9h00-10h00</p><p>Formation en français :</p><p>10h30-11h30</p><p>Vous trouverez ci-dessous les liens Microsoft Teams correspondants :</p><ul><li>&nbsp;Pour la formation en allemand : <a href=\"https://teams.microsoft.com/meet/32529792291869?p=GUl53tEJ8myPIENZFK\" rel=\"noopener noreferrer\" target=\"_blank\">lien</a></li><li>Pour la formation en français : <a href=\"https://teams.microsoft.com/meet/37978887082805?p=2qH2juVn2KsdKi3gNP\" rel=\"noopener noreferrer\" target=\"_blank\">lien</a></li></ul><p>Nous nous réjouissons de votre participation et restons à votre disposition pour toute question.</p><p>Cordialement,</p><p>L\'équipe après-vente</p>')
ON DUPLICATE KEY UPDATE title = VALUES(title), executive_summary = VALUES(executive_summary), content_html = VALUES(content_html);
INSERT INTO aws_notification_translations (notification_id, locale, title, executive_summary, content_html)
VALUES ('6MIEBBnmuobJNUKFqxL6Nk', 'it-CH', 'Formazione Contratti di garanzia e manutenzione Nissan ', '', '<p>Gentili partner,</p><p>siamo lieti di informarvi del corso di formazione online sui contratti di garanzia e manutenzione 2026, organizzato congiuntamente da Astara, Quality1 e Allianz.</p><p>La data del corso di formazione originariamente prevista per il 9 gennaio ha dovuto purtroppo essere annullata. La nuova data è fissata per il 20 febbraio 2026.</p><p>Durante il corso di formazione vi presenteremo i prodotti corrispondenti e i portali clienti.</p><p>Corso di formazione in tedesco:</p><p>09:00–10:00</p><p>Corso di formazione in francese:</p><p>10:30–11:30</p><p>Di seguito trovate i link Microsoft Teams corrispondenti:</p><p>•&nbsp;&nbsp;&nbsp;Per il corso in tedesco: <a href=\"https://teams.microsoft.com/meet/32529792291869?p=GUl53tEJ8myPIENZFK\" rel=\"noopener noreferrer\" target=\"_blank\">Link</a></p><p>•&nbsp;&nbsp;&nbsp;Per il corso in francese: <a href=\"https://teams.microsoft.com/meet/37978887082805?p=2qH2juVn2KsdKi3gNP\" rel=\"noopener noreferrer\" target=\"_blank\">Link</a></p><p>Saremo lieti della vostra partecipazione e restiamo a vostra disposizione per qualsiasi domanda.</p><p>Cordiali saluti</p><p>Team Aftersales</p>')
ON DUPLICATE KEY UPDATE title = VALUES(title), executive_summary = VALUES(executive_summary), content_html = VALUES(content_html);
INSERT INTO aws_notification_brands (notification_id, brand_id)
VALUES ('6MIEBBnmuobJNUKFqxL6Nk', 7)
ON DUPLICATE KEY UPDATE brand_id = VALUES(brand_id);
-- 4nDUajL8iimVuXrXNyXwfB
INSERT INTO aws_notifications (id_notification, category, status, is_legacy, priority, sender, published_at)
VALUES ('4nDUajL8iimVuXrXNyXwfB', 2, 'Published', 1, 1, 'Handover Import', '2026-02-09 16:38:33')
ON DUPLICATE KEY UPDATE category = VALUES(category), status = VALUES(status), is_legacy = VALUES(is_legacy), priority = VALUES(priority), sender = VALUES(sender), published_at = VALUES(published_at);
INSERT INTO aws_notification_translations (notification_id, locale, title, executive_summary, content_html)
VALUES ('4nDUajL8iimVuXrXNyXwfB', 'de', 'Wartungs- / Reparaturarbeiten Swisscom', 'Alle relevanten Informationen für die Abrechnung von Wartungs- / Reparaturarbeiten an Swisscom Fahrzeugen\n\n', '<p>Bitte prüfen Sie jeweils, ob das Fahrzeug über AYVENS oder ARVAL läuft.</p><p><br></p><p>Alle Details für die Abrechnung sind im Rundschreiben enthalten.</p><p><br></p><p>Freundliche Grüsse</p><p>Marketing Aftersales</p>')
ON DUPLICATE KEY UPDATE title = VALUES(title), executive_summary = VALUES(executive_summary), content_html = VALUES(content_html);
INSERT INTO aws_notification_translations (notification_id, locale, title, executive_summary, content_html)
VALUES ('4nDUajL8iimVuXrXNyXwfB', 'fr-CH', 'Travaux de maintenance / réparation Swisscom', 'Toutes les informations pertinentes pour la facturation des travaux de maintenance et de réparation sur les véhicules Swisscom', '<p>Veuillez vérifier à chaque fois si le véhicule est géré par AYVENS ou ARVAL.</p><p><br></p><p>Tous les détails concernant la facturation se trouvent dans la circulaire.</p><p><br></p><p>Meilleures salutations</p><p>Marketing Aftersales</p>')
ON DUPLICATE KEY UPDATE title = VALUES(title), executive_summary = VALUES(executive_summary), content_html = VALUES(content_html);
INSERT INTO aws_notification_translations (notification_id, locale, title, executive_summary, content_html)
VALUES ('4nDUajL8iimVuXrXNyXwfB', 'it-CH', ' Lavori di manutenzione / riparazione Swisscom', 'Tutte le informazioni rilevanti per la fatturazione dei lavori di manutenzione e riparazione sui veicoli Swisscom', '<p>Vi preghiamo di verificare ogni volta se il veicolo è gestito tramite AYVENS o ARVAL.</p><p><br></p><p>Tutti i dettagli per la fatturazione sono contenuti nella circolare.</p><p><br></p><p>Cordiali saluti</p><p>Marketing Aftersales</p>')
ON DUPLICATE KEY UPDATE title = VALUES(title), executive_summary = VALUES(executive_summary), content_html = VALUES(content_html);
INSERT INTO aws_notification_brands (notification_id, brand_id)
VALUES ('4nDUajL8iimVuXrXNyXwfB', 6)
ON DUPLICATE KEY UPDATE brand_id = VALUES(brand_id);
-- 7IgXGvppHmT65S8Xl4pcdb
INSERT INTO aws_notifications (id_notification, category, status, is_legacy, priority, sender, published_at)
VALUES ('7IgXGvppHmT65S8Xl4pcdb', 2, 'Published', 1, 2, 'Handover Import', '2026-02-20 09:37:57')
ON DUPLICATE KEY UPDATE category = VALUES(category), status = VALUES(status), is_legacy = VALUES(is_legacy), priority = VALUES(priority), sender = VALUES(sender), published_at = VALUES(published_at);
INSERT INTO aws_notification_translations (notification_id, locale, title, executive_summary, content_html)
VALUES ('7IgXGvppHmT65S8Xl4pcdb', 'de', 'i48 Preisdatei Nissan Februar 2026', '', '<p>Geschätzte NISSAN Partner</p><p>&nbsp;</p><p>Im Anhang finden Sie die aktualisierte Nissan-Preisdatei für den aktuellen Monat. Gültig ab dem 25.02.2026.</p><p><br></p><p>Bitte beachten Sie den neuen RabattCode N05 gültig für Winterkompletträder.</p>')
ON DUPLICATE KEY UPDATE title = VALUES(title), executive_summary = VALUES(executive_summary), content_html = VALUES(content_html);
INSERT INTO aws_notification_translations (notification_id, locale, title, executive_summary, content_html)
VALUES ('7IgXGvppHmT65S8Xl4pcdb', 'fr-CH', 'I48 Fichier de prix Nissan Février 2026', '', '<p>Chers partenaires NISSAN,</p><p><br></p><p>Veuillez trouver en pièce jointe le fichier de prix Nissan mis à jour pour le mois en cours. Valable à partir du 25.02.2026.</p><p><br></p><p>Veuillez noter le nouveau code de réduction N05, valable pour les jeux complets de roues d\'hiver.</p><p><br></p>')
ON DUPLICATE KEY UPDATE title = VALUES(title), executive_summary = VALUES(executive_summary), content_html = VALUES(content_html);
INSERT INTO aws_notification_translations (notification_id, locale, title, executive_summary, content_html)
VALUES ('7IgXGvppHmT65S8Xl4pcdb', 'it-CH', 'I48 Listino prezzi Nissan Febbraio 2026', '', '<p>Gentili partner NISSAN,</p><p><br></p><p>In allegato troverete il listino prezzi Nissan aggiornato per il mese corrente. Valido a partire dall\'25.02.2026.</p><p><br></p><p>Si prega di notare il nuovo codice sconto N05, valido per set completi di ruote invernali.</p><p><br></p>')
ON DUPLICATE KEY UPDATE title = VALUES(title), executive_summary = VALUES(executive_summary), content_html = VALUES(content_html);
INSERT INTO aws_notification_brands (notification_id, brand_id)
VALUES ('7IgXGvppHmT65S8Xl4pcdb', 7)
ON DUPLICATE KEY UPDATE brand_id = VALUES(brand_id);
-- 2xv2Qiq5BFhop9gmmETI5v
INSERT INTO aws_notifications (id_notification, category, status, is_legacy, priority, sender, published_at)
VALUES ('2xv2Qiq5BFhop9gmmETI5v', 8, 'Published', 1, 2, 'Handover Import', '2026-02-19 15:29:52')
ON DUPLICATE KEY UPDATE category = VALUES(category), status = VALUES(status), is_legacy = VALUES(is_legacy), priority = VALUES(priority), sender = VALUES(sender), published_at = VALUES(published_at);
INSERT INTO aws_notification_translations (notification_id, locale, title, executive_summary, content_html)
VALUES ('2xv2Qiq5BFhop9gmmETI5v', 'de', 'Customer Experience Checks', 'Anbei finden Sie das Rundschreiben bezüglich den Customer Experience Checks.', '')
ON DUPLICATE KEY UPDATE title = VALUES(title), executive_summary = VALUES(executive_summary), content_html = VALUES(content_html);
INSERT INTO aws_notification_translations (notification_id, locale, title, executive_summary, content_html)
VALUES ('2xv2Qiq5BFhop9gmmETI5v', 'fr-CH', 'Customer Experience Checks ', 'Vous trouverez ci-joint la circulaire concernant les Customer Experience Checks.', '')
ON DUPLICATE KEY UPDATE title = VALUES(title), executive_summary = VALUES(executive_summary), content_html = VALUES(content_html);
INSERT INTO aws_notification_translations (notification_id, locale, title, executive_summary, content_html)
VALUES ('2xv2Qiq5BFhop9gmmETI5v', 'it-CH', 'Customer Experience Checks ', 'In allegato trovate la circolare relativa ai Customer Experience Checks.', '')
ON DUPLICATE KEY UPDATE title = VALUES(title), executive_summary = VALUES(executive_summary), content_html = VALUES(content_html);
INSERT INTO aws_notification_brands (notification_id, brand_id)
VALUES ('2xv2Qiq5BFhop9gmmETI5v', 7)
ON DUPLICATE KEY UPDATE brand_id = VALUES(brand_id);
-- 5k5rvlxDuP9KRxhR7qYEfy
INSERT INTO aws_notifications (id_notification, category, status, is_legacy, priority, sender, published_at)
VALUES ('5k5rvlxDuP9KRxhR7qYEfy', 8, 'Published', 1, 1, 'Handover Import', '2024-04-10 10:47:35')
ON DUPLICATE KEY UPDATE category = VALUES(category), status = VALUES(status), is_legacy = VALUES(is_legacy), priority = VALUES(priority), sender = VALUES(sender), published_at = VALUES(published_at);
INSERT INTO aws_notification_translations (notification_id, locale, title, executive_summary, content_html)
VALUES ('5k5rvlxDuP9KRxhR7qYEfy', 'de', 'Datenschutzgesetz Update Unterlagen', '', '<p>Datenschutzgesetz Update Unterlagen - Legal Disclaimer</p><p>Edit:  Link for Alfa Romeo</p>')
ON DUPLICATE KEY UPDATE title = VALUES(title), executive_summary = VALUES(executive_summary), content_html = VALUES(content_html);
INSERT INTO aws_notification_translations (notification_id, locale, title, executive_summary, content_html)
VALUES ('5k5rvlxDuP9KRxhR7qYEfy', 'fr-CH', 'Protection des données Update documents', '', '<p><strong>Protection des données Update documents - Legal Disclaimer</strong></p>')
ON DUPLICATE KEY UPDATE title = VALUES(title), executive_summary = VALUES(executive_summary), content_html = VALUES(content_html);
INSERT INTO aws_notification_translations (notification_id, locale, title, executive_summary, content_html)
VALUES ('5k5rvlxDuP9KRxhR7qYEfy', 'it-CH', 'Nuova legge sulla protezione dei dati- Update documenti', '', '<p>Nuova legge sulla protezione dei dati- Update documenti Legal Disclaimer</p>')
ON DUPLICATE KEY UPDATE title = VALUES(title), executive_summary = VALUES(executive_summary), content_html = VALUES(content_html);
INSERT INTO aws_notification_brands (notification_id, brand_id)
VALUES ('5k5rvlxDuP9KRxhR7qYEfy', 3)
ON DUPLICATE KEY UPDATE brand_id = VALUES(brand_id);
INSERT INTO aws_notification_brands (notification_id, brand_id)
VALUES ('5k5rvlxDuP9KRxhR7qYEfy', 5)
ON DUPLICATE KEY UPDATE brand_id = VALUES(brand_id);
INSERT INTO aws_notification_brands (notification_id, brand_id)
VALUES ('5k5rvlxDuP9KRxhR7qYEfy', 1)
ON DUPLICATE KEY UPDATE brand_id = VALUES(brand_id);
INSERT INTO aws_notification_brands (notification_id, brand_id)
VALUES ('5k5rvlxDuP9KRxhR7qYEfy', 4)
ON DUPLICATE KEY UPDATE brand_id = VALUES(brand_id);
-- TK55FNsfXiWF99oEJyimv
INSERT INTO aws_notifications (id_notification, category, status, is_legacy, priority, sender, published_at)
VALUES ('TK55FNsfXiWF99oEJyimv', 8, 'Published', 1, 2, 'Handover Import', '2023-05-22 08:10:32')
ON DUPLICATE KEY UPDATE category = VALUES(category), status = VALUES(status), is_legacy = VALUES(is_legacy), priority = VALUES(priority), sender = VALUES(sender), published_at = VALUES(published_at);
INSERT INTO aws_notification_translations (notification_id, locale, title, executive_summary, content_html)
VALUES ('TK55FNsfXiWF99oEJyimv', 'de', 'IONIQ 6 OOH Kit (D)', 'Lancierung des IONIQ 6 Out of Home Kits als Weiterentwicklung des bestehenden Clusters.', '')
ON DUPLICATE KEY UPDATE title = VALUES(title), executive_summary = VALUES(executive_summary), content_html = VALUES(content_html);
INSERT INTO aws_notification_translations (notification_id, locale, title, executive_summary, content_html)
VALUES ('TK55FNsfXiWF99oEJyimv', 'fr-CH', 'IONIQ 6 OOH Kit (F)', 'Lancement du kit IONIQ 6 Out of Home en tant que développement du cluster existant.', '')
ON DUPLICATE KEY UPDATE title = VALUES(title), executive_summary = VALUES(executive_summary), content_html = VALUES(content_html);
INSERT INTO aws_notification_translations (notification_id, locale, title, executive_summary, content_html)
VALUES ('TK55FNsfXiWF99oEJyimv', 'it-CH', 'IONIQ 6 OOH Kit (I)', 'Lancement du kit IONIQ 6 Out of Home en tant que développement du cluster existant.', '')
ON DUPLICATE KEY UPDATE title = VALUES(title), executive_summary = VALUES(executive_summary), content_html = VALUES(content_html);
INSERT INTO aws_notification_brands (notification_id, brand_id)
VALUES ('TK55FNsfXiWF99oEJyimv', 6)
ON DUPLICATE KEY UPDATE brand_id = VALUES(brand_id);
-- 6sZCbs2m0xCcc7PdlqYZYY
INSERT INTO aws_notifications (id_notification, category, status, is_legacy, priority, sender, published_at)
VALUES ('6sZCbs2m0xCcc7PdlqYZYY', 8, 'Published', 1, 1, 'Handover Import', '2026-01-23 13:39:09')
ON DUPLICATE KEY UPDATE category = VALUES(category), status = VALUES(status), is_legacy = VALUES(is_legacy), priority = VALUES(priority), sender = VALUES(sender), published_at = VALUES(published_at);
INSERT INTO aws_notification_translations (notification_id, locale, title, executive_summary, content_html)
VALUES ('6sZCbs2m0xCcc7PdlqYZYY', 'de', 'Info Business Management Astara Ital 2026', '', '<p>Sehr geehrter Ital Partner</p><p>&nbsp;</p><p>Im Anhang finden Sie die relevanten Informationen für das Business Management 2026.</p><p>&nbsp;</p><p>Vielen Dank für Ihre Unterstützung.</p><p>&nbsp;</p><p>Für Fragen stehen wir Ihnen jederzeit gerne zur Verfügung.</p><p>&nbsp;</p><p>Freundliche Grüsse</p><p>Astara Ital Switzerland AG</p>')
ON DUPLICATE KEY UPDATE title = VALUES(title), executive_summary = VALUES(executive_summary), content_html = VALUES(content_html);
INSERT INTO aws_notification_translations (notification_id, locale, title, executive_summary, content_html)
VALUES ('6sZCbs2m0xCcc7PdlqYZYY', 'fr-CH', 'Info Business Management Astara Ital 2026', '', '<p>Cher partenaire Ital,</p><p><br></p><p>Veuillez trouver en pièce jointe les informations pertinentes concernant le Business Management 2026.</p><p><br></p><p>Nous vous remercions pour votre soutien.</p><p><br></p><p>Pour toute question, nous restons volontiers à votre disposition.</p><p><br></p><p>Meilleures salutations</p><p>Astara Ital Switzerland AG</p>')
ON DUPLICATE KEY UPDATE title = VALUES(title), executive_summary = VALUES(executive_summary), content_html = VALUES(content_html);
INSERT INTO aws_notification_brands (notification_id, brand_id)
VALUES ('6sZCbs2m0xCcc7PdlqYZYY', 3)
ON DUPLICATE KEY UPDATE brand_id = VALUES(brand_id);
INSERT INTO aws_notification_brands (notification_id, brand_id)
VALUES ('6sZCbs2m0xCcc7PdlqYZYY', 5)
ON DUPLICATE KEY UPDATE brand_id = VALUES(brand_id);
INSERT INTO aws_notification_brands (notification_id, brand_id)
VALUES ('6sZCbs2m0xCcc7PdlqYZYY', 1)
ON DUPLICATE KEY UPDATE brand_id = VALUES(brand_id);
INSERT INTO aws_notification_brands (notification_id, brand_id)
VALUES ('6sZCbs2m0xCcc7PdlqYZYY', 4)
ON DUPLICATE KEY UPDATE brand_id = VALUES(brand_id);
-- 2GecewcQ0SVfLhRx4C1qGg
INSERT INTO aws_notifications (id_notification, category, status, is_legacy, priority, sender, published_at)
VALUES ('2GecewcQ0SVfLhRx4C1qGg', 8, 'Published', 1, 2, 'Handover Import', '2023-05-31 16:32:11')
ON DUPLICATE KEY UPDATE category = VALUES(category), status = VALUES(status), is_legacy = VALUES(is_legacy), priority = VALUES(priority), sender = VALUES(sender), published_at = VALUES(published_at);
INSERT INTO aws_notification_translations (notification_id, locale, title, executive_summary, content_html)
VALUES ('2GecewcQ0SVfLhRx4C1qGg', 'de', 'Kosten für DriBer', '-', '')
ON DUPLICATE KEY UPDATE title = VALUES(title), executive_summary = VALUES(executive_summary), content_html = VALUES(content_html);
INSERT INTO aws_notification_translations (notification_id, locale, title, executive_summary, content_html)
VALUES ('2GecewcQ0SVfLhRx4C1qGg', 'fr-CH', 'Coûts pour DriBe', '-', '')
ON DUPLICATE KEY UPDATE title = VALUES(title), executive_summary = VALUES(executive_summary), content_html = VALUES(content_html);
INSERT INTO aws_notification_translations (notification_id, locale, title, executive_summary, content_html)
VALUES ('2GecewcQ0SVfLhRx4C1qGg', 'it-CH', 'Costi di DriBer', '-', '')
ON DUPLICATE KEY UPDATE title = VALUES(title), executive_summary = VALUES(executive_summary), content_html = VALUES(content_html);
-- 2iARic27XaS0EdXWIhdwRq
INSERT INTO aws_notifications (id_notification, category, status, is_legacy, priority, sender, published_at)
VALUES ('2iARic27XaS0EdXWIhdwRq', 8, 'Published', 1, 2, 'Handover Import', '2023-05-31 16:31:00')
ON DUPLICATE KEY UPDATE category = VALUES(category), status = VALUES(status), is_legacy = VALUES(is_legacy), priority = VALUES(priority), sender = VALUES(sender), published_at = VALUES(published_at);
INSERT INTO aws_notification_translations (notification_id, locale, title, executive_summary, content_html)
VALUES ('2iARic27XaS0EdXWIhdwRq', 'de', 'Kosten für DriBer', '-', '')
ON DUPLICATE KEY UPDATE title = VALUES(title), executive_summary = VALUES(executive_summary), content_html = VALUES(content_html);
INSERT INTO aws_notification_translations (notification_id, locale, title, executive_summary, content_html)
VALUES ('2iARic27XaS0EdXWIhdwRq', 'fr-CH', 'Coûts pour DriBer ', '-', '')
ON DUPLICATE KEY UPDATE title = VALUES(title), executive_summary = VALUES(executive_summary), content_html = VALUES(content_html);
INSERT INTO aws_notification_translations (notification_id, locale, title, executive_summary, content_html)
VALUES ('2iARic27XaS0EdXWIhdwRq', 'it-CH', 'Costi di DriBer', '-', '')
ON DUPLICATE KEY UPDATE title = VALUES(title), executive_summary = VALUES(executive_summary), content_html = VALUES(content_html);
INSERT INTO aws_notification_brands (notification_id, brand_id)
VALUES ('2iARic27XaS0EdXWIhdwRq', 1)
ON DUPLICATE KEY UPDATE brand_id = VALUES(brand_id);
-- 3Q06n4nBqgDOy3crN7QxeN
INSERT INTO aws_notifications (id_notification, category, status, is_legacy, priority, sender, published_at)
VALUES ('3Q06n4nBqgDOy3crN7QxeN', 8, 'Published', 1, 2, 'Handover Import', '2023-05-31 16:31:30')
ON DUPLICATE KEY UPDATE category = VALUES(category), status = VALUES(status), is_legacy = VALUES(is_legacy), priority = VALUES(priority), sender = VALUES(sender), published_at = VALUES(published_at);
INSERT INTO aws_notification_translations (notification_id, locale, title, executive_summary, content_html)
VALUES ('3Q06n4nBqgDOy3crN7QxeN', 'de', 'Kosten für DriBer', '-', '')
ON DUPLICATE KEY UPDATE title = VALUES(title), executive_summary = VALUES(executive_summary), content_html = VALUES(content_html);
INSERT INTO aws_notification_translations (notification_id, locale, title, executive_summary, content_html)
VALUES ('3Q06n4nBqgDOy3crN7QxeN', 'fr-CH', 'Coûts pour DriBer', '-', '')
ON DUPLICATE KEY UPDATE title = VALUES(title), executive_summary = VALUES(executive_summary), content_html = VALUES(content_html);
INSERT INTO aws_notification_translations (notification_id, locale, title, executive_summary, content_html)
VALUES ('3Q06n4nBqgDOy3crN7QxeN', 'it-CH', 'Costi di DriBer', '-', '')
ON DUPLICATE KEY UPDATE title = VALUES(title), executive_summary = VALUES(executive_summary), content_html = VALUES(content_html);
INSERT INTO aws_notification_brands (notification_id, brand_id)
VALUES ('3Q06n4nBqgDOy3crN7QxeN', 4)
ON DUPLICATE KEY UPDATE brand_id = VALUES(brand_id);
-- 4RI90lHdxY9vmtaDeSFpHH
INSERT INTO aws_notifications (id_notification, category, status, is_legacy, priority, sender, published_at)
VALUES ('4RI90lHdxY9vmtaDeSFpHH', 8, 'Published', 1, 2, 'Handover Import', '2023-05-31 16:31:14')
ON DUPLICATE KEY UPDATE category = VALUES(category), status = VALUES(status), is_legacy = VALUES(is_legacy), priority = VALUES(priority), sender = VALUES(sender), published_at = VALUES(published_at);
INSERT INTO aws_notification_translations (notification_id, locale, title, executive_summary, content_html)
VALUES ('4RI90lHdxY9vmtaDeSFpHH', 'de', 'Kosten für DriBer', '-', '')
ON DUPLICATE KEY UPDATE title = VALUES(title), executive_summary = VALUES(executive_summary), content_html = VALUES(content_html);
INSERT INTO aws_notification_translations (notification_id, locale, title, executive_summary, content_html)
VALUES ('4RI90lHdxY9vmtaDeSFpHH', 'fr-CH', 'Coûts pour DriBer', '-', '')
ON DUPLICATE KEY UPDATE title = VALUES(title), executive_summary = VALUES(executive_summary), content_html = VALUES(content_html);
INSERT INTO aws_notification_translations (notification_id, locale, title, executive_summary, content_html)
VALUES ('4RI90lHdxY9vmtaDeSFpHH', 'it-CH', 'Costi di DriBer', '-', '')
ON DUPLICATE KEY UPDATE title = VALUES(title), executive_summary = VALUES(executive_summary), content_html = VALUES(content_html);
INSERT INTO aws_notification_brands (notification_id, brand_id)
VALUES ('4RI90lHdxY9vmtaDeSFpHH', 3)
ON DUPLICATE KEY UPDATE brand_id = VALUES(brand_id);
-- 5akerLldEZaP4g3ktDx6B6
INSERT INTO aws_notifications (id_notification, category, status, is_legacy, priority, sender, published_at)
VALUES ('5akerLldEZaP4g3ktDx6B6', 8, 'Published', 1, 2, 'Handover Import', '2023-05-31 16:32:00')
ON DUPLICATE KEY UPDATE category = VALUES(category), status = VALUES(status), is_legacy = VALUES(is_legacy), priority = VALUES(priority), sender = VALUES(sender), published_at = VALUES(published_at);
INSERT INTO aws_notification_translations (notification_id, locale, title, executive_summary, content_html)
VALUES ('5akerLldEZaP4g3ktDx6B6', 'de', 'Kosten für DriBer', '-', '')
ON DUPLICATE KEY UPDATE title = VALUES(title), executive_summary = VALUES(executive_summary), content_html = VALUES(content_html);
INSERT INTO aws_notification_translations (notification_id, locale, title, executive_summary, content_html)
VALUES ('5akerLldEZaP4g3ktDx6B6', 'fr-CH', 'Coûts pour DriBer', '-', '')
ON DUPLICATE KEY UPDATE title = VALUES(title), executive_summary = VALUES(executive_summary), content_html = VALUES(content_html);
INSERT INTO aws_notification_translations (notification_id, locale, title, executive_summary, content_html)
VALUES ('5akerLldEZaP4g3ktDx6B6', 'it-CH', 'Costi di DriBer', '-', '')
ON DUPLICATE KEY UPDATE title = VALUES(title), executive_summary = VALUES(executive_summary), content_html = VALUES(content_html);
INSERT INTO aws_notification_brands (notification_id, brand_id)
VALUES ('5akerLldEZaP4g3ktDx6B6', 5)
ON DUPLICATE KEY UPDATE brand_id = VALUES(brand_id);
-- 4JXEGvY3lf4uIq5Ic11gAq
INSERT INTO aws_notifications (id_notification, category, status, is_legacy, priority, sender, published_at)
VALUES ('4JXEGvY3lf4uIq5Ic11gAq', 8, 'Published', 1, 2, 'Handover Import', '2025-02-24 09:37:44')
ON DUPLICATE KEY UPDATE category = VALUES(category), status = VALUES(status), is_legacy = VALUES(is_legacy), priority = VALUES(priority), sender = VALUES(sender), published_at = VALUES(published_at);
INSERT INTO aws_notification_translations (notification_id, locale, title, executive_summary, content_html)
VALUES ('4JXEGvY3lf4uIq5Ic11gAq', 'de', 'Kundenschreiben - Ausgeschiedene Händler', 'Information für Kunden von ausgeschiedenen Händlern', '<p>Sämtliche Markenkunden der im Oktober aus dem Händlernetz ausgeschiedenen Händler werden zentral angeschrieben. Anbei finden Sie das Kundenschreiben, die Landingpage, sowie die Information wie Sie die Kundendaten übernehmen können.</p>')
ON DUPLICATE KEY UPDATE title = VALUES(title), executive_summary = VALUES(executive_summary), content_html = VALUES(content_html);
INSERT INTO aws_notification_translations (notification_id, locale, title, executive_summary, content_html)
VALUES ('4JXEGvY3lf4uIq5Ic11gAq', 'fr-CH', 'Lettre aux clients - Concessionnaires résiliés', 'Information pour les clients des concessionnaires résiliés', '<p>Tous les clients de la marque des concessionnaires sortis du réseau en octobre seront contactés de manière centralisée. Vous trouverez ci-joint la lettre aux clients, la page de destination, ainsi que les informations sur la manière de reprendre les données clients.</p>')
ON DUPLICATE KEY UPDATE title = VALUES(title), executive_summary = VALUES(executive_summary), content_html = VALUES(content_html);
INSERT INTO aws_notification_translations (notification_id, locale, title, executive_summary, content_html)
VALUES ('4JXEGvY3lf4uIq5Ic11gAq', 'it-CH', 'Lettera ai clienti - Concessionari ritirati', 'Informazioni per i clienti dei concessionari ritirati', '<p>Tutti i clienti del marchio dei concessionari ritirati dalla rete in ottobre saranno contattati centralmente. In allegato troverete la lettera ai clienti, la pagina di destinazione e le informazioni su come potete acquisire i dati dei clienti.</p>')
ON DUPLICATE KEY UPDATE title = VALUES(title), executive_summary = VALUES(executive_summary), content_html = VALUES(content_html);
INSERT INTO aws_notification_brands (notification_id, brand_id)
VALUES ('4JXEGvY3lf4uIq5Ic11gAq', 3)
ON DUPLICATE KEY UPDATE brand_id = VALUES(brand_id);
INSERT INTO aws_notification_brands (notification_id, brand_id)
VALUES ('4JXEGvY3lf4uIq5Ic11gAq', 5)
ON DUPLICATE KEY UPDATE brand_id = VALUES(brand_id);
INSERT INTO aws_notification_brands (notification_id, brand_id)
VALUES ('4JXEGvY3lf4uIq5Ic11gAq', 1)
ON DUPLICATE KEY UPDATE brand_id = VALUES(brand_id);
INSERT INTO aws_notification_brands (notification_id, brand_id)
VALUES ('4JXEGvY3lf4uIq5Ic11gAq', 4)
ON DUPLICATE KEY UPDATE brand_id = VALUES(brand_id);
-- 2l66peQXPOlpwVlYPt2Ntx
INSERT INTO aws_notifications (id_notification, category, status, is_legacy, priority, sender, published_at)
VALUES ('2l66peQXPOlpwVlYPt2Ntx', 8, 'Published', 1, 2, 'Handover Import', '2024-05-31 16:03:27')
ON DUPLICATE KEY UPDATE category = VALUES(category), status = VALUES(status), is_legacy = VALUES(is_legacy), priority = VALUES(priority), sender = VALUES(sender), published_at = VALUES(published_at);
INSERT INTO aws_notification_translations (notification_id, locale, title, executive_summary, content_html)
VALUES ('2l66peQXPOlpwVlYPt2Ntx', 'de', 'Mitteilung : Start Vertragsunterzeichnungen Astara Ital', '', '<p>Mitteilung : Start Vertragsunterzeichnungen Astara Ital</p>')
ON DUPLICATE KEY UPDATE title = VALUES(title), executive_summary = VALUES(executive_summary), content_html = VALUES(content_html);
INSERT INTO aws_notification_translations (notification_id, locale, title, executive_summary, content_html)
VALUES ('2l66peQXPOlpwVlYPt2Ntx', 'fr-CH', 'Communication: Début des Signatures des Contrats Astara', '', '<p>Communication: Début des Signatures des Contrats Astara Ital</p>')
ON DUPLICATE KEY UPDATE title = VALUES(title), executive_summary = VALUES(executive_summary), content_html = VALUES(content_html);
INSERT INTO aws_notification_translations (notification_id, locale, title, executive_summary, content_html)
VALUES ('2l66peQXPOlpwVlYPt2Ntx', 'it-CH', 'Comunicazione: Inizio della Firma del Contratto Astara ', '', '<p>Comunicazione: Inizio della Firma del Contratto Astara Ital</p>')
ON DUPLICATE KEY UPDATE title = VALUES(title), executive_summary = VALUES(executive_summary), content_html = VALUES(content_html);
INSERT INTO aws_notification_brands (notification_id, brand_id)
VALUES ('2l66peQXPOlpwVlYPt2Ntx', 3)
ON DUPLICATE KEY UPDATE brand_id = VALUES(brand_id);
INSERT INTO aws_notification_brands (notification_id, brand_id)
VALUES ('2l66peQXPOlpwVlYPt2Ntx', 5)
ON DUPLICATE KEY UPDATE brand_id = VALUES(brand_id);
INSERT INTO aws_notification_brands (notification_id, brand_id)
VALUES ('2l66peQXPOlpwVlYPt2Ntx', 1)
ON DUPLICATE KEY UPDATE brand_id = VALUES(brand_id);
INSERT INTO aws_notification_brands (notification_id, brand_id)
VALUES ('2l66peQXPOlpwVlYPt2Ntx', 4)
ON DUPLICATE KEY UPDATE brand_id = VALUES(brand_id);
-- MqeNOr7imLBdek6OXZvil
INSERT INTO aws_notifications (id_notification, category, status, is_legacy, priority, sender, published_at)
VALUES ('MqeNOr7imLBdek6OXZvil', 8, 'Published', 1, 2, 'Handover Import', '2023-07-11 10:20:40')
ON DUPLICATE KEY UPDATE category = VALUES(category), status = VALUES(status), is_legacy = VALUES(is_legacy), priority = VALUES(priority), sender = VALUES(sender), published_at = VALUES(published_at);
INSERT INTO aws_notification_translations (notification_id, locale, title, executive_summary, content_html)
VALUES ('MqeNOr7imLBdek6OXZvil', 'de', 'NPS Flyer - Abarth', '', '')
ON DUPLICATE KEY UPDATE title = VALUES(title), executive_summary = VALUES(executive_summary), content_html = VALUES(content_html);
INSERT INTO aws_notification_translations (notification_id, locale, title, executive_summary, content_html)
VALUES ('MqeNOr7imLBdek6OXZvil', 'fr-CH', 'NPS Flyer - Abarth', '', '')
ON DUPLICATE KEY UPDATE title = VALUES(title), executive_summary = VALUES(executive_summary), content_html = VALUES(content_html);
INSERT INTO aws_notification_translations (notification_id, locale, title, executive_summary, content_html)
VALUES ('MqeNOr7imLBdek6OXZvil', 'it-CH', 'NPS Flyer - Abarth', '', '')
ON DUPLICATE KEY UPDATE title = VALUES(title), executive_summary = VALUES(executive_summary), content_html = VALUES(content_html);
INSERT INTO aws_notification_brands (notification_id, brand_id)
VALUES ('MqeNOr7imLBdek6OXZvil', 3)
ON DUPLICATE KEY UPDATE brand_id = VALUES(brand_id);
-- 6vFeyp2GxzAew8gHB4HJLU
INSERT INTO aws_notifications (id_notification, category, status, is_legacy, priority, sender, published_at)
VALUES ('6vFeyp2GxzAew8gHB4HJLU', 8, 'Published', 1, 2, 'Handover Import', '2023-07-11 10:25:41')
ON DUPLICATE KEY UPDATE category = VALUES(category), status = VALUES(status), is_legacy = VALUES(is_legacy), priority = VALUES(priority), sender = VALUES(sender), published_at = VALUES(published_at);
INSERT INTO aws_notification_translations (notification_id, locale, title, executive_summary, content_html)
VALUES ('6vFeyp2GxzAew8gHB4HJLU', 'de', 'NPS Flyer - Alfa Romeo', '', '')
ON DUPLICATE KEY UPDATE title = VALUES(title), executive_summary = VALUES(executive_summary), content_html = VALUES(content_html);
INSERT INTO aws_notification_translations (notification_id, locale, title, executive_summary, content_html)
VALUES ('6vFeyp2GxzAew8gHB4HJLU', 'fr-CH', 'NPS Flyer - Alfa Romeo', '', '')
ON DUPLICATE KEY UPDATE title = VALUES(title), executive_summary = VALUES(executive_summary), content_html = VALUES(content_html);
INSERT INTO aws_notification_translations (notification_id, locale, title, executive_summary, content_html)
VALUES ('6vFeyp2GxzAew8gHB4HJLU', 'it-CH', 'NPS Flyer - Alfa Romeo', '', '')
ON DUPLICATE KEY UPDATE title = VALUES(title), executive_summary = VALUES(executive_summary), content_html = VALUES(content_html);
INSERT INTO aws_notification_brands (notification_id, brand_id)
VALUES ('6vFeyp2GxzAew8gHB4HJLU', 5)
ON DUPLICATE KEY UPDATE brand_id = VALUES(brand_id);
-- 3TNbBFwDHTdvvXNYk165vf
INSERT INTO aws_notifications (id_notification, category, status, is_legacy, priority, sender, published_at)
VALUES ('3TNbBFwDHTdvvXNYk165vf', 8, 'Published', 1, 2, 'Handover Import', '2023-07-11 10:22:08')
ON DUPLICATE KEY UPDATE category = VALUES(category), status = VALUES(status), is_legacy = VALUES(is_legacy), priority = VALUES(priority), sender = VALUES(sender), published_at = VALUES(published_at);
INSERT INTO aws_notification_translations (notification_id, locale, title, executive_summary, content_html)
VALUES ('3TNbBFwDHTdvvXNYk165vf', 'de', 'NPS Flyer - FiatPro', '', '')
ON DUPLICATE KEY UPDATE title = VALUES(title), executive_summary = VALUES(executive_summary), content_html = VALUES(content_html);
INSERT INTO aws_notification_translations (notification_id, locale, title, executive_summary, content_html)
VALUES ('3TNbBFwDHTdvvXNYk165vf', 'fr-CH', 'NPS Flyer - FiatPro', '', '')
ON DUPLICATE KEY UPDATE title = VALUES(title), executive_summary = VALUES(executive_summary), content_html = VALUES(content_html);
INSERT INTO aws_notification_translations (notification_id, locale, title, executive_summary, content_html)
VALUES ('3TNbBFwDHTdvvXNYk165vf', 'it-CH', 'NPS Flyer - FiatPro', '', '')
ON DUPLICATE KEY UPDATE title = VALUES(title), executive_summary = VALUES(executive_summary), content_html = VALUES(content_html);
-- 2fmfieQseTL5n27iWwbvjv
INSERT INTO aws_notifications (id_notification, category, status, is_legacy, priority, sender, published_at)
VALUES ('2fmfieQseTL5n27iWwbvjv', 8, 'Published', 1, 2, 'Handover Import', '2023-07-11 10:18:11')
ON DUPLICATE KEY UPDATE category = VALUES(category), status = VALUES(status), is_legacy = VALUES(is_legacy), priority = VALUES(priority), sender = VALUES(sender), published_at = VALUES(published_at);
INSERT INTO aws_notification_translations (notification_id, locale, title, executive_summary, content_html)
VALUES ('2fmfieQseTL5n27iWwbvjv', 'de', 'NPS Flyer - Fiat', '', '')
ON DUPLICATE KEY UPDATE title = VALUES(title), executive_summary = VALUES(executive_summary), content_html = VALUES(content_html);
INSERT INTO aws_notification_translations (notification_id, locale, title, executive_summary, content_html)
VALUES ('2fmfieQseTL5n27iWwbvjv', 'fr-CH', 'NPS Flyer - Fiat', '', '')
ON DUPLICATE KEY UPDATE title = VALUES(title), executive_summary = VALUES(executive_summary), content_html = VALUES(content_html);
INSERT INTO aws_notification_translations (notification_id, locale, title, executive_summary, content_html)
VALUES ('2fmfieQseTL5n27iWwbvjv', 'it-CH', 'NPS Flyer - Fiat', '', '')
ON DUPLICATE KEY UPDATE title = VALUES(title), executive_summary = VALUES(executive_summary), content_html = VALUES(content_html);
INSERT INTO aws_notification_brands (notification_id, brand_id)
VALUES ('2fmfieQseTL5n27iWwbvjv', 1)
ON DUPLICATE KEY UPDATE brand_id = VALUES(brand_id);
-- 4mNc7H4l03N5izNeqYpyoz
INSERT INTO aws_notifications (id_notification, category, status, is_legacy, priority, sender, published_at)
VALUES ('4mNc7H4l03N5izNeqYpyoz', 8, 'Published', 1, 2, 'Handover Import', '2023-07-11 10:24:24')
ON DUPLICATE KEY UPDATE category = VALUES(category), status = VALUES(status), is_legacy = VALUES(is_legacy), priority = VALUES(priority), sender = VALUES(sender), published_at = VALUES(published_at);
INSERT INTO aws_notification_translations (notification_id, locale, title, executive_summary, content_html)
VALUES ('4mNc7H4l03N5izNeqYpyoz', 'de', 'NPS Flyer - Jeep', '', '')
ON DUPLICATE KEY UPDATE title = VALUES(title), executive_summary = VALUES(executive_summary), content_html = VALUES(content_html);
INSERT INTO aws_notification_translations (notification_id, locale, title, executive_summary, content_html)
VALUES ('4mNc7H4l03N5izNeqYpyoz', 'fr-CH', 'NPS Flyer - Jeep', '', '')
ON DUPLICATE KEY UPDATE title = VALUES(title), executive_summary = VALUES(executive_summary), content_html = VALUES(content_html);
INSERT INTO aws_notification_translations (notification_id, locale, title, executive_summary, content_html)
VALUES ('4mNc7H4l03N5izNeqYpyoz', 'it-CH', 'NPS Flyer - Jeep', '', '')
ON DUPLICATE KEY UPDATE title = VALUES(title), executive_summary = VALUES(executive_summary), content_html = VALUES(content_html);
INSERT INTO aws_notification_brands (notification_id, brand_id)
VALUES ('4mNc7H4l03N5izNeqYpyoz', 4)
ON DUPLICATE KEY UPDATE brand_id = VALUES(brand_id);
-- TPoQcjWLxuo8teVkpHHsI
INSERT INTO aws_notifications (id_notification, category, status, is_legacy, priority, sender, published_at)
VALUES ('TPoQcjWLxuo8teVkpHHsI', 8, 'Published', 1, 1, 'Handover Import', '2023-09-08 14:36:53')
ON DUPLICATE KEY UPDATE category = VALUES(category), status = VALUES(status), is_legacy = VALUES(is_legacy), priority = VALUES(priority), sender = VALUES(sender), published_at = VALUES(published_at);
INSERT INTO aws_notification_translations (notification_id, locale, title, executive_summary, content_html)
VALUES ('TPoQcjWLxuo8teVkpHHsI', 'de', 'Neue Datenschutzverordnung (DSV)', 'Neue Datenschutzverordnung (DSV)\n', '')
ON DUPLICATE KEY UPDATE title = VALUES(title), executive_summary = VALUES(executive_summary), content_html = VALUES(content_html);
INSERT INTO aws_notification_translations (notification_id, locale, title, executive_summary, content_html)
VALUES ('TPoQcjWLxuo8teVkpHHsI', 'fr-CH', 'Nouveau Règlement sur la protection des données', 'Nouveau Règlement sur la protection des données', '')
ON DUPLICATE KEY UPDATE title = VALUES(title), executive_summary = VALUES(executive_summary), content_html = VALUES(content_html);
INSERT INTO aws_notification_translations (notification_id, locale, title, executive_summary, content_html)
VALUES ('TPoQcjWLxuo8teVkpHHsI', 'it-CH', 'Nuova Ordinanza sulla protezione dei dati ', 'Nuova Ordinanza sulla protezione dei dati ', '')
ON DUPLICATE KEY UPDATE title = VALUES(title), executive_summary = VALUES(executive_summary), content_html = VALUES(content_html);
INSERT INTO aws_notification_brands (notification_id, brand_id)
VALUES ('TPoQcjWLxuo8teVkpHHsI', 3)
ON DUPLICATE KEY UPDATE brand_id = VALUES(brand_id);
INSERT INTO aws_notification_brands (notification_id, brand_id)
VALUES ('TPoQcjWLxuo8teVkpHHsI', 5)
ON DUPLICATE KEY UPDATE brand_id = VALUES(brand_id);
INSERT INTO aws_notification_brands (notification_id, brand_id)
VALUES ('TPoQcjWLxuo8teVkpHHsI', 1)
ON DUPLICATE KEY UPDATE brand_id = VALUES(brand_id);
INSERT INTO aws_notification_brands (notification_id, brand_id)
VALUES ('TPoQcjWLxuo8teVkpHHsI', 4)
ON DUPLICATE KEY UPDATE brand_id = VALUES(brand_id);
-- 14Qe5mGcbTSTb3lbsxuK1p
INSERT INTO aws_notifications (id_notification, category, status, is_legacy, priority, sender, published_at)
VALUES ('14Qe5mGcbTSTb3lbsxuK1p', 8, 'Published', 1, 1, 'Handover Import', '2026-02-11 07:58:33')
ON DUPLICATE KEY UPDATE category = VALUES(category), status = VALUES(status), is_legacy = VALUES(is_legacy), priority = VALUES(priority), sender = VALUES(sender), published_at = VALUES(published_at);
INSERT INTO aws_notification_translations (notification_id, locale, title, executive_summary, content_html)
VALUES ('14Qe5mGcbTSTb3lbsxuK1p', 'de', 'Neue Kundenzufriedenheitsplattform (NPS) Medallia', '', '<p>Sehr geehrter Ital-Partner</p><p>&nbsp;</p><p>Im Anhang finden Sie die relevanten Informationen zur neuen Kundenzufriedenheitsplattform (NPS) Medallia.</p><p>&nbsp;</p><p>Vielen Dank für Ihre Unterstützung.</p><p>&nbsp;</p><p>Für Fragen stehen wir Ihnen jederzeit gerne zur Verfügung.</p><p>&nbsp;</p><p>Freundliche Grüsse</p><p>Astara Ital Switzerland AG</p>')
ON DUPLICATE KEY UPDATE title = VALUES(title), executive_summary = VALUES(executive_summary), content_html = VALUES(content_html);
INSERT INTO aws_notification_translations (notification_id, locale, title, executive_summary, content_html)
VALUES ('14Qe5mGcbTSTb3lbsxuK1p', 'fr-CH', 'Nouvelle plateforme de satisfaction clientèle Medallia', '', '<p>Cher partenaire Ital,</p><p><br></p><p>Veuillez trouver ci‑joint les informations pertinentes concernant la nouvelle plateforme de satisfaction client (NPS) <em>Medallia</em>.</p><p><br></p><p>Nous vous remercions de votre soutien.</p><p>Pour toute question, nous restons volontiers à votre disposition.</p><p><br></p><p>Avec nos salutations distinguées,</p><p>Astara Ital Switzerland AG</p>')
ON DUPLICATE KEY UPDATE title = VALUES(title), executive_summary = VALUES(executive_summary), content_html = VALUES(content_html);
INSERT INTO aws_notification_translations (notification_id, locale, title, executive_summary, content_html)
VALUES ('14Qe5mGcbTSTb3lbsxuK1p', 'it-CH', 'Nuova piattaforma di soddisfazione del cliente Medallia', '', '<p>Gentile partner Ital,</p><p><br></p><p>In allegato trova le informazioni pertinenti riguardanti la nuova piattaforma di soddisfazione del cliente (NPS) <em>Medallia</em>.</p><p><br></p><p>La ringraziamo per il suo supporto.</p><p>Per qualsiasi domanda rimaniamo volentieri a sua disposizione.</p><p><br></p><p>Cordiali saluti,</p><p>Astara Ital Switzerland AG</p>')
ON DUPLICATE KEY UPDATE title = VALUES(title), executive_summary = VALUES(executive_summary), content_html = VALUES(content_html);
INSERT INTO aws_notification_brands (notification_id, brand_id)
VALUES ('14Qe5mGcbTSTb3lbsxuK1p', 3)
ON DUPLICATE KEY UPDATE brand_id = VALUES(brand_id);
INSERT INTO aws_notification_brands (notification_id, brand_id)
VALUES ('14Qe5mGcbTSTb3lbsxuK1p', 5)
ON DUPLICATE KEY UPDATE brand_id = VALUES(brand_id);
INSERT INTO aws_notification_brands (notification_id, brand_id)
VALUES ('14Qe5mGcbTSTb3lbsxuK1p', 1)
ON DUPLICATE KEY UPDATE brand_id = VALUES(brand_id);
INSERT INTO aws_notification_brands (notification_id, brand_id)
VALUES ('14Qe5mGcbTSTb3lbsxuK1p', 4)
ON DUPLICATE KEY UPDATE brand_id = VALUES(brand_id);
-- 3JjCDx496ovynjGAc2Srrp
INSERT INTO aws_notifications (id_notification, category, status, is_legacy, priority, sender, published_at)
VALUES ('3JjCDx496ovynjGAc2Srrp', 8, 'Published', 1, 1, 'Handover Import', '2025-08-27 10:54:59')
ON DUPLICATE KEY UPDATE category = VALUES(category), status = VALUES(status), is_legacy = VALUES(is_legacy), priority = VALUES(priority), sender = VALUES(sender), published_at = VALUES(published_at);
INSERT INTO aws_notification_translations (notification_id, locale, title, executive_summary, content_html)
VALUES ('3JjCDx496ovynjGAc2Srrp', 'de', 'Neues Format für den Verkauf von Fiat Pro Fahrzeugen', '', '<p>Geschätzte Fiat-Partner</p><p><br></p><p>Anbei erhalten Sie das Schreiben mit den wichtigsten Eckpunkten zum neuen Format.</p><p><br></p><p>Bei Fragen stehen wir Ihnen jederzeit gerne zur Verfügung.</p><p><br></p><p>Mit freundlichen Grüssen</p><p><br></p><p>Astara Ital Switzerland AG</p>')
ON DUPLICATE KEY UPDATE title = VALUES(title), executive_summary = VALUES(executive_summary), content_html = VALUES(content_html);
INSERT INTO aws_notification_translations (notification_id, locale, title, executive_summary, content_html)
VALUES ('3JjCDx496ovynjGAc2Srrp', 'fr-CH', 'Nouveau format pour la vente de véhicules Fiat Pro', '', '<p>Chers partenaires Fiat,</p><p><br></p><p>Veuillez trouver ci-joint la lettre présentant les points essentiels du nouveau format.</p><p><br></p><p>Pour toute question, nous restons à votre disposition à tout moment.</p><p><br></p><p>Cordialement,</p><p><br></p><p>Astara Ital Switzerland AG</p>')
ON DUPLICATE KEY UPDATE title = VALUES(title), executive_summary = VALUES(executive_summary), content_html = VALUES(content_html);
INSERT INTO aws_notification_translations (notification_id, locale, title, executive_summary, content_html)
VALUES ('3JjCDx496ovynjGAc2Srrp', 'it-CH', 'Nuovo formato per la vendita dei veicoli Fiat Pro', '', '<p>Gentili partner Fiat,</p><p><br></p><p>In allegato trovate la lettera che presenta i punti essenziali del nuovo formato.</p><p><br></p><p>Per qualsiasi domanda, rimaniamo a vostra completa disposizione.</p><p><br></p><p>Cordiali saluti,</p><p><br></p><p>Astara Ital Switzerland AG</p>')
ON DUPLICATE KEY UPDATE title = VALUES(title), executive_summary = VALUES(executive_summary), content_html = VALUES(content_html);
INSERT INTO aws_notification_brands (notification_id, brand_id)
VALUES ('3JjCDx496ovynjGAc2Srrp', 1)
ON DUPLICATE KEY UPDATE brand_id = VALUES(brand_id);
-- 7dekJWYx21CwZdY7odusCv
INSERT INTO aws_notifications (id_notification, category, status, is_legacy, priority, sender, published_at)
VALUES ('7dekJWYx21CwZdY7odusCv', 8, 'Published', 1, 0, 'Handover Import', '2024-05-06 06:52:11')
ON DUPLICATE KEY UPDATE category = VALUES(category), status = VALUES(status), is_legacy = VALUES(is_legacy), priority = VALUES(priority), sender = VALUES(sender), published_at = VALUES(published_at);
INSERT INTO aws_notification_translations (notification_id, locale, title, executive_summary, content_html)
VALUES ('7dekJWYx21CwZdY7odusCv', 'de', 'Personelle Veränderung im DND Team', '', '<p>Personelle Veränderung im DND Team ab Mai 2024</p>')
ON DUPLICATE KEY UPDATE title = VALUES(title), executive_summary = VALUES(executive_summary), content_html = VALUES(content_html);
INSERT INTO aws_notification_translations (notification_id, locale, title, executive_summary, content_html)
VALUES ('7dekJWYx21CwZdY7odusCv', 'fr-CH', 'Changements au niveau du DND Team', '', '<p>Changements au niveau du DND Team</p>')
ON DUPLICATE KEY UPDATE title = VALUES(title), executive_summary = VALUES(executive_summary), content_html = VALUES(content_html);
INSERT INTO aws_notification_brands (notification_id, brand_id)
VALUES ('7dekJWYx21CwZdY7odusCv', 3)
ON DUPLICATE KEY UPDATE brand_id = VALUES(brand_id);
INSERT INTO aws_notification_brands (notification_id, brand_id)
VALUES ('7dekJWYx21CwZdY7odusCv', 5)
ON DUPLICATE KEY UPDATE brand_id = VALUES(brand_id);
INSERT INTO aws_notification_brands (notification_id, brand_id)
VALUES ('7dekJWYx21CwZdY7odusCv', 1)
ON DUPLICATE KEY UPDATE brand_id = VALUES(brand_id);
INSERT INTO aws_notification_brands (notification_id, brand_id)
VALUES ('7dekJWYx21CwZdY7odusCv', 4)
ON DUPLICATE KEY UPDATE brand_id = VALUES(brand_id);
-- 2ihWfmBjJELzD4lwj1yK8k
INSERT INTO aws_notifications (id_notification, category, status, is_legacy, priority, sender, published_at)
VALUES ('2ihWfmBjJELzD4lwj1yK8k', 8, 'Published', 1, 2, 'Handover Import', '2024-03-20 10:44:34')
ON DUPLICATE KEY UPDATE category = VALUES(category), status = VALUES(status), is_legacy = VALUES(is_legacy), priority = VALUES(priority), sender = VALUES(sender), published_at = VALUES(published_at);
INSERT INTO aws_notification_translations (notification_id, locale, title, executive_summary, content_html)
VALUES ('2ihWfmBjJELzD4lwj1yK8k', 'de', 'Personelle Veränderungen DND Team Astara Ital', '', '<p>Personelle Veränderungen DND Team Astara Ital</p>')
ON DUPLICATE KEY UPDATE title = VALUES(title), executive_summary = VALUES(executive_summary), content_html = VALUES(content_html);
INSERT INTO aws_notification_translations (notification_id, locale, title, executive_summary, content_html)
VALUES ('2ihWfmBjJELzD4lwj1yK8k', 'fr-CH', 'Changements de personnel DND Team Astara Ital', '', '<p>Changements de personnel DND Team Astara Ital</p>')
ON DUPLICATE KEY UPDATE title = VALUES(title), executive_summary = VALUES(executive_summary), content_html = VALUES(content_html);
INSERT INTO aws_notification_translations (notification_id, locale, title, executive_summary, content_html)
VALUES ('2ihWfmBjJELzD4lwj1yK8k', 'it-CH', 'Changements de personnel DND Team Astara Ital', '', '<p>Changements de personnel DND Team Astara Ital</p>')
ON DUPLICATE KEY UPDATE title = VALUES(title), executive_summary = VALUES(executive_summary), content_html = VALUES(content_html);
INSERT INTO aws_notification_brands (notification_id, brand_id)
VALUES ('2ihWfmBjJELzD4lwj1yK8k', 3)
ON DUPLICATE KEY UPDATE brand_id = VALUES(brand_id);
INSERT INTO aws_notification_brands (notification_id, brand_id)
VALUES ('2ihWfmBjJELzD4lwj1yK8k', 5)
ON DUPLICATE KEY UPDATE brand_id = VALUES(brand_id);
INSERT INTO aws_notification_brands (notification_id, brand_id)
VALUES ('2ihWfmBjJELzD4lwj1yK8k', 1)
ON DUPLICATE KEY UPDATE brand_id = VALUES(brand_id);
INSERT INTO aws_notification_brands (notification_id, brand_id)
VALUES ('2ihWfmBjJELzD4lwj1yK8k', 4)
ON DUPLICATE KEY UPDATE brand_id = VALUES(brand_id);
-- G5n6Gc2YmyngeuRwt6hvx
INSERT INTO aws_notifications (id_notification, category, status, is_legacy, priority, sender, published_at)
VALUES ('G5n6Gc2YmyngeuRwt6hvx', 8, 'Published', 1, 2, 'Handover Import', '2024-12-20 15:22:28')
ON DUPLICATE KEY UPDATE category = VALUES(category), status = VALUES(status), is_legacy = VALUES(is_legacy), priority = VALUES(priority), sender = VALUES(sender), published_at = VALUES(published_at);
INSERT INTO aws_notification_translations (notification_id, locale, title, executive_summary, content_html)
VALUES ('G5n6Gc2YmyngeuRwt6hvx', 'de', 'Rundschreiben Personelle Veränderungen DND', '', '<p>Geschätzte Partner,</p><p>Zum Jahresende möchten wir Sie über kürzlich erfolgte sowie bevorstehende personelle Veränderungen im Bereich Händlernetzentwicklung (DND) informieren.</p>')
ON DUPLICATE KEY UPDATE title = VALUES(title), executive_summary = VALUES(executive_summary), content_html = VALUES(content_html);
INSERT INTO aws_notification_translations (notification_id, locale, title, executive_summary, content_html)
VALUES ('G5n6Gc2YmyngeuRwt6hvx', 'fr-CH', 'Circulaire Changements de personnel DND', '', '<p>Chers partenaires,</p><p>À l’approche de la fin de l’année, nous souhaitons vous informer des récents et prochains changements de personnel au sein du domaine Développement du Réseau de Concessionnaires (DND).</p>')
ON DUPLICATE KEY UPDATE title = VALUES(title), executive_summary = VALUES(executive_summary), content_html = VALUES(content_html);
INSERT INTO aws_notification_translations (notification_id, locale, title, executive_summary, content_html)
VALUES ('G5n6Gc2YmyngeuRwt6hvx', 'it-CH', 'Circolare Modifiche al personale DND', '', '<p>Stimati Partner,</p><p>Con la fine dell’anno che si avvicina, desideriamo informarvi sui cambiamenti di personale recentemente avvenuti e su quelli previsti nell’ambito dello sviluppo della rete di concessionari (DND).</p>')
ON DUPLICATE KEY UPDATE title = VALUES(title), executive_summary = VALUES(executive_summary), content_html = VALUES(content_html);
INSERT INTO aws_notification_brands (notification_id, brand_id)
VALUES ('G5n6Gc2YmyngeuRwt6hvx', 3)
ON DUPLICATE KEY UPDATE brand_id = VALUES(brand_id);
INSERT INTO aws_notification_brands (notification_id, brand_id)
VALUES ('G5n6Gc2YmyngeuRwt6hvx', 5)
ON DUPLICATE KEY UPDATE brand_id = VALUES(brand_id);
INSERT INTO aws_notification_brands (notification_id, brand_id)
VALUES ('G5n6Gc2YmyngeuRwt6hvx', 1)
ON DUPLICATE KEY UPDATE brand_id = VALUES(brand_id);
INSERT INTO aws_notification_brands (notification_id, brand_id)
VALUES ('G5n6Gc2YmyngeuRwt6hvx', 6)
ON DUPLICATE KEY UPDATE brand_id = VALUES(brand_id);
INSERT INTO aws_notification_brands (notification_id, brand_id)
VALUES ('G5n6Gc2YmyngeuRwt6hvx', 4)
ON DUPLICATE KEY UPDATE brand_id = VALUES(brand_id);
INSERT INTO aws_notification_brands (notification_id, brand_id)
VALUES ('G5n6Gc2YmyngeuRwt6hvx', 10)
ON DUPLICATE KEY UPDATE brand_id = VALUES(brand_id);
INSERT INTO aws_notification_brands (notification_id, brand_id)
VALUES ('G5n6Gc2YmyngeuRwt6hvx', 11)
ON DUPLICATE KEY UPDATE brand_id = VALUES(brand_id);
INSERT INTO aws_notification_brands (notification_id, brand_id)
VALUES ('G5n6Gc2YmyngeuRwt6hvx', 7)
ON DUPLICATE KEY UPDATE brand_id = VALUES(brand_id);
-- 7GEdALG8BogJKB8H4R1tCI
INSERT INTO aws_notifications (id_notification, category, status, is_legacy, priority, sender, published_at)
VALUES ('7GEdALG8BogJKB8H4R1tCI', 8, 'Published', 1, 2, 'Handover Import', '2024-08-26 18:04:36')
ON DUPLICATE KEY UPDATE category = VALUES(category), status = VALUES(status), is_legacy = VALUES(is_legacy), priority = VALUES(priority), sender = VALUES(sender), published_at = VALUES(published_at);
INSERT INTO aws_notification_translations (notification_id, locale, title, executive_summary, content_html)
VALUES ('7GEdALG8BogJKB8H4R1tCI', 'de', 'Rundschreiben_Personelle Veränderung im DND', '', '<p>Rundschreiben_Personelle Veränderung im Dealer Network Development_20240826</p>')
ON DUPLICATE KEY UPDATE title = VALUES(title), executive_summary = VALUES(executive_summary), content_html = VALUES(content_html);
INSERT INTO aws_notification_translations (notification_id, locale, title, executive_summary, content_html)
VALUES ('7GEdALG8BogJKB8H4R1tCI', 'fr-CH', 'Circulaire_Changement de personnel DND', '', '<p>Circulaire_Changement de personnel au sein de l\'équipe développement réseau_20240826</p>')
ON DUPLICATE KEY UPDATE title = VALUES(title), executive_summary = VALUES(executive_summary), content_html = VALUES(content_html);
INSERT INTO aws_notification_translations (notification_id, locale, title, executive_summary, content_html)
VALUES ('7GEdALG8BogJKB8H4R1tCI', 'it-CH', 'Circolare_Cambio di personale all\'interno del team DND', '', '<p>Circolare_Cambio di personale all\'interno del team di sviluppo della rete_20240826</p>')
ON DUPLICATE KEY UPDATE title = VALUES(title), executive_summary = VALUES(executive_summary), content_html = VALUES(content_html);
INSERT INTO aws_notification_brands (notification_id, brand_id)
VALUES ('7GEdALG8BogJKB8H4R1tCI', 3)
ON DUPLICATE KEY UPDATE brand_id = VALUES(brand_id);
INSERT INTO aws_notification_brands (notification_id, brand_id)
VALUES ('7GEdALG8BogJKB8H4R1tCI', 5)
ON DUPLICATE KEY UPDATE brand_id = VALUES(brand_id);
INSERT INTO aws_notification_brands (notification_id, brand_id)
VALUES ('7GEdALG8BogJKB8H4R1tCI', 1)
ON DUPLICATE KEY UPDATE brand_id = VALUES(brand_id);
INSERT INTO aws_notification_brands (notification_id, brand_id)
VALUES ('7GEdALG8BogJKB8H4R1tCI', 4)
ON DUPLICATE KEY UPDATE brand_id = VALUES(brand_id);
-- 4WTKzIPBiyp8V6wQd1qDeR
INSERT INTO aws_notifications (id_notification, category, status, is_legacy, priority, sender, published_at)
VALUES ('4WTKzIPBiyp8V6wQd1qDeR', 8, 'Published', 1, 2, 'Handover Import', '2024-09-17 07:17:15')
ON DUPLICATE KEY UPDATE category = VALUES(category), status = VALUES(status), is_legacy = VALUES(is_legacy), priority = VALUES(priority), sender = VALUES(sender), published_at = VALUES(published_at);
INSERT INTO aws_notification_translations (notification_id, locale, title, executive_summary, content_html)
VALUES ('4WTKzIPBiyp8V6wQd1qDeR', 'de', '24h Test Drive Fiat 600 Hybrid und 600e mit Gutschein', 'Bald können potentielle Kunden die zwei Motorisierungen des neuen Fiat 600, Hybrid und Elektro, 24 Stunden lang testen!', '<p>Wir freuen uns, Ihnen mitteilen zu können, dass eure potenziellen Kunden von Montag, dem 21. Oktober, bis Freitag, dem 15. November 2024, die Möglichkeit haben werden, den Fiat 600 Hybrid oder 600e 24 Stunden lang zu testen!</p><p><br></p><p>Bitte entnehmen Sie weitere Details dem beigefügten Rundschreiben.</p><p><br></p><p>Senden Sie uns bitte die Excel-Datei mit Ihrer Verfügbarkeit ausgefüllt bis zum 4. Oktober.</p><p><br></p><p>Vielen Dank.</p><p>Freundliche Grüsse,</p><p>Ihr Digital &amp; CX Team</p>')
ON DUPLICATE KEY UPDATE title = VALUES(title), executive_summary = VALUES(executive_summary), content_html = VALUES(content_html);
INSERT INTO aws_notification_translations (notification_id, locale, title, executive_summary, content_html)
VALUES ('4WTKzIPBiyp8V6wQd1qDeR', 'fr-CH', 'Essai de 24h pour la Fiat 600 Hybrid /600e avec voucher', 'Bientôt, les clients potentiels pourront tester les deux motorisations de la nouvelle Fiat 600, hybride et électrique, pendant 24 heures !', '<p>Nous sommes heureux de vous informer que nos clients potentiels auront la possibilité de tester la Fiat 600 Hybrid ou 600e pendant 24 heures du lundi 21 octobre au vendredi 15 novembre 2024 !</p><p><br></p><p>Veuillez trouver de plus amples détails dans la circulaire ci-jointe.</p><p><br></p><p>Merci de nous envoyer le fichier Excel rempli avec votre disponibilité avant le 4 octobre.</p><p><br></p><p>Meilleures salutations,</p><p>Votre équipe Digital &amp; CX</p>')
ON DUPLICATE KEY UPDATE title = VALUES(title), executive_summary = VALUES(executive_summary), content_html = VALUES(content_html);
INSERT INTO aws_notification_translations (notification_id, locale, title, executive_summary, content_html)
VALUES ('4WTKzIPBiyp8V6wQd1qDeR', 'it-CH', '24h Test Drive Fiat 600 Hybrid e 600e con voucher', 'Presto i potenziali clienti potranno testare le due motorizzazioni della nuova Fiat 600, ibrida ed elettrica, per 24 ore!', '<p>Siamo lieti di informarvi che i vostri potenziali clienti avranno la possibilità di provare la Fiat 600 Hybrid o 600e per 24 ore da lunedì 21 ottobre a venerdì 15 novembre 2024!</p><p><br></p><p>Vi preghiamo di trovare ulteriori dettagli nella circolare allegata.</p><p><br></p><p>Vi preghiamo di inviarci il file Excel compilato con la vostra disponibilità entro il 4 ottobre.</p><p><br></p><p>Grazie.</p><p>Cordiali saluti,</p><p>Il vostro team Digital &amp; CX</p>')
ON DUPLICATE KEY UPDATE title = VALUES(title), executive_summary = VALUES(executive_summary), content_html = VALUES(content_html);
INSERT INTO aws_notification_brands (notification_id, brand_id)
VALUES ('4WTKzIPBiyp8V6wQd1qDeR', 1)
ON DUPLICATE KEY UPDATE brand_id = VALUES(brand_id);
-- 14FDlVO4SGuz9LL04jSxfq
INSERT INTO aws_notifications (id_notification, category, status, is_legacy, priority, sender, published_at)
VALUES ('14FDlVO4SGuz9LL04jSxfq', 8, 'Published', 1, 1, 'Handover Import', '2023-05-10 13:23:36')
ON DUPLICATE KEY UPDATE category = VALUES(category), status = VALUES(status), is_legacy = VALUES(is_legacy), priority = VALUES(priority), sender = VALUES(sender), published_at = VALUES(published_at);
INSERT INTO aws_notification_translations (notification_id, locale, title, executive_summary, content_html)
VALUES ('14FDlVO4SGuz9LL04jSxfq', 'de', 'Ab 10. Mai sind wir Live mit unserer MyHyundai CH App! ', 'Wir freuen uns, dass unsere Kundenapp von Apple und Google soeben freigegeben wurde. \nAb dem 10. Mai finden Sie MyHyundai CH im AppStore und Google Play Store.', '')
ON DUPLICATE KEY UPDATE title = VALUES(title), executive_summary = VALUES(executive_summary), content_html = VALUES(content_html);
INSERT INTO aws_notification_translations (notification_id, locale, title, executive_summary, content_html)
VALUES ('14FDlVO4SGuz9LL04jSxfq', 'fr-CH', 'Nous sommes en direct avec notre application MyHyundai!', 'Nous sommes heureux d\'annoncer que notre application client vient d\'être lancée par Apple et Google. \nA partir du 10 mai, vous trouverez MyHyundai CH dans l\'AppStore et le Google Play Store.', '')
ON DUPLICATE KEY UPDATE title = VALUES(title), executive_summary = VALUES(executive_summary), content_html = VALUES(content_html);
INSERT INTO aws_notification_translations (notification_id, locale, title, executive_summary, content_html)
VALUES ('14FDlVO4SGuz9LL04jSxfq', 'it-CH', 'Dall\'10 maggio siamo in diretta con la nostra APP!', 'Siamo lieti di annunciare che la nostra applicazione per i clienti è stata appena rilasciata da Apple e Google. \nDall\'10 maggio troverà MyHyundai CH nell\'AppStore e nel Google Play Store.', '')
ON DUPLICATE KEY UPDATE title = VALUES(title), executive_summary = VALUES(executive_summary), content_html = VALUES(content_html);
INSERT INTO aws_notification_brands (notification_id, brand_id)
VALUES ('14FDlVO4SGuz9LL04jSxfq', 6)
ON DUPLICATE KEY UPDATE brand_id = VALUES(brand_id);
-- 457E7LoQr09M1hoUYGTJJF
INSERT INTO aws_notifications (id_notification, category, status, is_legacy, priority, sender, published_at)
VALUES ('457E7LoQr09M1hoUYGTJJF', 8, 'Published', 1, 1, 'Handover Import', '2023-05-08 09:09:04')
ON DUPLICATE KEY UPDATE category = VALUES(category), status = VALUES(status), is_legacy = VALUES(is_legacy), priority = VALUES(priority), sender = VALUES(sender), published_at = VALUES(published_at);
INSERT INTO aws_notification_translations (notification_id, locale, title, executive_summary, content_html)
VALUES ('457E7LoQr09M1hoUYGTJJF', 'de', 'Ab 8. Mai sind wir Live mit unserer MyNissan CH App! ', 'Wir freuen uns, dass unsere Kundenapp von Apple und Google soeben freigegeben wurde. \nAb dem 8. Mai finden Sie MyNissan CH im AppStore und Google Play Store.\n', '')
ON DUPLICATE KEY UPDATE title = VALUES(title), executive_summary = VALUES(executive_summary), content_html = VALUES(content_html);
INSERT INTO aws_notification_translations (notification_id, locale, title, executive_summary, content_html)
VALUES ('457E7LoQr09M1hoUYGTJJF', 'fr-CH', 'A partir du 8 mai, nous sommes en direct avec notre App', 'Nous sommes heureux d\'annoncer que notre application client vient d\'être lancée par Apple et Google. \nA partir du 8 mai, vous trouverez MyNissan CH dans l\'AppStore et le Google Play Store.', '')
ON DUPLICATE KEY UPDATE title = VALUES(title), executive_summary = VALUES(executive_summary), content_html = VALUES(content_html);
INSERT INTO aws_notification_translations (notification_id, locale, title, executive_summary, content_html)
VALUES ('457E7LoQr09M1hoUYGTJJF', 'it-CH', 'Dall\'8 maggio siamo in diretta con la nostra APP!', 'Siamo lieti di annunciare che la nostra applicazione per i clienti è stata appena rilasciata da Apple e Google. \nDall\'8 maggio troverà MyNissan CH nell\'AppStore e nel Google Play Store.', '')
ON DUPLICATE KEY UPDATE title = VALUES(title), executive_summary = VALUES(executive_summary), content_html = VALUES(content_html);
INSERT INTO aws_notification_brands (notification_id, brand_id)
VALUES ('457E7LoQr09M1hoUYGTJJF', 7)
ON DUPLICATE KEY UPDATE brand_id = VALUES(brand_id);
-- 5oWSrMHqLG8TaBINZwbgvH
INSERT INTO aws_notifications (id_notification, category, status, is_legacy, priority, sender, published_at)
VALUES ('5oWSrMHqLG8TaBINZwbgvH', 8, 'Published', 1, 1, 'Handover Import', '2024-03-08 13:33:32')
ON DUPLICATE KEY UPDATE category = VALUES(category), status = VALUES(status), is_legacy = VALUES(is_legacy), priority = VALUES(priority), sender = VALUES(sender), published_at = VALUES(published_at);
INSERT INTO aws_notification_translations (notification_id, locale, title, executive_summary, content_html)
VALUES ('5oWSrMHqLG8TaBINZwbgvH', 'de', 'Alfa Romeo Range  - 24h Test Drive mit Gutschein', '\n', '<p><br></p><p>Sehr geehrte Damen und Herren, liebe Partner</p><p>Wir freuen uns, Ihnen mitzuteilen, dass wir ab dem 8. April eine 24h-Test Drive Kampagne für die Alfa Romeo Produktpalette (ausgenommen die Quadrifoglio Versionen) einführen werden.</p><p><br></p><p>Im Anhang finden Sie das Rundschreiben mit allen Details.</p><p><br></p><p>Wir freuen uns auf Ihre Teilnahme.</p><p><br></p><p>Vielen Dank.</p><p>Freundliche Grüsse,</p><p>Ihr Digital &amp; CX Team</p>')
ON DUPLICATE KEY UPDATE title = VALUES(title), executive_summary = VALUES(executive_summary), content_html = VALUES(content_html);
INSERT INTO aws_notification_translations (notification_id, locale, title, executive_summary, content_html)
VALUES ('5oWSrMHqLG8TaBINZwbgvH', 'fr-CH', 'Gamme Alfa Romeo - 24h Test Drive avec voucher', '\n', '<p><br></p><p>Madame, Monsieur, chers partenaires,</p><p>Nous avons le plaisir de vous informer que nous lancerons à partir du 8 avril une campagne de test drive de 24 heures pour la gamme de modèles Alfa Romeo (à l\'exception des versions Quadrifoglio).</p><p><br></p><p>En pièce jointe, vous trouverez la circulaire avec tous les détails.</p><p><br></p><p>Nous nous réjouissons de votre participation.</p><p><br></p><p>Meilleures salutations,</p><p>Votre équipe Digital &amp; CX</p>')
ON DUPLICATE KEY UPDATE title = VALUES(title), executive_summary = VALUES(executive_summary), content_html = VALUES(content_html);
INSERT INTO aws_notification_translations (notification_id, locale, title, executive_summary, content_html)
VALUES ('5oWSrMHqLG8TaBINZwbgvH', 'it-CH', 'Gamma Alfa Romeo - 24h Test Drive con voucher', '', '<p><br></p><p>Signore e Signori, cari partner,</p><p>Siamo lieti di informarvi che a partire dall\'8 aprile avvieremo una campagna di test drive di 24 ore per la gamma di modelli Alfa Romeo (ad eccezione delle versioni Quadrifoglio).</p><p><br></p><p>In allegato troverete la circolare con tutti i dettagli.</p><p><br></p><p>Attendiamo con piacere la vostra registrazione.</p><p><br></p><p>Grazie.</p><p>Cordiali saluti,</p><p>Il vostro team Digital &amp; CX</p>')
ON DUPLICATE KEY UPDATE title = VALUES(title), executive_summary = VALUES(executive_summary), content_html = VALUES(content_html);
INSERT INTO aws_notification_brands (notification_id, brand_id)
VALUES ('5oWSrMHqLG8TaBINZwbgvH', 5)
ON DUPLICATE KEY UPDATE brand_id = VALUES(brand_id);
-- 2uQmWodTBLEq4iHqi96PJ5
INSERT INTO aws_notifications (id_notification, category, status, is_legacy, priority, sender, published_at)
VALUES ('2uQmWodTBLEq4iHqi96PJ5', 8, 'Published', 1, 1, 'Handover Import', '2023-10-11 13:39:54')
ON DUPLICATE KEY UPDATE category = VALUES(category), status = VALUES(status), is_legacy = VALUES(is_legacy), priority = VALUES(priority), sender = VALUES(sender), published_at = VALUES(published_at);
INSERT INTO aws_notification_translations (notification_id, locale, title, executive_summary, content_html)
VALUES ('2uQmWodTBLEq4iHqi96PJ5', 'de', 'Alfa Romeo_24h Test Drive Tonale Plug-in hybrid', '-', '')
ON DUPLICATE KEY UPDATE title = VALUES(title), executive_summary = VALUES(executive_summary), content_html = VALUES(content_html);
INSERT INTO aws_notification_translations (notification_id, locale, title, executive_summary, content_html)
VALUES ('2uQmWodTBLEq4iHqi96PJ5', 'fr-CH', 'Alfa Romeo_24h Test Drive Tonale Plug-in hybrid', '-', '')
ON DUPLICATE KEY UPDATE title = VALUES(title), executive_summary = VALUES(executive_summary), content_html = VALUES(content_html);
INSERT INTO aws_notification_translations (notification_id, locale, title, executive_summary, content_html)
VALUES ('2uQmWodTBLEq4iHqi96PJ5', 'it-CH', 'Alfa Romeo_24h Test Drive Tonale Plug-in hybrid', '-', '')
ON DUPLICATE KEY UPDATE title = VALUES(title), executive_summary = VALUES(executive_summary), content_html = VALUES(content_html);
INSERT INTO aws_notification_brands (notification_id, brand_id)
VALUES ('2uQmWodTBLEq4iHqi96PJ5', 5)
ON DUPLICATE KEY UPDATE brand_id = VALUES(brand_id);
-- 1WbnhSTzwmqS2uH5hC5R5j
INSERT INTO aws_notifications (id_notification, category, status, is_legacy, priority, sender, published_at)
VALUES ('1WbnhSTzwmqS2uH5hC5R5j', 8, 'Published', 1, 1, 'Handover Import', '2023-07-17 14:39:05')
ON DUPLICATE KEY UPDATE category = VALUES(category), status = VALUES(status), is_legacy = VALUES(is_legacy), priority = VALUES(priority), sender = VALUES(sender), published_at = VALUES(published_at);
INSERT INTO aws_notification_translations (notification_id, locale, title, executive_summary, content_html)
VALUES ('1WbnhSTzwmqS2uH5hC5R5j', 'de', 'Astara IT Kunden Kontakt Plan Seasonal Sommer Angebote', '', '')
ON DUPLICATE KEY UPDATE title = VALUES(title), executive_summary = VALUES(executive_summary), content_html = VALUES(content_html);
INSERT INTO aws_notification_translations (notification_id, locale, title, executive_summary, content_html)
VALUES ('1WbnhSTzwmqS2uH5hC5R5j', 'fr-CH', 'Astara Ital Client Contact Plan Seasonal Offres Été', '', '')
ON DUPLICATE KEY UPDATE title = VALUES(title), executive_summary = VALUES(executive_summary), content_html = VALUES(content_html);
INSERT INTO aws_notification_translations (notification_id, locale, title, executive_summary, content_html)
VALUES ('1WbnhSTzwmqS2uH5hC5R5j', 'it-CH', 'Astara Ital Piano di Contatto cliente Offerte d\'estate', '', '')
ON DUPLICATE KEY UPDATE title = VALUES(title), executive_summary = VALUES(executive_summary), content_html = VALUES(content_html);
INSERT INTO aws_notification_brands (notification_id, brand_id)
VALUES ('1WbnhSTzwmqS2uH5hC5R5j', 5)
ON DUPLICATE KEY UPDATE brand_id = VALUES(brand_id);
-- 2uCEOSnbYzEK9gq9qPrApg
INSERT INTO aws_notifications (id_notification, category, status, is_legacy, priority, sender, published_at)
VALUES ('2uCEOSnbYzEK9gq9qPrApg', 8, 'Published', 1, 1, 'Handover Import', '2023-07-17 14:38:21')
ON DUPLICATE KEY UPDATE category = VALUES(category), status = VALUES(status), is_legacy = VALUES(is_legacy), priority = VALUES(priority), sender = VALUES(sender), published_at = VALUES(published_at);
INSERT INTO aws_notification_translations (notification_id, locale, title, executive_summary, content_html)
VALUES ('2uCEOSnbYzEK9gq9qPrApg', 'de', 'Astara IT Kunden Kontakt Plan Seasonal Sommer Angebote', '', '')
ON DUPLICATE KEY UPDATE title = VALUES(title), executive_summary = VALUES(executive_summary), content_html = VALUES(content_html);
INSERT INTO aws_notification_translations (notification_id, locale, title, executive_summary, content_html)
VALUES ('2uCEOSnbYzEK9gq9qPrApg', 'fr-CH', 'Astara Ital Client Contact Plan Seasonal Offres Été', '', '')
ON DUPLICATE KEY UPDATE title = VALUES(title), executive_summary = VALUES(executive_summary), content_html = VALUES(content_html);
INSERT INTO aws_notification_translations (notification_id, locale, title, executive_summary, content_html)
VALUES ('2uCEOSnbYzEK9gq9qPrApg', 'it-CH', 'Astara Ital Piano di Contatto cliente Offerte d\'estate', '', '')
ON DUPLICATE KEY UPDATE title = VALUES(title), executive_summary = VALUES(executive_summary), content_html = VALUES(content_html);
INSERT INTO aws_notification_brands (notification_id, brand_id)
VALUES ('2uCEOSnbYzEK9gq9qPrApg', 3)
ON DUPLICATE KEY UPDATE brand_id = VALUES(brand_id);
-- 4FpXQrMXMwL2mv48SqjELG
INSERT INTO aws_notifications (id_notification, category, status, is_legacy, priority, sender, published_at)
VALUES ('4FpXQrMXMwL2mv48SqjELG', 8, 'Published', 1, 1, 'Handover Import', '2023-07-17 14:37:49')
ON DUPLICATE KEY UPDATE category = VALUES(category), status = VALUES(status), is_legacy = VALUES(is_legacy), priority = VALUES(priority), sender = VALUES(sender), published_at = VALUES(published_at);
INSERT INTO aws_notification_translations (notification_id, locale, title, executive_summary, content_html)
VALUES ('4FpXQrMXMwL2mv48SqjELG', 'de', 'Astara IT Kunden Kontakt Plan Seasonal Sommer Angebote', '', '')
ON DUPLICATE KEY UPDATE title = VALUES(title), executive_summary = VALUES(executive_summary), content_html = VALUES(content_html);
INSERT INTO aws_notification_translations (notification_id, locale, title, executive_summary, content_html)
VALUES ('4FpXQrMXMwL2mv48SqjELG', 'fr-CH', 'Astara Ital Client Contact Plan Seasonal Offres Été', '', '')
ON DUPLICATE KEY UPDATE title = VALUES(title), executive_summary = VALUES(executive_summary), content_html = VALUES(content_html);
INSERT INTO aws_notification_translations (notification_id, locale, title, executive_summary, content_html)
VALUES ('4FpXQrMXMwL2mv48SqjELG', 'it-CH', 'Astara IT Piano di Contatto cliente Offerte d\'estate', '', '')
ON DUPLICATE KEY UPDATE title = VALUES(title), executive_summary = VALUES(executive_summary), content_html = VALUES(content_html);
-- 6beyEaJM9tkagf6j0tpoK1
INSERT INTO aws_notifications (id_notification, category, status, is_legacy, priority, sender, published_at)
VALUES ('6beyEaJM9tkagf6j0tpoK1', 8, 'Published', 1, 1, 'Handover Import', '2023-07-17 13:12:56')
ON DUPLICATE KEY UPDATE category = VALUES(category), status = VALUES(status), is_legacy = VALUES(is_legacy), priority = VALUES(priority), sender = VALUES(sender), published_at = VALUES(published_at);
INSERT INTO aws_notification_translations (notification_id, locale, title, executive_summary, content_html)
VALUES ('6beyEaJM9tkagf6j0tpoK1', 'de', 'Astara IT Kunden Kontakt Plan Seasonal Sommer Angebote', '', '')
ON DUPLICATE KEY UPDATE title = VALUES(title), executive_summary = VALUES(executive_summary), content_html = VALUES(content_html);
INSERT INTO aws_notification_translations (notification_id, locale, title, executive_summary, content_html)
VALUES ('6beyEaJM9tkagf6j0tpoK1', 'fr-CH', 'Astara Ital Client Contact Plan Seasonal Offres Été', '', '')
ON DUPLICATE KEY UPDATE title = VALUES(title), executive_summary = VALUES(executive_summary), content_html = VALUES(content_html);
INSERT INTO aws_notification_translations (notification_id, locale, title, executive_summary, content_html)
VALUES ('6beyEaJM9tkagf6j0tpoK1', 'it-CH', 'Astara Ital Piano di Contatto cliente Offerte d\'estate', '', '')
ON DUPLICATE KEY UPDATE title = VALUES(title), executive_summary = VALUES(executive_summary), content_html = VALUES(content_html);
INSERT INTO aws_notification_brands (notification_id, brand_id)
VALUES ('6beyEaJM9tkagf6j0tpoK1', 1)
ON DUPLICATE KEY UPDATE brand_id = VALUES(brand_id);
-- CmK22XtoalSIb1zFLUhH8
INSERT INTO aws_notifications (id_notification, category, status, is_legacy, priority, sender, published_at)
VALUES ('CmK22XtoalSIb1zFLUhH8', 8, 'Published', 1, 1, 'Handover Import', '2023-07-17 14:44:33')
ON DUPLICATE KEY UPDATE category = VALUES(category), status = VALUES(status), is_legacy = VALUES(is_legacy), priority = VALUES(priority), sender = VALUES(sender), published_at = VALUES(published_at);
INSERT INTO aws_notification_translations (notification_id, locale, title, executive_summary, content_html)
VALUES ('CmK22XtoalSIb1zFLUhH8', 'de', 'Astara IT Kunden Kontakt Plan Seasonal Sommer Angebote', '', '')
ON DUPLICATE KEY UPDATE title = VALUES(title), executive_summary = VALUES(executive_summary), content_html = VALUES(content_html);
INSERT INTO aws_notification_translations (notification_id, locale, title, executive_summary, content_html)
VALUES ('CmK22XtoalSIb1zFLUhH8', 'fr-CH', 'Astara Ital Client Contact Plan Seasonal Offres Été', '', '')
ON DUPLICATE KEY UPDATE title = VALUES(title), executive_summary = VALUES(executive_summary), content_html = VALUES(content_html);
INSERT INTO aws_notification_translations (notification_id, locale, title, executive_summary, content_html)
VALUES ('CmK22XtoalSIb1zFLUhH8', 'it-CH', 'Astara Ital Piano di Contatto cliente Offerte d\'estate', '', '')
ON DUPLICATE KEY UPDATE title = VALUES(title), executive_summary = VALUES(executive_summary), content_html = VALUES(content_html);
INSERT INTO aws_notification_brands (notification_id, brand_id)
VALUES ('CmK22XtoalSIb1zFLUhH8', 4)
ON DUPLICATE KEY UPDATE brand_id = VALUES(brand_id);
-- 3l3h0daL6PxqXpWYETuNO0
INSERT INTO aws_notifications (id_notification, category, status, is_legacy, priority, sender, published_at)
VALUES ('3l3h0daL6PxqXpWYETuNO0', 8, 'Published', 1, 1, 'Handover Import', '2025-09-22 13:27:02')
ON DUPLICATE KEY UPDATE category = VALUES(category), status = VALUES(status), is_legacy = VALUES(is_legacy), priority = VALUES(priority), sender = VALUES(sender), published_at = VALUES(published_at);
INSERT INTO aws_notification_translations (notification_id, locale, title, executive_summary, content_html)
VALUES ('3l3h0daL6PxqXpWYETuNO0', 'de', 'Astara Platform - Benachrichtigungsbereich', 'Anbei erhalten Sie Informationen zur neuesten Entwicklung der Astara Platform.\n\nMit dieser Neuerung können Sie schnell alle noch offenen Aufgaben überblicken, Empfehlungen erhalten, wie Sie den Verkaufsprozess beschleunigen können, sowie offene administrative Aufgaben einsehen. Die neuen Funktionen werden heute auf der Astara Platform freigeschaltet und stehen Ihnen ab sofort zur Verfügung.', '<p>Liebe Partner</p><p><br></p><p>Anbei erhalten Sie Informationen zur neuesten Entwicklung der Astara Platform.</p><p>Mit dieser Neuerung können Sie schnell alle noch offenen Aufgaben überblicken, Empfehlungen erhalten, wie Sie den Verkaufsprozess beschleunigen können, sowie offene administrative Aufgaben einsehen. Die neuen Funktionen werden heute auf der Astara Platform freigeschaltet und stehen Ihnen ab sofort zur Verfügung.</p><p><br></p><p><a href=\"https://scribehow.com/viewer/Benachrichtigungsbereich_in_der_Astara_Platform__8gEY24qESr26UAejfVoSlA\" rel=\"noopener noreferrer\" target=\"_blank\">Hier </a> finden Sie eine Schritt-für-Schritt-Anleitung in ScribeHow. Diese zeigt Ihnen verständlich, wie das Benachrichtigungsportal funktioniert und erklärt alles Schritt für Schritt. Sie können jederzeit darauf zugreifen</p><p><br></p><p><strong><u>1. Offene Anfragen&nbsp;</u></strong></p><p>Im ersten Fenster finden Sie alle offenen Anfragen, die Sie zeitnah erledigen können.</p><p><br></p><p>Inhalte:&nbsp;</p><ul><li>Neue digitale Leads</li><li>Kontaktanfragen</li><li>Probefahrtanfragen</li><li>Offertenanfragen</li><li>Finanzierungsanfragen</li></ul><p><br></p><p><br></p><p><strong><u>2. KI-Empfehlungen*</u></strong></p><p><strong>*KI = Künstliche Intelligenz</strong></p><p><br></p><p>Im zweiten Fenster finden Sie Kontakte, die von der internen Astara KI als besonders relevant eingestuft wurden – basierend auf ihrem Online-Verhalten und ihren Offline-Interaktionen. Gerne können Sie diese Aufgaben priorisieren und zeitnah mit den Kunden in Kontakt treten.</p><p><br></p><p>Inhalte:</p><ul><li>Digitale Offerte erhalten und hohe Aktivität in digitalen Kanälen</li><li>Digitale Offerte erhalten, eine Zeit lang inaktiv, kürzlich wieder auf der Webseite</li><li>Noch keine digitale Offerte erhalten, aber aktiv auf der Webseite</li><li>Zuvor kein Interesse, aber jetzt aktiv auf der Marken-Webseite</li><li>Hohe Aktivität bei der digitalen Offerte</li><li>Starkes Kaufinteresse</li></ul><p><br></p><p><strong><u>3. Offene Admin-Aufgaben</u></strong></p><p>Im dritten Fenster werden Ihnen die offenen administrativen Aufgaben angezeigt, die Sie noch zu erledigen haben.</p><p><br></p><p>Inhalte:</p><ul><li>Abgelehnte Verkaufskampagnen</li><li>Offene Bestellungen noch zu bestätigen</li><li>Offene Endkundenbestellungen noch zu bestätigen</li><li>Offene Fahrzeuge noch zu übertragen</li><li>Offene Bestellungen noch durch den Haupthändler zu genehmigen</li></ul><p><br></p><p>Mit der Aktivierung dieser Optionen behalten Sie jederzeit den Überblick über alle offenen Anfragen und können schneller reagieren, wodurch die Kundenzufriedenheit steigt, und keine Verkaufschance verloren geht. Die KI-Empfehlungen helfen Ihnen dabei, die wichtigsten Kontakte automatisch zu priorisieren und sich gezielt auf kaufbereite Interessenten zu konzentrieren – so arbeiten Sie effizienter und erhöhen Ihre Abschlussquote. Gleichzeitig sehen Sie alle noch offenen administrativen Aufgaben auf einen Blick, vermeiden Verzögerungen und sorgen für einen reibungslosen Verkaufsprozess.</p><p><br></p><p>Vielen Dank für Ihre Aufmerksamkeit.</p><p><br></p><p>Falls Sie Fragen oder Feedback haben, können Sie sich jederzeit gerne bei Ihrem Zonen Manager melden.</p><p><br></p><p>Ihr Digital &amp; Customer Experience Team</p>')
ON DUPLICATE KEY UPDATE title = VALUES(title), executive_summary = VALUES(executive_summary), content_html = VALUES(content_html);
INSERT INTO aws_notification_translations (notification_id, locale, title, executive_summary, content_html)
VALUES ('3l3h0daL6PxqXpWYETuNO0', 'fr-CH', 'Plateforme Astara - Centre de notifications', 'Veuillez trouver ci-joint des informations concernant la dernière évolution de la plateforme Astara.\n\nGrâce à cette évolution, vous pouvez maintenant rapidement avoir une vue d’ensemble sur toutes les tâches en attente, recevoir des recommandations pour accélérer le processus de vente et consulter les tâches administratives ouvertes. Les nouvelles fonctionnalités seront disponibles sur la plateforme Astara à partir du lundi 22 septembre\n', '<p>Chers partenaires,</p><p><br></p><p>Veuillez trouver ci-joint des informations concernant la dernière évolution de la plateforme Astara.</p><p><br></p><p>Grâce à cette évolution, vous pouvez maintenant rapidement avoir une vue d’ensemble sur toutes les tâches en attente, recevoir des recommandations pour accélérer le processus de vente et consulter les tâches administratives ouvertes. Les nouvelles fonctionnalités seront disponibles sur la plateforme Astara à partir du <strong>lundi 22 septembre</strong>.</p><p><br></p><p>Vous trouverez <a href=\"https://scribehow.com/viewer/Centre_de_notifications_sur_la_plateforme_Astara_FR__C2Y-strySqiBe-qQPCju6A?referrer=documents\" rel=\"noopener noreferrer\" target=\"_blank\">ici</a> un guide pas à pas dans ScribeHow. Ce guide vous explique de manière claire le fonctionnement du portail de notifications et décrit chaque étape. Vous pouvez y accéder à tout moment.</p><p><br></p><p><strong>1. Demandes en attente</strong></p><p>Dans la première fenêtre, vous trouverez toutes les demandes ouvertes que vous pouvez traiter rapidement.</p><p><br></p><p>Contenu :</p><ul><li>Nouveaux leads digitaux</li><li>Demandes de contact</li><li>Demandes d’essai de véhicule</li><li>Demandes d’offres</li><li>Demandes de financement</li></ul><p><br></p><p><strong>2. Recommandations de l’IA*</strong></p><p>*IA = Intelligence Artificielle</p><p>Dans la deuxième fenêtre, vous trouverez des contacts que l’IA interne d’Astara a identifiés comme particulièrement pertinents – sur la base de leur comportement en ligne et de leurs interactions hors ligne. Vous pouvez leur donner la priorité et les contacter rapidement.</p><p><br></p><p>Contenu :</p><ul><li>Offre digitale reçue et forte activité sur les canaux digitaux</li><li>Offre digitale reçue, période d’inactivité, puis retour récent sur le site web</li><li>Pas encore d’offre digitale reçue, mais activité sur le site web</li><li>Aucun intérêt auparavant, mais activité actuelle sur le site de la marque</li><li>Forte activité sur l’offre digitale</li><li>Intérêt d’achat marqué</li></ul><p><br></p><p><strong>3. Tâches administratives en attente</strong></p><p>Dans la troisième fenêtre, vous trouverez les tâches administratives&nbsp;qui restent à effectuer.</p><p><br></p><p>Contenu :</p><ul><li>Campagnes de vente refusées</li><li>Commandes ouvertes à confirmer</li><li>Commandes clients finaux ouvertes à confirmer</li><li>Véhicules en attente de transfert</li><li>Commandes ouvertes à approuver par le concessionnaire principal</li></ul><p>&nbsp;</p><p>Avec l’activation de ces options, vous gardez à tout moment une vue d’ensemble de toutes les demandes en attente et pouvez réagir plus rapidement, ce qui augmente la satisfaction client et évite toute perte d’opportunité commerciale. Les recommandations de l’IA vous aident à prioriser automatiquement les contacts les plus importants et à vous concentrer sur les prospects les plus susceptibles d’acheter – ce qui vous permet de travailler plus efficacement et d’augmenter votre taux de conversion. En parallèle, vous avez une vue claire sur toutes les tâches administratives encore en cours, ce qui vous aide à éviter les retards et à assurer un processus de vente fluide.</p><p>&nbsp;</p><p>Merci de votre attention.</p><p><br></p><p>Pour toute question ou tout retour, n’hésitez pas à contacter votre Responsable de zone.</p><p><br></p><p>Votre équipe Digital &amp; Customer Experience</p>')
ON DUPLICATE KEY UPDATE title = VALUES(title), executive_summary = VALUES(executive_summary), content_html = VALUES(content_html);
INSERT INTO aws_notification_translations (notification_id, locale, title, executive_summary, content_html)
VALUES ('3l3h0daL6PxqXpWYETuNO0', 'it-CH', 'Piattaforma Astara - Area di notifica', 'In allegato trovate le informazioni relative al più recente sviluppo della piattaforma Astara.\nCon questa novità potrete avere rapidamente una panoramica di tutte le attività ancora aperte, ricevere raccomandazioni su come accelerare il processo di vendita e visualizzare le attività amministrative in sospeso. Le nuove funzionalità saranno disponibili sulla piattaforma Astara a partire da lunedì 22 settembre. \n', '<p>Cari partner,</p><p><br></p><p>In allegato trovate le informazioni relative al più recente sviluppo della piattaforma Astara.</p><p>Con questa novità potrete avere rapidamente una panoramica di tutte le attività ancora aperte, ricevere raccomandazioni su come accelerare il processo di vendita e visualizzare le attività amministrative in sospeso. Le nuove funzionalità saranno disponibili sulla piattaforma Astara a partire da <strong>lunedì 22 settembre</strong>.</p><p><br></p><p><a href=\"https://scribehow.com/viewer/Area_di_notifica_nella_piattaforma_Astara_IT__MbGbK-hFRqyJfymJUEU_0A?referrer=documents\" rel=\"noopener noreferrer\" target=\"_blank\">Qui</a> trova una guida passo per passo in ScribeHow. Questa guida Le spiega in modo chiaro come funziona il portale delle notifiche e illustra ogni passaggio. Può accedervi in qualsiasi momento.</p><p><br></p><p><strong>1. Richieste aperte</strong></p><p>Nella prima finestra troverete tutte le richieste in sospeso che potete evadere tempestivamente.</p><p><br></p><p>Contenuto:</p><ul><li>Nuovi lead digitali</li><li>Richieste di contatto</li><li>Richieste di test drive</li><li>Richieste di offerte</li><li>Richieste di finanziamento</li></ul><p><br></p><p><strong>2. Raccomandazioni IA*</strong></p><p>*IA = Intelligenza Artificiale</p><p><br></p><p>Nella seconda finestra troverete i contatti che l’IA interna di Astara ha classificato come particolarmente rilevanti – sulla base del loro comportamento online e delle interazioni offline. Potrete dare priorità a queste attività e contattare rapidamente i clienti.</p><p><br></p><p>Contenuto:</p><ul><li>Offerta digitale ricevuta e forte attività sui canali digitali</li><li>Offerta digitale ricevuta, inattività per un periodo, recente ritorno sul sito web</li><li>Nessuna offerta digitale ricevuta, ma attività sul sito web</li><li>Nessun interesse precedente, ma ora attività sul sito del marchio</li><li>Elevata attività relativa all’offerta digitale</li><li>Forte interesse all’acquisto</li></ul><p><br></p><p><strong>3. Attività amministrative aperte</strong></p><p>Nella terza finestra vengono visualizzate le attività amministrative in sospeso che devono ancora essere completate.</p><p><br></p><p>Contenuto:</p><ul><li>Campagne di vendita rifiutate</li><li>Ordini aperti da confermare</li><li>Ordini dei clienti finali ancora da confermare</li><li>Veicoli da trasferire</li><li>Ordini aperti da approvare dal concessionario principale</li></ul><p>&nbsp;</p><p>Con l’attivazione di queste opzioni manterrete sempre una panoramica di tutte le richieste in sospeso e potrete reagire più rapidamente, aumentando così la soddisfazione dei clienti ed evitando di perdere opportunità di vendita. Le raccomandazioni dell’IA vi aiutano a dare automaticamente priorità ai contatti più importanti e a concentrarvi sui prospect pronti all’acquisto – lavorando così in modo più efficiente e aumentando il vostro tasso di chiusura. Allo stesso tempo, avrete una visione chiara di tutte le attività amministrative ancora aperte, evitando ritardi e garantendo un processo di vendita senza intoppi.</p><p>&nbsp;</p><p>Grazie per l’attenzione.</p><p><br></p><p>Per domande o feedback, non esitate a contattare il vostro Area Manager.</p><p><br></p><p>Il vostro team Digital &amp; Customer Experience</p>')
ON DUPLICATE KEY UPDATE title = VALUES(title), executive_summary = VALUES(executive_summary), content_html = VALUES(content_html);
INSERT INTO aws_notification_brands (notification_id, brand_id)
VALUES ('3l3h0daL6PxqXpWYETuNO0', 3)
ON DUPLICATE KEY UPDATE brand_id = VALUES(brand_id);
INSERT INTO aws_notification_brands (notification_id, brand_id)
VALUES ('3l3h0daL6PxqXpWYETuNO0', 5)
ON DUPLICATE KEY UPDATE brand_id = VALUES(brand_id);
INSERT INTO aws_notification_brands (notification_id, brand_id)
VALUES ('3l3h0daL6PxqXpWYETuNO0', 1)
ON DUPLICATE KEY UPDATE brand_id = VALUES(brand_id);
INSERT INTO aws_notification_brands (notification_id, brand_id)
VALUES ('3l3h0daL6PxqXpWYETuNO0', 6)
ON DUPLICATE KEY UPDATE brand_id = VALUES(brand_id);
INSERT INTO aws_notification_brands (notification_id, brand_id)
VALUES ('3l3h0daL6PxqXpWYETuNO0', 4)
ON DUPLICATE KEY UPDATE brand_id = VALUES(brand_id);
INSERT INTO aws_notification_brands (notification_id, brand_id)
VALUES ('3l3h0daL6PxqXpWYETuNO0', 10)
ON DUPLICATE KEY UPDATE brand_id = VALUES(brand_id);
INSERT INTO aws_notification_brands (notification_id, brand_id)
VALUES ('3l3h0daL6PxqXpWYETuNO0', 11)
ON DUPLICATE KEY UPDATE brand_id = VALUES(brand_id);
INSERT INTO aws_notification_brands (notification_id, brand_id)
VALUES ('3l3h0daL6PxqXpWYETuNO0', 7)
ON DUPLICATE KEY UPDATE brand_id = VALUES(brand_id);
-- 6VB0XWfRommgpBkU61sYuv
INSERT INTO aws_notifications (id_notification, category, status, is_legacy, priority, sender, published_at)
VALUES ('6VB0XWfRommgpBkU61sYuv', 8, 'Published', 1, 2, 'Handover Import', '2024-11-08 14:09:50')
ON DUPLICATE KEY UPDATE category = VALUES(category), status = VALUES(status), is_legacy = VALUES(is_legacy), priority = VALUES(priority), sender = VALUES(sender), published_at = VALUES(published_at);
INSERT INTO aws_notification_translations (notification_id, locale, title, executive_summary, content_html)
VALUES ('6VB0XWfRommgpBkU61sYuv', 'de', 'Auto Zürich – Lead-Management & Wichtige Hinweise', 'Wir freuen uns, Ihnen mitteilen zu können, dass die Auto Zürich erfolgreich gestartet ist und bereits grosses Interesse und qualifizierte Leads generiert. Vielen Dank, dass Sie uns dabei unterstützen, die qualifizierten Leads, die wir auf dieser Veranstaltung sammeln, nachzuverfolgen.', '<p>Liebe Handelspartner,</p><p>Wir freuen uns, Ihnen mitteilen zu können, dass die Auto Zürich erfolgreich gestartet ist und bereits grosses Interesse und qualifizierte Leads generiert. Vielen Dank, dass Sie uns dabei unterstützen, die qualifizierten Leads, die wir auf dieser Veranstaltung sammeln, nachzuverfolgen.</p><p>Bitte beachten Sie die folgenden Hinweise:</p><ol><li><strong>Lead-Notizen</strong></li></ol><ul><li>Bitte achten Sie auf den Notizbereich, die zusätzlichen Informationen zum interessierten Fahrzeug enthalten kann, um Ihre Interaktionen besser abzustimmen.</li></ul><ol><li><strong>Zeitnahe Nachverfolgung</strong></li></ol><ul><li>Bitte kontaktieren Sie alle Leads zeitnah und stellen Sie, wenn möglich, digitale Angebote für interessierte Kunden bereit.</li></ul><ol><li><strong>„Wettbewerb: Catch the Benefits“</strong></li></ol><ul><li>Bitte ignorieren Sie jeglichen Text in Bezug auf „Contest: Catch the Benefits“. Dieser Wettbewerb diente zur Steigerung der Sichtbarkeit unseres Standes. Testfahrt- und Angebotsanfragen bleiben jedoch echte, qualifizierte Leads.</li></ul><p>Wir danken Ihnen für Ihr Engagement und freuen uns, den bereits starken Start der Veranstaltung weiter auszubauen.</p><p>Mit freundlichen Grüssen,</p><p><strong>Ihr Digital Team</strong></p>')
ON DUPLICATE KEY UPDATE title = VALUES(title), executive_summary = VALUES(executive_summary), content_html = VALUES(content_html);
INSERT INTO aws_notification_translations (notification_id, locale, title, executive_summary, content_html)
VALUES ('6VB0XWfRommgpBkU61sYuv', 'fr-CH', 'Auto Zurich – Gestion des Leads & Rappels Importants', 'Nous avons le plaisir de vous annoncer que l’Auto Zurich a démarré avec succès, générant un intérêt important et des leads qualifiés. Merci de nous aider à suivre les leads qualifiés que nous collectons lors de cet événement.', '<p>Chers Partenaires,</p><p>Nous avons le plaisir de vous annoncer que l’Auto Zurich a démarré avec succès, générant un intérêt important et des leads qualifiés. Merci de nous aider à suivre les leads qualifiés que nous collectons lors de cet événement.</p><p>Veuillez prendre en compte les points suivants :</p><ol><li><strong>Notes de Leads</strong></li></ol><ul><li>Veuillez porter une attention particulière à la section des notes, qui peut contenir des informations supplémentaires sur le véhicule d’intérêt afin de mieux adapter vos interactions.</li></ul><ol><li><strong>Suivi en Temps Opportun</strong></li></ol><ul><li>Veuillez contacter tous les leads en temps voulu et, si possible, fournir des offres digitales aux clients intéressés.</li></ul><ol><li><strong>« Concours : Catch the Benefits »</strong></li></ol><ul><li>Ignorez tout texte lié au « Contest: Catch the Benefits », conçu pour améliorer la visibilité de notre stand. Les demandes d’essai ou de devis restent de véritables leads qualifiés.</li></ul><p>Nous vous remercions de votre engagement et nous réjouissons de poursuivre cet excellent début d’événement.</p><p>Cordialement,</p><p> <strong>Votre Équipe Digitale</strong></p>')
ON DUPLICATE KEY UPDATE title = VALUES(title), executive_summary = VALUES(executive_summary), content_html = VALUES(content_html);
INSERT INTO aws_notification_translations (notification_id, locale, title, executive_summary, content_html)
VALUES ('6VB0XWfRommgpBkU61sYuv', 'it-CH', 'Auto Zurich – Gestione Lead & Promemoria Importanti', 'Siamo lieti di comunicarvi che l\'Auto Zurich è iniziata con grande successo, generando un notevole interesse e contatti qualificati. Grazie per il vostro supporto nel seguire i contatti qualificati che stiamo raccogliendo durante questo evento.', '<p>Cari Partner,</p><p>Siamo lieti di comunicarvi che l\'Auto Zurich è iniziata con grande successo, generando un notevole interesse e contatti qualificati. Grazie per il vostro supporto nel seguire i contatti qualificati che stiamo raccogliendo durante questo evento.</p><p>Si prega di prendere nota dei seguenti punti:</p><ol><li><strong>Note sui Lead</strong></li></ol><ul><li>Prestate attenzione alla sezione note, che può contenere ulteriori informazioni sul veicolo di interesse per ottimizzare le vostre interazioni.</li></ul><ol><li><strong>Follow-Up Tempestivo</strong></li></ol><ul><li>Contattate tutti i lead tempestivamente e, ove possibile, fornite preventivi digitali ai clienti interessati.</li></ul><ol><li><strong>\"Concorso: Catch the Benefits\"</strong></li></ol><ul><li>Ignorate qualsiasi testo relativo al \" Contest: Catch the Benefits\", creato per aumentare la visibilità del nostro stand. Le richieste di Test Drive e Preventivi rimangono contatti qualificati autentici.</li></ul><p>Vi ringraziamo per il vostro impegno e non vediamo l\'ora di proseguire su questo forte slancio dell\'evento.</p><p>Cordiali saluti,</p><p> <strong>Il Vostro Team Digitale</strong></p>')
ON DUPLICATE KEY UPDATE title = VALUES(title), executive_summary = VALUES(executive_summary), content_html = VALUES(content_html);
INSERT INTO aws_notification_brands (notification_id, brand_id)
VALUES ('6VB0XWfRommgpBkU61sYuv', 3)
ON DUPLICATE KEY UPDATE brand_id = VALUES(brand_id);
INSERT INTO aws_notification_brands (notification_id, brand_id)
VALUES ('6VB0XWfRommgpBkU61sYuv', 5)
ON DUPLICATE KEY UPDATE brand_id = VALUES(brand_id);
INSERT INTO aws_notification_brands (notification_id, brand_id)
VALUES ('6VB0XWfRommgpBkU61sYuv', 1)
ON DUPLICATE KEY UPDATE brand_id = VALUES(brand_id);
INSERT INTO aws_notification_brands (notification_id, brand_id)
VALUES ('6VB0XWfRommgpBkU61sYuv', 6)
ON DUPLICATE KEY UPDATE brand_id = VALUES(brand_id);
INSERT INTO aws_notification_brands (notification_id, brand_id)
VALUES ('6VB0XWfRommgpBkU61sYuv', 4)
ON DUPLICATE KEY UPDATE brand_id = VALUES(brand_id);
INSERT INTO aws_notification_brands (notification_id, brand_id)
VALUES ('6VB0XWfRommgpBkU61sYuv', 10)
ON DUPLICATE KEY UPDATE brand_id = VALUES(brand_id);
INSERT INTO aws_notification_brands (notification_id, brand_id)
VALUES ('6VB0XWfRommgpBkU61sYuv', 11)
ON DUPLICATE KEY UPDATE brand_id = VALUES(brand_id);
INSERT INTO aws_notification_brands (notification_id, brand_id)
VALUES ('6VB0XWfRommgpBkU61sYuv', 7)
ON DUPLICATE KEY UPDATE brand_id = VALUES(brand_id);
-- 6n5Y8aiLeOq29dBPqCIMu2
INSERT INTO aws_notifications (id_notification, category, status, is_legacy, priority, sender, published_at)
VALUES ('6n5Y8aiLeOq29dBPqCIMu2', 8, 'Published', 1, 2, 'Handover Import', '2024-04-15 08:07:46')
ON DUPLICATE KEY UPDATE category = VALUES(category), status = VALUES(status), is_legacy = VALUES(is_legacy), priority = VALUES(priority), sender = VALUES(sender), published_at = VALUES(published_at);
INSERT INTO aws_notification_translations (notification_id, locale, title, executive_summary, content_html)
VALUES ('6n5Y8aiLeOq29dBPqCIMu2', 'de', 'Autolina-Integration auf Ihrer Händlerwebseite', 'Ab sofort können Sie Ihre Fahrzeuge bei Autolina auf Ihrer Händlerwebseite anzeigen lassen.', '<p><br></p><p>Wir freuen uns, Ihnen mitteilen zu können, dass Sie ab sofort zusätzlich die Möglichkeit haben, <strong>Ihre Fahrzeuge bei</strong> <strong>Autolina auf Ihrer Händlerwebseite</strong> anzeigen zu lassen (ohne Aufpreis).</p><p><br></p><p>Teilen Sie uns gerne über <strong>folgendes Formular Ihre Autolina ID (</strong><a href=\"https://docs.google.com/forms/d/e/1FAIpQLScGWyEEk94DPZu1XbyPSpICgXd8T1P8q5c0tZHkRtK9O7K2rg/viewform\" rel=\"noopener noreferrer\" target=\"_blank\"><strong>Formular</strong></a><strong>) mit</strong>, um die Integration umzusetzen.</p><p><br></p><p>Sofern Sie weiterhin Autoscout nutzen möchten, können Sie diese Nachricht ignorieren.</p><p><u>Bitte zu beachten:</u></p><p>1) Um doppelte Einträge zu vermeiden, werden auf Ihrer Webseite nur Autoscout <u>oder</u> Autolina Fahrzeuge angezeigt.</p><p>2) Auf der Marken-Website (Fiat.ch/Alfaromeo.ch usw.) werden nur die in <u>Autoscout</u> vorhandenen Fahrzeuge angezeigt. Wenn Sie also Autolina wählen, werden die Fahrzeuge nicht auf der Marken-Website sichtbar sein.</p>')
ON DUPLICATE KEY UPDATE title = VALUES(title), executive_summary = VALUES(executive_summary), content_html = VALUES(content_html);
INSERT INTO aws_notification_translations (notification_id, locale, title, executive_summary, content_html)
VALUES ('6n5Y8aiLeOq29dBPqCIMu2', 'fr-CH', 'Intégration Autolina sur le site web du concessionnaire', 'Désormais, vous pouvez afficher vos véhicules sur votre site web de concessionnaire via Autolina.', '<p><br></p><p>Nous sommes ravis de vous informer que désormais, vous avez également la possibilité <strong>d\'afficher vos véhicules sur votre site web de concessionnaire via Autolina</strong> (sans supplément de prix).</p><p><br></p><p>Veuillez nous fournir votre <strong>ID Autolina via le formulaire suivant</strong> (<a href=\"https://docs.google.com/forms/d/e/1FAIpQLScGWyEEk94DPZu1XbyPSpICgXd8T1P8q5c0tZHkRtK9O7K2rg/viewform\" rel=\"noopener noreferrer\" target=\"_blank\">Formulaire</a>) pour mettre en place l\'intégration.</p><p><br></p><p>Si vous souhaitez continuer à utiliser Autoscout, vous pouvez ignorer ce message.</p><p>Afin d\'éviter les doublons, seuls les véhicules Autoscout ou Autolina seront affichés sur votre site web.</p><p>Veuillez noter que :</p><p>1) Afin d\'éviter les doublons, seuls les véhicules Autoscout <u>ou</u> Autolina seront affichés sur votre site web.</p><p>2) Sur le site de la marque (Fiat.ch/Alfaromeo.ch, etc.), seuls les véhicules disponibles sur Autoscout seront affichés. Par conséquent, si vous choisissez Autolina, les véhicules ne seront pas affichés sur le site de la marque.</p><p><br></p>')
ON DUPLICATE KEY UPDATE title = VALUES(title), executive_summary = VALUES(executive_summary), content_html = VALUES(content_html);
INSERT INTO aws_notification_translations (notification_id, locale, title, executive_summary, content_html)
VALUES ('6n5Y8aiLeOq29dBPqCIMu2', 'it-CH', 'Integrazione Autolina sul sito web del concessionario', 'Da ora in poi è possibile visualizzare i propri veicoli sul proprio sito web del concessionario tramite Autolina', '<p><br></p><p>Siamo lieti di informarvi che ora avete la possibilità di <strong>visualizzare i vostri veicoli presenti in Autolina sul vostro Dealer Website </strong>(senza costi aggiuntivi).</p><p>&nbsp;</p><p>Vi preghiamo di fornirci il vostro <strong>ID Autolina</strong> <strong>tramite il seguente modulo </strong><a href=\"https://docs.google.com/forms/d/e/1FAIpQLScGWyEEk94DPZu1XbyPSpICgXd8T1P8q5c0tZHkRtK9O7K2rg/viewform\" rel=\"noopener noreferrer\" target=\"_blank\"><strong>(form</strong></a><strong>)</strong> per consentirci di eseguire l\'integrazione.</p><p>&nbsp;</p><p>Se desiderate continuare a utilizzare Autoscout, potete ignorare questo messaggio.</p><p>Si prega di notare che:</p><p>1) Per evitare doppioni, sul vostro Dealer Website verranno visualizzati solo i veicoli di Autoscout <u>oppure</u> Autolina, non entrambi.</p><p>2) Sul Brand Website (Fiat.ch/Alfaromeo.ch etc.), verranno visualizzati solo i veicoli disponibili in Autoscout. Quindi, se si sceglie Autolina i veicoli non saranno visibili sul Brand Website.</p>')
ON DUPLICATE KEY UPDATE title = VALUES(title), executive_summary = VALUES(executive_summary), content_html = VALUES(content_html);
INSERT INTO aws_notification_brands (notification_id, brand_id)
VALUES ('6n5Y8aiLeOq29dBPqCIMu2', 3)
ON DUPLICATE KEY UPDATE brand_id = VALUES(brand_id);
INSERT INTO aws_notification_brands (notification_id, brand_id)
VALUES ('6n5Y8aiLeOq29dBPqCIMu2', 5)
ON DUPLICATE KEY UPDATE brand_id = VALUES(brand_id);
INSERT INTO aws_notification_brands (notification_id, brand_id)
VALUES ('6n5Y8aiLeOq29dBPqCIMu2', 1)
ON DUPLICATE KEY UPDATE brand_id = VALUES(brand_id);
INSERT INTO aws_notification_brands (notification_id, brand_id)
VALUES ('6n5Y8aiLeOq29dBPqCIMu2', 4)
ON DUPLICATE KEY UPDATE brand_id = VALUES(brand_id);
-- 01GZ190ZKKW1YDCDE7XPZGCYV1
INSERT INTO aws_notifications (id_notification, category, status, is_legacy, priority, sender, published_at)
VALUES ('01GZ190ZKKW1YDCDE7XPZGCYV1', 8, 'Published', 1, 1, 'Handover Import', '2023-04-27 11:55:21')
ON DUPLICATE KEY UPDATE category = VALUES(category), status = VALUES(status), is_legacy = VALUES(is_legacy), priority = VALUES(priority), sender = VALUES(sender), published_at = VALUES(published_at);
INSERT INTO aws_notification_translations (notification_id, locale, title, executive_summary, content_html)
VALUES ('01GZ190ZKKW1YDCDE7XPZGCYV1', 'de', 'Automatisiertes E-Mail-Programm für potenzielle Kunden ', 'Unser Ziel ist es, potenzielle Kunden optimal anzusprechen, um ihre Zufriedenheit zu erhöhen und somit die Umwandlungsrate vom Interessenten zum Verkauf zu verbessern. Aus diesem Grund führen wir bis Ende April ein automatisiertes „Interessentenpflege“ für Leads ein, die über unsere Websites Interesse an Ihrer Garage bekundet haben. ', '')
ON DUPLICATE KEY UPDATE title = VALUES(title), executive_summary = VALUES(executive_summary), content_html = VALUES(content_html);
INSERT INTO aws_notification_translations (notification_id, locale, title, executive_summary, content_html)
VALUES ('01GZ190ZKKW1YDCDE7XPZGCYV1', 'fr-CH', 'Programme d\'e-mail automatisé pour clients potentiels', 'Notre objectif est d\'aborder les clients potentiels de manière optimale afin d\'augmenter leur satisfaction et d\'améliorer par conséquent le taux de conversion des prospects en ventes. Dans cette optique, nous prévoyons de mettre en place, d\'ici la fin du mois d\'avril, un système automatisé de \"gestion des prospects\" pour les clients qui ont manifesté leur intérêt pour votre concession via nos sites web.', '')
ON DUPLICATE KEY UPDATE title = VALUES(title), executive_summary = VALUES(executive_summary), content_html = VALUES(content_html);
INSERT INTO aws_notification_translations (notification_id, locale, title, executive_summary, content_html)
VALUES ('01GZ190ZKKW1YDCDE7XPZGCYV1', 'it-CH', 'Programma di email automatizzate per potenziali clienti', 'Il nostro obiettivo è raggiungere al meglio i potenziali clienti al fine di aumentare la loro soddisfazione e migliorare la conversione da interessati a vendita. Per questo motivo, fino alla fine di aprile, introdurremo un \"programma di gestione dei potenziali clienti\" automatizzato per coloro che hanno manifestato interesse nella vostra concessionaria attraverso i nostri siti web. ', '')
ON DUPLICATE KEY UPDATE title = VALUES(title), executive_summary = VALUES(executive_summary), content_html = VALUES(content_html);
INSERT INTO aws_notification_brands (notification_id, brand_id)
VALUES ('01GZ190ZKKW1YDCDE7XPZGCYV1', 6)
ON DUPLICATE KEY UPDATE brand_id = VALUES(brand_id);
-- 6GNVAjMx2w605PYTy7FdyU
INSERT INTO aws_notifications (id_notification, category, status, is_legacy, priority, sender, published_at)
VALUES ('6GNVAjMx2w605PYTy7FdyU', 8, 'Published', 1, 2, 'Handover Import', '2024-08-22 09:04:06')
ON DUPLICATE KEY UPDATE category = VALUES(category), status = VALUES(status), is_legacy = VALUES(is_legacy), priority = VALUES(priority), sender = VALUES(sender), published_at = VALUES(published_at);
INSERT INTO aws_notification_translations (notification_id, locale, title, executive_summary, content_html)
VALUES ('6GNVAjMx2w605PYTy7FdyU', 'de', 'Carmarket-Integration auf Ihrer Händlerwebseite', 'Ab sofort können Sie Ihre Fahrzeuge bei Carmarket auf Ihrer Händlerwebseite anzeigen lassen. ', '<p>Wir freuen uns, Ihnen mitteilen zu können, dass ab sofort die Möglichkeit besteht, den Automarktplatz „Carmarket“ auf Ihrer Dealer Website zu integrieren, um Ihre Fahrzeuge anzeigen zu lassen.</p><p><br></p><p>Warum Carmarket? Fünf gute Gründe:</p><p>1.	Carmarket ist derzeit der einzige Online-Automarktplatz, der nur Fahrzeuge von zertifizierten Händlern anbietet.</p><p>2.	Die Publikation Ihrer Fahrzeuge ist bis Ende 2025 kostenlos, beim Einsatz Carmarket‘s individualisierten Werbemittel.</p><p>3.	Carmarket bietet die Schnittstellen zu gängigen Applikationen an (z.B. auto-i-dat, Eurotax etc.).</p><p>4.	Aktuell sind über 28\'000 Fahrzeuge und 1000 Händler auf Carmarket.&nbsp;</p><p>5.	Die Plattform wird ständig weiterentwickelt und 2025 werden weitere Marketinginvestitionen vorgenommen.</p><p><br></p><p><strong>Um mit der Auswahl/Änderung des Marktplatzes fortzufahren, bitten wir Sie, das untenstehende Formular auszufüllen:</strong></p><p>-&gt; <a href=\"https://docs.google.com/forms/d/e/1FAIpQLScGWyEEk94DPZu1XbyPSpICgXd8T1P8q5c0tZHkRtK9O7K2rg/viewform\" rel=\"noopener noreferrer\" target=\"_blank\">Formular</a></p><p><br></p><p>Bitte zu beachten:</p><p>•	Sie können sich nur für die Integration eines der folgenden Marktplätze auf Ihrer Dealer Website entscheiden: AutoScout24, Autolina oder Carmarket.</p><p>•	Auf der Marken-Website (Alfaromeo.ch/Jeep.ch/Hyundai.ch usw.) sind momentan nur die in Autoscout24 vorhandenen Fahrzeuge angezeigt.&nbsp;Basierend auf der Anzahl Ihrer Anmeldungen auf den verschiedenen Marktplätzen werden wir zu gegebener Zeit entscheiden, welchen Anbieter wir für die Markenwebsite nutzen werden.</p><p>Freundliche Grüsse</p><p>Astara Digital Team</p>')
ON DUPLICATE KEY UPDATE title = VALUES(title), executive_summary = VALUES(executive_summary), content_html = VALUES(content_html);
INSERT INTO aws_notification_translations (notification_id, locale, title, executive_summary, content_html)
VALUES ('6GNVAjMx2w605PYTy7FdyU', 'fr-CH', 'Intégration Carmarket sur le site web concessionnaire', 'Désormais, vous pouvez afficher vos véhicules sur votre site web de concessionnaire via Carmarket.', '<p>Nous sommes heureux de vous informer qu\'il est désormais possible d\'intégrer la plateforme \"Carmarket\" sur votre site Web de concessionnaire afin d\'afficher vos véhicules.</p><p><br></p><p>Pourquoi choisir Carmarket? Cinq bonnes raisons.</p><p>1.	Carmarket est la seule plateforme qui ne propose que des véhicules de concessionnaires certifiés.&nbsp;</p><p>2.	La publication de vos véhicules est gratuite jusqu\'à fin 2025, en cas d\'utilisation de Carmarket supports publicitaires individualisés.&nbsp;</p><p>3.	Carmarket propose interfaces avec des applications courantes (p. ex. auto-i-dat, Eurotax, etc.)</p><p>4.	Plus de 28\'000 véhicules et 1000 agents présents sur Carmarket.</p><p>5.	Développement continu de la plateforme et nouveaux investissements marketing en 2025.</p><p><br></p><p><strong>Pour continuer avec la sélection/changement de la plateforme, veuillez remplir le formulaire ci-dessous.</strong></p><p>-&gt;	<a href=\"https://docs.google.com/forms/d/e/1FAIpQLScGWyEEk94DPZu1XbyPSpICgXd8T1P8q5c0tZHkRtK9O7K2rg/viewform\" rel=\"noopener noreferrer\" target=\"_blank\">Formulaire</a></p><p><br></p><p>Merci de noter:</p><p>•	Vous pouvez choisir d\'intégrer une seule plateforme suivants sur votre site Web de concessionnaire: AutoScout24, Autolina ou Carmarket.</p><p>•	Sur le site Web de la marque (Alfaromeo.ch/Jeep.ch, etc.), seuls les véhicules présents sur AutoScout24 sont actuellement affichés. En fonction du nombre de vos inscriptions sur les différents marchés, nous déciderons quel fournisseur utiliser pour le site Web de la marque.</p><p>Meilleures Salutations</p><p>Astara Digital Team</p>')
ON DUPLICATE KEY UPDATE title = VALUES(title), executive_summary = VALUES(executive_summary), content_html = VALUES(content_html);
INSERT INTO aws_notification_translations (notification_id, locale, title, executive_summary, content_html)
VALUES ('6GNVAjMx2w605PYTy7FdyU', 'it-CH', 'Integrazione Carmarket sul sito web del concessionario', 'Da ora in poi è possibile visualizzare i propri veicoli sul proprio sito web del concessionario tramite Carmarket.', '<p>Siamo lieti di informarvi che è ora possibile integrare la piattaforma \"Carmarket\" sul vostro sito web di concessionario per mostrare i vostri veicoli in stock.</p><p>Perché scegliere Carmarket? Cinque buone ragioni.</p><p>1. Carmarket è l’unica piattaforma online che offre solo veicoli di concessionari certificati.&nbsp;</p><p>2. La pubblicazione dei vostri veicoli è gratuita fino alla fine del 2025 se utilizzate i mezzi pubblicitari personalizzati di Carmarket.</p><p>3. Carmarket offre interfacce con diverse applicazioni (ad esempio auto-i-dat, Eurotax, ecc.).</p><p>4. Oltre 28 000 veicoli e 1000 concessionari presenti su Carmarket.</p><p>5. Sviluppo continuo della piattaforma e ulteriori investimenti in marketing nel 2025.</p><p><br></p><p><strong>Per continuare con la selezione/cambio della piattaforma, vi preghiamo di compilare il formulario sottostante:</strong></p><p class=\"ql-align-justify\">-&gt; <span style=\"color: rgb(33, 33, 33);\">è </span><a href=\"https://docs.google.com/forms/d/e/1FAIpQLScGWyEEk94DPZu1XbyPSpICgXd8T1P8q5c0tZHkRtK9O7K2rg/viewform\" rel=\"noopener noreferrer\" target=\"_blank\">Formulario</a></p><p><br></p><p>Si prega di notare:</p><p>•	È possibile scegliere di integrare solo una deille seguenti piattaforme sul vostro sito web di concessionario: AutoScout24, Autolina o Carmarket.</p><p>•	Sul sito web del Brand (Alfaromeo.ch/Jeep.ch, Hyundai.ch ecc.) al momento sono visualizzati solo i veicoli presenti su AutoScout24. A seconda del numero delle vostre iscrizioni alle diverse piattaforme, decideremo quale provider utilizzare per il sito web del Brand.</p><p><br></p><p>Cordiali Saluti,</p><p>Astara Digital Team</p>')
ON DUPLICATE KEY UPDATE title = VALUES(title), executive_summary = VALUES(executive_summary), content_html = VALUES(content_html);
INSERT INTO aws_notification_brands (notification_id, brand_id)
VALUES ('6GNVAjMx2w605PYTy7FdyU', 3)
ON DUPLICATE KEY UPDATE brand_id = VALUES(brand_id);
INSERT INTO aws_notification_brands (notification_id, brand_id)
VALUES ('6GNVAjMx2w605PYTy7FdyU', 5)
ON DUPLICATE KEY UPDATE brand_id = VALUES(brand_id);
INSERT INTO aws_notification_brands (notification_id, brand_id)
VALUES ('6GNVAjMx2w605PYTy7FdyU', 1)
ON DUPLICATE KEY UPDATE brand_id = VALUES(brand_id);
INSERT INTO aws_notification_brands (notification_id, brand_id)
VALUES ('6GNVAjMx2w605PYTy7FdyU', 6)
ON DUPLICATE KEY UPDATE brand_id = VALUES(brand_id);
INSERT INTO aws_notification_brands (notification_id, brand_id)
VALUES ('6GNVAjMx2w605PYTy7FdyU', 4)
ON DUPLICATE KEY UPDATE brand_id = VALUES(brand_id);
INSERT INTO aws_notification_brands (notification_id, brand_id)
VALUES ('6GNVAjMx2w605PYTy7FdyU', 7)
ON DUPLICATE KEY UPDATE brand_id = VALUES(brand_id);
-- 6CLMvg9pL4BjO0E8t27EDh
INSERT INTO aws_notifications (id_notification, category, status, is_legacy, priority, sender, published_at)
VALUES ('6CLMvg9pL4BjO0E8t27EDh', 8, 'Published', 1, 1, 'Handover Import', '2024-06-17 15:07:18')
ON DUPLICATE KEY UPDATE category = VALUES(category), status = VALUES(status), is_legacy = VALUES(is_legacy), priority = VALUES(priority), sender = VALUES(sender), published_at = VALUES(published_at);
INSERT INTO aws_notification_translations (notification_id, locale, title, executive_summary, content_html)
VALUES ('6CLMvg9pL4BjO0E8t27EDh', 'de', 'Click & Drive: Reservierungsplattform powered by Astara', 'Wir freuen uns, Ihnen die Click & Drive Reservierungsplattform vorstellen zu können. Diese Webseite, die exklusiv mit unseren Haupthändlern eingeführt wird, ist vollständig in unser Astara-CRM-System integriert und wurde entwickelt, um Ihnen einen weiteren Vertriebskanal zu bieten, über den Sie potenzielle Kunden ansprechen können, während Sie gleichzeitig einen reibungslosen Ablauf gewährleisten.', '<p>Liebe Partner</p><p>Wir freuen uns, Ihnen die Click &amp; Drive Reservierungsplattform vorstellen zu können. Diese Webseite, die exklusiv mit unseren Haupthändlern eingeführt wird, ist vollständig in unser Astara-CRM-System integriert und wurde entwickelt, um Ihnen einen weiteren Vertriebskanal zu bieten, über den Sie potenzielle Kunden ansprechen können, während Sie gleichzeitig einen reibungslosen Ablauf gewährleisten.</p><p><strong>Händler-Vorteile:</strong></p><ul><li><strong>Zugang zu hochqualifizierten Leads</strong>: Sie erhalten direkten Zugang zu Interessenten, die eine Reservierungsgebühr für ein bestimmtes Fahrzeug bezahlt haben - je nach Art der Anfrage.&nbsp;Diese hochqualifizierten Leads führen zu einer höheren Umsatzrate.</li><li><strong>Optimierter Bestellprozess: </strong>Integriert in unseren bestehenden Fahrzeugbestellprozessen in der Astara-Plattform, so dass keine Anpassungen des Arbeitsablaufs für Händler erforderlich sind. Sie können Ihre Bestellungen weiterhin wie bisher bearbeiten.</li><li><strong>Erweiterter Vertriebskanal</strong>: Bietet eine zusätzliche Möglichkeit, potenzielle Käufer über die traditionellen Ausstellungsbesuche hinaus anzusprechen und so die Marktreichweite und die Verkaufschancen zu erhöhen.</li><li><strong>Nutzung der bestehenden Prozesse</strong>: Um Komplexität zu vermeiden, stellen wir sicher, dass Click &amp; Drive vollständig in die Astara-Plattform integriert ist und dass es keine zusätzlichen Prozesse oder Anstrengungen seitens des Händlers gibt.</li></ul><p><strong>Kundenvorteile:</strong></p><ul><li><strong>Mühelose Fahrzeugsuche</strong>: Einfacher Suchprozess für Kunden, der es ihnen ermöglicht, das verfügbare Angebot zu erkunden, Optionen zu vergleichen und ihr bevorzugtes Fahrzeug für CHF 500 zu reservieren.</li><li><strong>Flexible Händlerauswahl</strong>: Kunden haben die Freiheit, ihren bevorzugten Händler aus unserem Netzwerk zu wählen. So können sie mit vertrauenswürdigen Partnern zusammenarbeiten und ein nahtloses und persönliches Kauferlebnis sicherstellen.</li><li><strong>Vorrangiger Zugang zu den gewünschten Fahrzeugen</strong>: Mit der Reservierung eines Fahrzeugs sichern sich die Kunden den vorrangigen Zugang zu ihrem Wunschmodell. Dies verringert das Risiko, dass der Lagerbestand erschöpft ist, und gewährleistet einen reibungslosen Transaktionsprozess.</li></ul><p>&nbsp;<strong>Gesamtziel von Click &amp; Drive:</strong></p><p>Unser übergeordnetes Ziel ist es, ein dynamisches digitales Ökosystem zu schaffen, das nicht nur nahtlose Fahrzeugreservierungen ermöglicht, sondern auch das Händlerinventar einbezieht.</p><p>Unser Ziel ist es, einen umfassenden Online-Marktplatz zu schaffen, der die Verkaufsmöglichkeiten für Händler und Kunden gleichermassen optimiert.</p><p><strong>Ablauf, Zeitplan und Händlerleitfaden:</strong></p><p>Schritt 1: Kunde wählt Fahrzeug aus</p><p>Schritt 2: CHF 500.- Zahlung oder Angebotsanfrage&nbsp;&nbsp;&nbsp;&nbsp;&nbsp;&nbsp;&nbsp;&nbsp;</p><p>Schritt 3: Kontakt mit dem Kunden&nbsp;&nbsp;&nbsp;&nbsp;&nbsp;&nbsp;&nbsp;&nbsp;&nbsp;</p><p>Schritt 4: Auslieferung des Fahrzeugs (Stock = 1 monat, PREvin = 4-8 monate)</p><p>Der Reservierungsbetrag ist nur eine Anzahlung und wird dem Kunden zurückerstattet, wenn er seine Bestellung fortsetzt oder storniert. Er wird nicht von Ihrer endgültigen Rechnung abgezogen, um Komplikationen zu vermeiden.</p><p>Wir haben auch einen übersichtlichen Händlerleitfaden erstellt, der Ihnen hilft, sich mühelos auf unserer Reservierungsplattform zurechtzufinden.</p><p>&nbsp;</p><p class=\"ql-align-center\"><a href=\"https://scribehow.com/page/Quick_Guides_or_Click_and_Drive_or_Astara_Webstore__IzJwsRl3RzmVZizaPlKtMQ\" rel=\"noopener noreferrer\" target=\"_blank\"><strong>LINK ZUM HÄNDLERLEITFADEN</strong></a></p><p><br></p><p>Am wichtigsten ist, dass Sie die folgenden Kontaktdaten angeben, um eine optimale Kundenbetreuung zu gewährleisten:</p><ul><li>12 Stunden, um eine Probefahrt-, Angebots- oder Reservierungsanfrage zu stellen.</li><li>72 Stunden für die Bestätigung oder Stornierung einer vom Webstore stammenden Bestellanfrage.</li></ul><p>Dieser Leitfaden ist vollgepackt mit wichtigen Anleitungen und Einblicken und stellt sicher, dass Sie das Beste aus unserer Plattform herausholen.</p><p>Wir freuen uns auf Ihr Engagement und Ihr Feedback, während wir die Funktionen weiter verfeinern und ausbauen.</p><p>&nbsp;</p><p class=\"ql-align-center\"><strong>DER STARTTERMIN IST GEPLANT 24.06.2024</strong></p><p class=\"ql-align-center\">&nbsp;</p><p>Vielen Dank für Ihre kontinuierliche Partnerschaft und Unterstützung.</p><p>Wenn Sie Fragen haben, steht Ihnen Ihr lokaler District Manager / Zonen Manager gerne zur Verfügung.</p>')
ON DUPLICATE KEY UPDATE title = VALUES(title), executive_summary = VALUES(executive_summary), content_html = VALUES(content_html);
INSERT INTO aws_notification_translations (notification_id, locale, title, executive_summary, content_html)
VALUES ('6CLMvg9pL4BjO0E8t27EDh', 'fr-CH', 'Click & Drive : plateforme de réservation', 'Nous avons le plaisir de vous présenter la plateforme de réservation Click & Drive. Ce site, lancé en exclusivité avec nos principaux concessionnaires, est entièrement intégré à notre système CRM Astara et a été conçu pour vous offrir un canal de vente supplémentaire vous permettant de cibler des clients potentiels tout en garantissant la fluidité des opérations.', '<p>Chers partenaires</p><p>Nous avons le plaisir de vous présenter la plateforme de réservation Click &amp; Drive. Ce site, lancé en exclusivité avec nos principaux concessionnaires, est entièrement intégré à notre système CRM Astara et a été conçu pour vous offrir un canal de vente supplémentaire vous permettant de cibler des clients potentiels tout en garantissant la fluidité des opérations.</p><p><strong>Avantages pour les revendeurs :</strong></p><ul><li>Accès à des leads hautement qualifiés : vous obtenez un accès direct à des prospects qui ont payé des frais de réservation pour un véhicule spécifique, selon le type de demande.&nbsp;Ces prospects hautement qualifiés se traduisent par un taux de vente plus élevé.</li><li>Processus de commande optimisé : intégré à notre processus de commande de véhicules existant sur la plateforme Astara, il n\'est pas nécessaire de modifier le flux de travail des concessionnaires. Vous pouvez continuer à traiter vos commandes comme avant.</li><li>Canal de vente étendu : Offre un moyen supplémentaire de cibler les acheteurs potentiels au-delà des visites traditionnelles des expositions, augmentant ainsi la portée du marché et les opportunités de vente.</li><li>Utilisation des processus existants : Pour éviter toute complexité, nous nous assurons que Click &amp; Drive soit entièrement intégré à la plateforme Astara et qu\'il n\'y a pas de processus ou d\'efforts supplémentaires de la part du distributeur.</li></ul><p><strong>Avantages pour le client :</strong></p><ul><li>Découverte de véhicules sans effort : processus simple de recherche de véhicules pour les clients, qui leur permet d\'explorer le stock disponible, de comparer les options et de réserver leur véhicule préféré pour 500 CHF.</li><li>Choix flexible du concessionnaire : Les clients ont la liberté de choisir leur concessionnaire préféré dans notre réseau. Ils peuvent ainsi travailler avec des partenaires de confiance et s\'assurer une expérience d\'achat transparente et personnalisée.</li><li>Accès prioritaire aux véhicules souhaités : en réservant un véhicule, les clients s\'assurent un accès prioritaire au modèle qu\'ils ont choisi. Cela réduit le risque d\'épuisement du stock et garantit un processus de transaction fluide.</li></ul><p><strong>Objectif global de Click &amp; Drive :</strong></p><p>Notre objectif global est de créer un écosystème numérique dynamique qui permet non seulement de réserver des véhicules de manière transparente, mais qui intègre également l\'inventaire du concessionnaire.</p><p>Notre objectif est de créer une place de marché en ligne complète qui optimise les possibilités de vente pour les concessionnaires comme pour les clients.</p><p><strong>Déroulement, calendrier et guide du commerçant :&nbsp;&nbsp;&nbsp;&nbsp;&nbsp;&nbsp;</strong></p><p>Étape 1 : Le client sélectionne le véhicule.&nbsp;&nbsp;&nbsp;&nbsp;&nbsp;&nbsp;&nbsp;&nbsp;&nbsp;&nbsp;</p><p>Étape 2 : paiement de 500 CHF ou demande de devis&nbsp;&nbsp;&nbsp;&nbsp;</p><p>Étape 3 : contact avec le client&nbsp;&nbsp;</p><p>Étape 4 : Livraison du véhicule (Stock = 1 mois, PREvin = 4-8 mois).</p><p>Le montant de la réservation n\'est qu\'un acompte et sera remboursé au client s\'il poursuit sa commande ou l\'annule. Il n\'est pas déduit de votre facture finale afin d\'éviter toute complication.</p><p>Nous avons également créé un guide du commerçant très clair pour vous aider à naviguer facilement sur notre plateforme de réservation.</p><p><br></p><p class=\"ql-align-center\"><a href=\"https://scribehow.com/page/Quick_Guides_or_Click_and_Drive_or_Astara_Webstore__IzJwsRl3RzmVZizaPlKtMQ\" rel=\"noopener noreferrer\" target=\"_blank\">LIEN VERS LE GUIDE DU COMMERÇANT</a></p><p class=\"ql-align-center\"><br></p><p>Le plus important est de fournir les informations de contact suivantes afin de garantir un service client optimal :</p><ul><li>12 heures pour faire une demande d\'essai, de devis ou de réservation.</li><li>72 heures pour confirmer ou annuler une demande de commande provenant du webstore.</li></ul><p>Ce guide est rempli d\'instructions et d\'informations importantes qui vous permettront de tirer le meilleur parti de notre plate-forme. N\'hésitez pas à le consulter afin de tirer le meilleur parti de cette opportunité passionnante.</p><p>Nous attendons avec impatience votre engagement et vos commentaires alors que nous continuons à affiner et à développer les fonctionnalités.</p><p><br></p><p class=\"ql-align-center\">LA DATE DE LANCEMENT EST PRÉVUE LE 24/06/2024</p><p class=\"ql-align-center\"><br></p><p>Nous vous remercions pour votre partenariat et votre soutien continus.</p><p>Si vous avez des questions, n\'hésitez pas à contacter votre District Manager / Zone Manager local.</p>')
ON DUPLICATE KEY UPDATE title = VALUES(title), executive_summary = VALUES(executive_summary), content_html = VALUES(content_html);
INSERT INTO aws_notification_translations (notification_id, locale, title, executive_summary, content_html)
VALUES ('6CLMvg9pL4BjO0E8t27EDh', 'it-CH', 'Click & Drive: piattaforma di prenotazione', 'siamo lieti di presentarle la piattaforma di prenotazione Click & Drive. Lanciato in esclusiva con i nostri concessionari principali, questo sito web è completamente integrato con il nostro sistema CRM Astara ed è stato progettato per fornirle un altro canale di vendita attraverso il quale può coinvolgere i potenziali clienti, garantendo al contempo un processo senza intoppi.', '<p>Cari partner</p><p>siamo lieti di presentarle la piattaforma di prenotazione Click &amp; Drive. Lanciato in esclusiva con i nostri concessionari principali, questo sito web è completamente integrato con il nostro sistema CRM Astara ed è stato progettato per fornirle un altro canale di vendita attraverso il quale può coinvolgere i potenziali clienti, garantendo al contempo un processo senza intoppi.</p><p><strong>Vantaggi per i concessionari:</strong></p><ul><li>Accesso a lead altamente qualificati: ottiene l\'accesso diretto a potenziali clienti che hanno pagato una quota di prenotazione per un veicolo specifico - a seconda del tipo di richiesta.&nbsp;Questi lead altamente qualificati portano a un tasso di vendita più elevato.</li><li>Processo di ordinazione ottimizzato: integrato nel nostro processo di ordinazione dei veicoli esistente nella piattaforma Astara, non richiede alcuna modifica del flusso di lavoro del concessionario. Può continuare a elaborare gli ordini come prima.</li><li>Canale di vendita potenziato: Offre un modo aggiuntivo per raggiungere i potenziali acquirenti, al di là delle tradizionali visite agli showroom, aumentando la portata del mercato e le opportunità di vendita.</li><li>Utilizzo dei processi esistenti: Per evitare complessità, ci assicuriamo che Click &amp; Drive sia completamente integrato nella piattaforma Astara e che non ci siano processi o sforzi aggiuntivi da parte del rivenditore.</li></ul><p><br></p><p><strong>Vantaggi per i clienti:</strong></p><ul><li>Scoperta del veicolo senza sforzo: processo di ricerca del veicolo semplice per i clienti, che consente loro di esplorare lo stock disponibile, confrontare le opzioni e prenotare il veicolo preferito per 500 franchi svizzeri.</li><li>Selezione flessibile del concessionario: I clienti hanno la libertà di scegliere il loro concessionario preferito dalla nostra rete. Questo permette di lavorare con partner di fiducia e di garantire un\'esperienza di acquisto perfetta e personalizzata.</li><li>Accesso prioritario ai veicoli desiderati: prenotando un veicolo, i clienti si assicurano un accesso prioritario al modello scelto. Questo riduce il rischio di esaurimento delle scorte e garantisce un processo di transazione senza intoppi.</li></ul><p><br></p><p><strong>Obiettivo generale di Click &amp; Drive:</strong></p><p>Il nostro obiettivo generale è quello di creare un ecosistema digitale dinamico che non solo permetta di prenotare i veicoli senza problemi, ma che incorpori anche l\'inventario dei concessionari.</p><p>Il nostro obiettivo è creare un mercato online completo che ottimizzi le opportunità di vendita per i concessionari e i clienti.</p><p><strong>Processo, tempistica e guida per i commercianti:&nbsp;&nbsp;&nbsp;&nbsp;</strong></p><p>Fase 1: Il cliente sceglie il veicolo&nbsp;&nbsp;&nbsp;&nbsp;&nbsp;&nbsp;&nbsp;&nbsp;&nbsp;&nbsp;&nbsp;&nbsp;&nbsp;</p><p>Fase 2: pagamento di 500 franchi svizzeri o richiesta di preventivo&nbsp;&nbsp;&nbsp;&nbsp;&nbsp;&nbsp;&nbsp;&nbsp;&nbsp;&nbsp;&nbsp;</p><p>Fase 3: contatto con il cliente&nbsp;&nbsp;&nbsp;&nbsp;&nbsp;</p><p>Fase 4: Consegna del veicolo (Stock = 1 mese, PREvin = 4-8 mesi)</p><p>L\'importo della prenotazione è solo un deposito e sarà rimborsato al cliente se continua o annulla l\'ordine. Non sarà dedotto dalla fattura finale per evitare complicazioni.</p><p>Abbiamo anche creato una chiara guida per i commercianti per aiutarla a navigare con facilità nella nostra piattaforma di prenotazione.</p><p><br></p><p class=\"ql-align-center\"><a href=\"https://scribehow.com/page/Quick_Guides_or_Click_and_Drive_or_Astara_Webstore__IzJwsRl3RzmVZizaPlKtMQ\" rel=\"noopener noreferrer\" target=\"_blank\">LINK ALLA GUIDA PER I COMMERCIANTI</a></p><p class=\"ql-align-center\"><br></p><p>Soprattutto, la preghiamo di fornire i seguenti dettagli di contatto per garantire un servizio clienti ottimale:</p><ul><li>12 ore per effettuare un test drive, un preventivo o una richiesta di prenotazione.</li><li>72 ore per confermare o annullare una richiesta d\'ordine proveniente dal webstore.</li></ul><p>Questa guida è ricca di importanti istruzioni e approfondimenti per assicurarsi di ottenere il massimo dalla nostra piattaforma. Si assicuri di consultarla per sfruttare al meglio questa entusiasmante opportunità.</p><p>Attendiamo il suo impegno e il suo feedback mentre continuiamo a perfezionare ed espandere le funzionalità.</p><p><br></p><p class=\"ql-align-center\"><strong>LA DATA DI LANCIO È PREVISTA PER IL 24/06/2024</strong></p><p class=\"ql-align-center\"><br></p><p>La ringraziamo per la sua continua collaborazione e il suo sostegno.</p><p>In caso di domande, il suo District Manager / Zone Manager locale sarà lieto di assisterla.</p>')
ON DUPLICATE KEY UPDATE title = VALUES(title), executive_summary = VALUES(executive_summary), content_html = VALUES(content_html);
INSERT INTO aws_notification_brands (notification_id, brand_id)
VALUES ('6CLMvg9pL4BjO0E8t27EDh', 3)
ON DUPLICATE KEY UPDATE brand_id = VALUES(brand_id);
INSERT INTO aws_notification_brands (notification_id, brand_id)
VALUES ('6CLMvg9pL4BjO0E8t27EDh', 5)
ON DUPLICATE KEY UPDATE brand_id = VALUES(brand_id);
INSERT INTO aws_notification_brands (notification_id, brand_id)
VALUES ('6CLMvg9pL4BjO0E8t27EDh', 1)
ON DUPLICATE KEY UPDATE brand_id = VALUES(brand_id);
INSERT INTO aws_notification_brands (notification_id, brand_id)
VALUES ('6CLMvg9pL4BjO0E8t27EDh', 6)
ON DUPLICATE KEY UPDATE brand_id = VALUES(brand_id);
INSERT INTO aws_notification_brands (notification_id, brand_id)
VALUES ('6CLMvg9pL4BjO0E8t27EDh', 4)
ON DUPLICATE KEY UPDATE brand_id = VALUES(brand_id);
INSERT INTO aws_notification_brands (notification_id, brand_id)
VALUES ('6CLMvg9pL4BjO0E8t27EDh', 7)
ON DUPLICATE KEY UPDATE brand_id = VALUES(brand_id);
-- 6Vmgq8vVgGCWvxZ88RONCy
INSERT INTO aws_notifications (id_notification, category, status, is_legacy, priority, sender, published_at)
VALUES ('6Vmgq8vVgGCWvxZ88RONCy', 8, 'Published', 1, 1, 'Handover Import', '2026-02-26 15:27:19')
ON DUPLICATE KEY UPDATE category = VALUES(category), status = VALUES(status), is_legacy = VALUES(is_legacy), priority = VALUES(priority), sender = VALUES(sender), published_at = VALUES(published_at);
INSERT INTO aws_notification_translations (notification_id, locale, title, executive_summary, content_html)
VALUES ('6Vmgq8vVgGCWvxZ88RONCy', 'de', 'DWS und Dealer Cockpit Rechnung - Januar 2026', 'SAP Fehler bei der Erstellung der Januar 2026 Rechnungen - kein Ausweis der Mehrwertsteuer', '<p>Geschätzte Partner,</p><p><br></p><p>Es tut uns Leid Sie darüber zu informieren, dass es bei der erneuten Erstellung der <strong>DWS + Dealer Cockpit Rechnungen für Janaur 2026</strong> zu einem Fehler kam und die Rechnungen ohne Ausweis der Mehrwertsteuer erstellt wurden.</p><p><br></p><p>Sie werden in den nächsten Tagen eine Gutschrift zu dieser Rechnung erhalten. Die korrekte Rechnung für Januar 2026 wird Ihnen nachgereicht.</p><p><br></p><p>Vielen Dank für Ihr Verständnis!</p>')
ON DUPLICATE KEY UPDATE title = VALUES(title), executive_summary = VALUES(executive_summary), content_html = VALUES(content_html);
INSERT INTO aws_notification_translations (notification_id, locale, title, executive_summary, content_html)
VALUES ('6Vmgq8vVgGCWvxZ88RONCy', 'fr-CH', 'Facture DWS et Dealer Cockpit - janvier 2026', 'Erreur SAP lors de la création des factures de janvier 2026 - aucune mention de la TVA', '<p>Chers partenaires,</p><p><br></p><p>Nous avons le regret de vous informer qu\'une erreur s\'est produite lors de la réémission des <strong>factures DWS + Dealer Cockpit pour janvier 2026</strong> et que celles-ci ont été établies sans mentionner la taxe sur la valeur ajoutée.</p><p><br></p><p>Vous recevrez un avoir pour cette facture dans les prochains jours. La facture correcte pour janvier 2026 vous sera envoyée ultérieurement.</p><p><br></p><p>Merci de votre compréhension !</p>')
ON DUPLICATE KEY UPDATE title = VALUES(title), executive_summary = VALUES(executive_summary), content_html = VALUES(content_html);
INSERT INTO aws_notification_translations (notification_id, locale, title, executive_summary, content_html)
VALUES ('6Vmgq8vVgGCWvxZ88RONCy', 'it-CH', 'Fattura DWS e Dealer Cockpit - gennaio 2026', 'Errore SAP nella creazione delle fatture di gennaio 2026 - nessuna indicazione dell\'IVA', '<p>Gentili partner,</p><p><br></p><p>Siamo spiacenti di informarvi che durante la rigenerazione delle <strong>fatture DWS + Dealer Cockpit per gennaio 2026</strong> si è verificato un errore e le fatture sono state emesse senza l\'indicazione dell\'IVA.</p><p><br></p><p>Nei prossimi giorni riceverete un accredito relativo a questa fattura. La fattura corretta per gennaio 2026 vi sarà inviata in un secondo momento.</p><p><br></p><p>Grazie per la vostra comprensione!</p>')
ON DUPLICATE KEY UPDATE title = VALUES(title), executive_summary = VALUES(executive_summary), content_html = VALUES(content_html);
INSERT INTO aws_notification_brands (notification_id, brand_id)
VALUES ('6Vmgq8vVgGCWvxZ88RONCy', 6)
ON DUPLICATE KEY UPDATE brand_id = VALUES(brand_id);
-- 7qTyzE9XaTd4zaIPfG0B5v
INSERT INTO aws_notifications (id_notification, category, status, is_legacy, priority, sender, published_at)
VALUES ('7qTyzE9XaTd4zaIPfG0B5v', 8, 'Published', 1, 2, 'Handover Import', '2026-02-18 09:30:17')
ON DUPLICATE KEY UPDATE category = VALUES(category), status = VALUES(status), is_legacy = VALUES(is_legacy), priority = VALUES(priority), sender = VALUES(sender), published_at = VALUES(published_at);
INSERT INTO aws_notification_translations (notification_id, locale, title, executive_summary, content_html)
VALUES ('7qTyzE9XaTd4zaIPfG0B5v', 'de', 'DWS und Dealer Cockpit Rechnung - Januar 2026', 'Bei der Verarbeitung der DWS- und Dealer Cockpit Rechnungen für Januar 2026 ist ein Fehler in SAP aufgetreten. Eine Gutschrift wurde erstellt; die korrigierte Rechnung folgt nach Behebung des Problems.', '<p>Geschätzte Partner,</p><p><br></p><p>Für die <strong>DWS + Dealer Cockpit Rechnungen</strong> <strong>Januar 2026</strong> kam es bei der Verarbeitung der Dateien in SAP leider zu einem Fehler. Aus diesem Grund erhalten Sie eine Gutschrift zu dieser Rechnung in den nächsten Tagen.</p><p><br></p><p>Nach Behebung des Problems wird die korrigierte Rechnung für Januar 2026 zeitnah nachgereicht.</p><p><br></p><p>Vielen Dank für Ihr Verständnis!</p>')
ON DUPLICATE KEY UPDATE title = VALUES(title), executive_summary = VALUES(executive_summary), content_html = VALUES(content_html);
INSERT INTO aws_notification_translations (notification_id, locale, title, executive_summary, content_html)
VALUES ('7qTyzE9XaTd4zaIPfG0B5v', 'fr-CH', 'Facture DWS et Dealer Cockpit - janvier 2026', 'Une erreur s\'est produite dans SAP lors du traitement des factures DWS et Dealer Cockpit pour janvier 2026. Un avoir est en cours de création ; la facture corrigée sera envoyée une fois le problème résolu.', '<p>Chers partenaires,</p><p><br></p><p>Une erreur s\'est malheureusement produite lors du traitement des fichiers dans SAP pour les <strong>factures DWS + Dealer Cockpit</strong> <strong>de janvier 2026</strong>. C\'est pourquoi vous recevrez un avoir pour cette facture dans les prochains jours.</p><p><br></p><p>Une fois le problème résolu, la facture corrigée pour janvier 2026 vous sera envoyée dans les plus brefs délais.</p><p><br></p><p>Nous vous remercions de votre compréhension !</p>')
ON DUPLICATE KEY UPDATE title = VALUES(title), executive_summary = VALUES(executive_summary), content_html = VALUES(content_html);
INSERT INTO aws_notification_translations (notification_id, locale, title, executive_summary, content_html)
VALUES ('7qTyzE9XaTd4zaIPfG0B5v', 'it-CH', 'Fattura DWS e Dealer Cockpit - gennaio 2026', 'Durante l\'elaborazione delle fatture DWS e Dealer Cockpit per gennaio 2026 si è verificato un errore in SAP. Verrà emesso un accredito; la fattura corretta seguirà dopo la risoluzione del problema.', '<p>Gentili partner,</p><p><br></p><p>Purtroppo, durante l\'elaborazione dei file in SAP, si è verificato un errore nelle <strong>fatture DWS + Dealer Cockpit</strong> <strong>di gennaio 2026</strong>. Per questo motivo, nei prossimi giorni riceverete un accredito relativo a tale fattura.</p><p><br></p><p>Una volta risolto il problema, la fattura corretta per gennaio 2026 verrà inviata tempestivamente.</p><p><br></p><p>Grazie per la vostra comprensione!</p>')
ON DUPLICATE KEY UPDATE title = VALUES(title), executive_summary = VALUES(executive_summary), content_html = VALUES(content_html);
INSERT INTO aws_notification_brands (notification_id, brand_id)
VALUES ('7qTyzE9XaTd4zaIPfG0B5v', 6)
ON DUPLICATE KEY UPDATE brand_id = VALUES(brand_id);
INSERT INTO aws_notification_brands (notification_id, brand_id)
VALUES ('7qTyzE9XaTd4zaIPfG0B5v', 10)
ON DUPLICATE KEY UPDATE brand_id = VALUES(brand_id);
INSERT INTO aws_notification_brands (notification_id, brand_id)
VALUES ('7qTyzE9XaTd4zaIPfG0B5v', 11)
ON DUPLICATE KEY UPDATE brand_id = VALUES(brand_id);
INSERT INTO aws_notification_brands (notification_id, brand_id)
VALUES ('7qTyzE9XaTd4zaIPfG0B5v', 7)
ON DUPLICATE KEY UPDATE brand_id = VALUES(brand_id);
-- 4Ar4JiE75RPEdvS8Ic2ffD
INSERT INTO aws_notifications (id_notification, category, status, is_legacy, priority, sender, published_at)
VALUES ('4Ar4JiE75RPEdvS8Ic2ffD', 8, 'Published', 1, 0, 'Handover Import', '2024-11-08 15:21:21')
ON DUPLICATE KEY UPDATE category = VALUES(category), status = VALUES(status), is_legacy = VALUES(is_legacy), priority = VALUES(priority), sender = VALUES(sender), published_at = VALUES(published_at);
INSERT INTO aws_notification_translations (notification_id, locale, title, executive_summary, content_html)
VALUES ('4Ar4JiE75RPEdvS8Ic2ffD', 'de', 'Dealer Adoption Dashboard', 'Ab sofort können Sie Ihren KPI-Status für die Dealer Adoption direkt in der Astara-Plattform einsehen. ', '<p>Diese Diagramme zeigen die wichtigsten KPIs für die Dealer Adoption in Echtzeit (einschliesslich der Zielerreichungsraten neben jedem KPI).</p><p>Sie können diesen Bericht hier einsehen: <strong>Menü --&gt; Berichte --&gt; Dashboards --&gt; Dealer Adoption Dahsboard</strong> (erstellt von Iván Gil).&nbsp;</p><p><br></p><p>Über den Link unten in jedem Diagramm können Sie jederzeit die Liste der Leads einsehen.</p><p>Dieses neue Dashboard soll mehr Transparenz bei den KPIs der Dealer Adoption bieten.</p><p>Zu beachten:</p><p>Jeder Händler (Haupthändler oder Subhändler) hat ein eigenes Dashboard. Haupthändler sehen die Leads ihrer Subhändler nicht in ihrem eigenen Konto.</p><p>Bei Fragen oder Anmerkungen zum Dashboard wenden Sie sich bitte an Ihren Zonen- oder Business-Manager.</p><p>&nbsp;</p><p>Freundliche Grüsse,</p><p>Ihr Astara Digital Team</p>')
ON DUPLICATE KEY UPDATE title = VALUES(title), executive_summary = VALUES(executive_summary), content_html = VALUES(content_html);
INSERT INTO aws_notification_translations (notification_id, locale, title, executive_summary, content_html)
VALUES ('4Ar4JiE75RPEdvS8Ic2ffD', 'fr-CH', 'Dealer Adoption Dashboard', 'Vous pouvez désormais consulter le statut de vos KPI pour Dealer Adoption directement sur la plateforme Astara.  ', '<p>Ces graphiques montrent les principaux KPI pour l\'adoption par les dealers en temps réel (y compris les taux de réalisation des objectifs à côté de chaque KPI).&nbsp;</p><p>Vous pouvez consulter ce rapport ici :&nbsp;<strong>Menü --&gt; Rapports --&gt; Panneaux --&gt; Dealer Adoption Dahsboard</strong> (Créé par Iván Gil).</p><p><br></p><p>En cliquant sur le lien en bas de chaque graphique, vous pouvez à tout moment consulter la liste des prospects.</p><p>Ce nouveau tableau de bord a pour but d\'offrir plus de transparence sur les KPI de Dealer Adoption.</p><p>A noter :&nbsp;</p><p>Chaque concessionnaire (principal ou sous-concessionnaire) dispose de son propre tableau de bord. Les revendeurs principaux ne voient pas les prospects de leurs sous-revendeurs dans leur propre compte.</p><p>&nbsp;</p><p>Si vous avez des questions ou des commentaires sur le tableau de bord, veuillez contacter votre responsable de zone ou votre responsable commercial.&nbsp;</p><p>&nbsp;</p><p>Cordialement,</p><p>Votre Astara Digital Team</p>')
ON DUPLICATE KEY UPDATE title = VALUES(title), executive_summary = VALUES(executive_summary), content_html = VALUES(content_html);
INSERT INTO aws_notification_translations (notification_id, locale, title, executive_summary, content_html)
VALUES ('4Ar4JiE75RPEdvS8Ic2ffD', 'it-CH', 'Dealer Adoption Dashboard', 'Ora può visualizzare lo stato dei suoi KPI per la Dealer Adoption direttamente nella piattaforma Astara. ', '<p>Questi grafici mostrano i KPI più importanti per la Dealer Adoption in tempo reale (compresi i tassi di raggiungimento degli obiettivi accanto a ciascun KPI).</p><p>Può visualizzare questo report qui: <strong>Menü --&gt; Berichte --&gt; Dashboards --&gt; Dealer Adoption Dahsboard</strong> (Creato da Iván Gil).</p><p><br></p><p>Può visualizzare l\'elenco dei lead in qualsiasi momento tramite il link in fondo a ciascun grafico.</p><p>Questo nuovo dashboard è stato progettato per fornire maggiore trasparenza sui KPI di Dealer Adoption.</p><p>Da notare:</p><p>Ogni concessionario (concessionario principale o subconcessionario) ha il proprio dashboard. I concessionari principali non vedono i lead dei loro sub-dealer nel proprio account.</p><p>Per qualsiasi domanda o commento sul dashboard, la preghiamo di contattare il suo responsabile di zona o il suo business manager.</p><p>&nbsp;</p><p>Cordiali saluti,</p><p>Il tuo team di Astara Digital</p>')
ON DUPLICATE KEY UPDATE title = VALUES(title), executive_summary = VALUES(executive_summary), content_html = VALUES(content_html);
INSERT INTO aws_notification_brands (notification_id, brand_id)
VALUES ('4Ar4JiE75RPEdvS8Ic2ffD', 3)
ON DUPLICATE KEY UPDATE brand_id = VALUES(brand_id);
INSERT INTO aws_notification_brands (notification_id, brand_id)
VALUES ('4Ar4JiE75RPEdvS8Ic2ffD', 5)
ON DUPLICATE KEY UPDATE brand_id = VALUES(brand_id);
INSERT INTO aws_notification_brands (notification_id, brand_id)
VALUES ('4Ar4JiE75RPEdvS8Ic2ffD', 1)
ON DUPLICATE KEY UPDATE brand_id = VALUES(brand_id);
INSERT INTO aws_notification_brands (notification_id, brand_id)
VALUES ('4Ar4JiE75RPEdvS8Ic2ffD', 6)
ON DUPLICATE KEY UPDATE brand_id = VALUES(brand_id);
INSERT INTO aws_notification_brands (notification_id, brand_id)
VALUES ('4Ar4JiE75RPEdvS8Ic2ffD', 4)
ON DUPLICATE KEY UPDATE brand_id = VALUES(brand_id);
INSERT INTO aws_notification_brands (notification_id, brand_id)
VALUES ('4Ar4JiE75RPEdvS8Ic2ffD', 10)
ON DUPLICATE KEY UPDATE brand_id = VALUES(brand_id);
INSERT INTO aws_notification_brands (notification_id, brand_id)
VALUES ('4Ar4JiE75RPEdvS8Ic2ffD', 11)
ON DUPLICATE KEY UPDATE brand_id = VALUES(brand_id);
INSERT INTO aws_notification_brands (notification_id, brand_id)
VALUES ('4Ar4JiE75RPEdvS8Ic2ffD', 7)
ON DUPLICATE KEY UPDATE brand_id = VALUES(brand_id);
-- 6Fc2y11wTtpBSP5EHIWsR6
INSERT INTO aws_notifications (id_notification, category, status, is_legacy, priority, sender, published_at)
VALUES ('6Fc2y11wTtpBSP5EHIWsR6', 8, 'Published', 1, 2, 'Handover Import', '2023-07-12 13:06:37')
ON DUPLICATE KEY UPDATE category = VALUES(category), status = VALUES(status), is_legacy = VALUES(is_legacy), priority = VALUES(priority), sender = VALUES(sender), published_at = VALUES(published_at);
INSERT INTO aws_notification_translations (notification_id, locale, title, executive_summary, content_html)
VALUES ('6Fc2y11wTtpBSP5EHIWsR6', 'de', 'Der neue astara Platform Konfigurator - How-To Guide', 'Eine kurze Anleitung zu der aktualisierten Benutzeroberfläche des Konfigurators.', '')
ON DUPLICATE KEY UPDATE title = VALUES(title), executive_summary = VALUES(executive_summary), content_html = VALUES(content_html);
INSERT INTO aws_notification_translations (notification_id, locale, title, executive_summary, content_html)
VALUES ('6Fc2y11wTtpBSP5EHIWsR6', 'fr-CH', 'Le nouveau configurateur - How-To Guide', 'Veuillez trouver ci-joint un bref guide contentant les modifications les plus importantes apportées à l\'interface utilisateur du configurateur.', '')
ON DUPLICATE KEY UPDATE title = VALUES(title), executive_summary = VALUES(executive_summary), content_html = VALUES(content_html);
INSERT INTO aws_notification_translations (notification_id, locale, title, executive_summary, content_html)
VALUES ('6Fc2y11wTtpBSP5EHIWsR6', 'it-CH', 'Il nuovo configuratore - How-To Guide', 'Di seguito troverà una breve guida alle modifiche apportate all\'interfaccia utente del configuratore.', '')
ON DUPLICATE KEY UPDATE title = VALUES(title), executive_summary = VALUES(executive_summary), content_html = VALUES(content_html);
INSERT INTO aws_notification_brands (notification_id, brand_id)
VALUES ('6Fc2y11wTtpBSP5EHIWsR6', 7)
ON DUPLICATE KEY UPDATE brand_id = VALUES(brand_id);
-- 6IhrZeQDUy1t6ReCzLX3vc
INSERT INTO aws_notifications (id_notification, category, status, is_legacy, priority, sender, published_at)
VALUES ('6IhrZeQDUy1t6ReCzLX3vc', 8, 'Published', 1, 2, 'Handover Import', '2023-07-12 13:06:52')
ON DUPLICATE KEY UPDATE category = VALUES(category), status = VALUES(status), is_legacy = VALUES(is_legacy), priority = VALUES(priority), sender = VALUES(sender), published_at = VALUES(published_at);
INSERT INTO aws_notification_translations (notification_id, locale, title, executive_summary, content_html)
VALUES ('6IhrZeQDUy1t6ReCzLX3vc', 'de', 'Der neue astara Platform Konfigurator - How-To', 'Eine kurze Anleitung zu der aktualisierten Benutzeroberfläche des Konfigurators.', '')
ON DUPLICATE KEY UPDATE title = VALUES(title), executive_summary = VALUES(executive_summary), content_html = VALUES(content_html);
INSERT INTO aws_notification_translations (notification_id, locale, title, executive_summary, content_html)
VALUES ('6IhrZeQDUy1t6ReCzLX3vc', 'fr-CH', 'Le nouveau astara configurateur - How-To', 'Veuillez trouver ci-joint un bref guide contentant les modifications les plus importantes apportées à l\'interface utilisateur du configurateur.', '')
ON DUPLICATE KEY UPDATE title = VALUES(title), executive_summary = VALUES(executive_summary), content_html = VALUES(content_html);
INSERT INTO aws_notification_translations (notification_id, locale, title, executive_summary, content_html)
VALUES ('6IhrZeQDUy1t6ReCzLX3vc', 'it-CH', 'Nuovo configuratore della piattaforma astara - How-To', 'di seguito troverà una breve guida alle modifiche apportate all\'interfaccia utente del configuratore.', '')
ON DUPLICATE KEY UPDATE title = VALUES(title), executive_summary = VALUES(executive_summary), content_html = VALUES(content_html);
INSERT INTO aws_notification_brands (notification_id, brand_id)
VALUES ('6IhrZeQDUy1t6ReCzLX3vc', 6)
ON DUPLICATE KEY UPDATE brand_id = VALUES(brand_id);
-- 1UID4MAXP2k6hAfaGyLOi5
INSERT INTO aws_notifications (id_notification, category, status, is_legacy, priority, sender, published_at)
VALUES ('1UID4MAXP2k6hAfaGyLOi5', 8, 'Published', 1, 1, 'Handover Import', '2023-07-14 11:32:27')
ON DUPLICATE KEY UPDATE category = VALUES(category), status = VALUES(status), is_legacy = VALUES(is_legacy), priority = VALUES(priority), sender = VALUES(sender), published_at = VALUES(published_at);
INSERT INTO aws_notification_translations (notification_id, locale, title, executive_summary, content_html)
VALUES ('1UID4MAXP2k6hAfaGyLOi5', 'de', 'Der neue astara Platform Konfigurator', 'Eine kurze Anleitung zu der aktualisierten Benutzeroberfläche des Konfigurators.', '')
ON DUPLICATE KEY UPDATE title = VALUES(title), executive_summary = VALUES(executive_summary), content_html = VALUES(content_html);
INSERT INTO aws_notification_translations (notification_id, locale, title, executive_summary, content_html)
VALUES ('1UID4MAXP2k6hAfaGyLOi5', 'fr-CH', 'Le nouveau Astara Platform configurateur', 'Veuillez trouver ci-joint un bref guide contentant les modifications les plus importantes apportées à l\'interface utilisateur du configurateur.', '')
ON DUPLICATE KEY UPDATE title = VALUES(title), executive_summary = VALUES(executive_summary), content_html = VALUES(content_html);
INSERT INTO aws_notification_translations (notification_id, locale, title, executive_summary, content_html)
VALUES ('1UID4MAXP2k6hAfaGyLOi5', 'it-CH', 'Nuovo configuratore della piattaforma Astara', 'Di seguito troverà una breve guida alle modifiche apportate all\'interfaccia utente del configuratore.', '')
ON DUPLICATE KEY UPDATE title = VALUES(title), executive_summary = VALUES(executive_summary), content_html = VALUES(content_html);
INSERT INTO aws_notification_brands (notification_id, brand_id)
VALUES ('1UID4MAXP2k6hAfaGyLOi5', 5)
ON DUPLICATE KEY UPDATE brand_id = VALUES(brand_id);
-- 3TylvdJWZcakqPOO8MYeCl
INSERT INTO aws_notifications (id_notification, category, status, is_legacy, priority, sender, published_at)
VALUES ('3TylvdJWZcakqPOO8MYeCl', 8, 'Published', 1, 1, 'Handover Import', '2023-07-14 11:30:32')
ON DUPLICATE KEY UPDATE category = VALUES(category), status = VALUES(status), is_legacy = VALUES(is_legacy), priority = VALUES(priority), sender = VALUES(sender), published_at = VALUES(published_at);
INSERT INTO aws_notification_translations (notification_id, locale, title, executive_summary, content_html)
VALUES ('3TylvdJWZcakqPOO8MYeCl', 'de', 'Der neue astara Platform Konfigurator', 'Eine kurze Anleitung zu der aktualisierten Benutzeroberfläche des Konfigurators.', '')
ON DUPLICATE KEY UPDATE title = VALUES(title), executive_summary = VALUES(executive_summary), content_html = VALUES(content_html);
INSERT INTO aws_notification_translations (notification_id, locale, title, executive_summary, content_html)
VALUES ('3TylvdJWZcakqPOO8MYeCl', 'fr-CH', 'Le nouveau Astara Platform configurateur', 'Veuillez trouver ci-joint un bref guide contentant les modifications les plus importantes apportées à l\'interface utilisateur du configurateur.', '')
ON DUPLICATE KEY UPDATE title = VALUES(title), executive_summary = VALUES(executive_summary), content_html = VALUES(content_html);
INSERT INTO aws_notification_translations (notification_id, locale, title, executive_summary, content_html)
VALUES ('3TylvdJWZcakqPOO8MYeCl', 'it-CH', 'Nuovo configuratore della piattaforma Astara', 'Di seguito troverà una breve guida alle modifiche apportate all\'interfaccia utente del configuratore.', '')
ON DUPLICATE KEY UPDATE title = VALUES(title), executive_summary = VALUES(executive_summary), content_html = VALUES(content_html);
INSERT INTO aws_notification_brands (notification_id, brand_id)
VALUES ('3TylvdJWZcakqPOO8MYeCl', 1)
ON DUPLICATE KEY UPDATE brand_id = VALUES(brand_id);
-- 5yLLkYxbJrzc28MujFwAJZ
INSERT INTO aws_notifications (id_notification, category, status, is_legacy, priority, sender, published_at)
VALUES ('5yLLkYxbJrzc28MujFwAJZ', 8, 'Published', 1, 1, 'Handover Import', '2023-07-14 11:31:55')
ON DUPLICATE KEY UPDATE category = VALUES(category), status = VALUES(status), is_legacy = VALUES(is_legacy), priority = VALUES(priority), sender = VALUES(sender), published_at = VALUES(published_at);
INSERT INTO aws_notification_translations (notification_id, locale, title, executive_summary, content_html)
VALUES ('5yLLkYxbJrzc28MujFwAJZ', 'de', 'Der neue astara Platform Konfigurator', 'Eine kurze Anleitung zu der aktualisierten Benutzeroberfläche des Konfigurators.', '')
ON DUPLICATE KEY UPDATE title = VALUES(title), executive_summary = VALUES(executive_summary), content_html = VALUES(content_html);
INSERT INTO aws_notification_translations (notification_id, locale, title, executive_summary, content_html)
VALUES ('5yLLkYxbJrzc28MujFwAJZ', 'fr-CH', 'Le nouveau Astara Platform configurateur', 'Veuillez trouver ci-joint un bref guide contentant les modifications les plus importantes apportées à l\'interface utilisateur du configurateur.', '')
ON DUPLICATE KEY UPDATE title = VALUES(title), executive_summary = VALUES(executive_summary), content_html = VALUES(content_html);
INSERT INTO aws_notification_translations (notification_id, locale, title, executive_summary, content_html)
VALUES ('5yLLkYxbJrzc28MujFwAJZ', 'it-CH', 'Nuovo configuratore della piattaforma Astara', 'Di seguito troverà una breve guida alle modifiche apportate all\'interfaccia utente del configuratore.', '')
ON DUPLICATE KEY UPDATE title = VALUES(title), executive_summary = VALUES(executive_summary), content_html = VALUES(content_html);
INSERT INTO aws_notification_brands (notification_id, brand_id)
VALUES ('5yLLkYxbJrzc28MujFwAJZ', 3)
ON DUPLICATE KEY UPDATE brand_id = VALUES(brand_id);
-- 6uLpMlQJRPCY7dooSfBFZp
INSERT INTO aws_notifications (id_notification, category, status, is_legacy, priority, sender, published_at)
VALUES ('6uLpMlQJRPCY7dooSfBFZp', 8, 'Published', 1, 1, 'Handover Import', '2023-07-14 11:32:10')
ON DUPLICATE KEY UPDATE category = VALUES(category), status = VALUES(status), is_legacy = VALUES(is_legacy), priority = VALUES(priority), sender = VALUES(sender), published_at = VALUES(published_at);
INSERT INTO aws_notification_translations (notification_id, locale, title, executive_summary, content_html)
VALUES ('6uLpMlQJRPCY7dooSfBFZp', 'de', 'Der neue astara Platform Konfigurator', 'Eine kurze Anleitung zu der aktualisierten Benutzeroberfläche des Konfigurators.', '')
ON DUPLICATE KEY UPDATE title = VALUES(title), executive_summary = VALUES(executive_summary), content_html = VALUES(content_html);
INSERT INTO aws_notification_translations (notification_id, locale, title, executive_summary, content_html)
VALUES ('6uLpMlQJRPCY7dooSfBFZp', 'fr-CH', 'Le nouveau Astara Platform configurateur', 'Veuillez trouver ci-joint un bref guide contentant les modifications les plus importantes apportées à l\'interface utilisateur du configurateur.', '')
ON DUPLICATE KEY UPDATE title = VALUES(title), executive_summary = VALUES(executive_summary), content_html = VALUES(content_html);
INSERT INTO aws_notification_translations (notification_id, locale, title, executive_summary, content_html)
VALUES ('6uLpMlQJRPCY7dooSfBFZp', 'it-CH', 'Nuovo configuratore della piattaforma Astara', 'Di seguito troverà una breve guida alle modifiche apportate all\'interfaccia utente del configuratore.', '')
ON DUPLICATE KEY UPDATE title = VALUES(title), executive_summary = VALUES(executive_summary), content_html = VALUES(content_html);
INSERT INTO aws_notification_brands (notification_id, brand_id)
VALUES ('6uLpMlQJRPCY7dooSfBFZp', 4)
ON DUPLICATE KEY UPDATE brand_id = VALUES(brand_id);
-- 74u5t51TvAPrxiXZinQBbS
INSERT INTO aws_notifications (id_notification, category, status, is_legacy, priority, sender, published_at)
VALUES ('74u5t51TvAPrxiXZinQBbS', 8, 'Published', 1, 1, 'Handover Import', '2023-07-14 11:31:38')
ON DUPLICATE KEY UPDATE category = VALUES(category), status = VALUES(status), is_legacy = VALUES(is_legacy), priority = VALUES(priority), sender = VALUES(sender), published_at = VALUES(published_at);
INSERT INTO aws_notification_translations (notification_id, locale, title, executive_summary, content_html)
VALUES ('74u5t51TvAPrxiXZinQBbS', 'de', 'Der neue astara Platform Konfigurator', 'Eine kurze Anleitung zu der aktualisierten Benutzeroberfläche des Konfigurators.', '')
ON DUPLICATE KEY UPDATE title = VALUES(title), executive_summary = VALUES(executive_summary), content_html = VALUES(content_html);
INSERT INTO aws_notification_translations (notification_id, locale, title, executive_summary, content_html)
VALUES ('74u5t51TvAPrxiXZinQBbS', 'fr-CH', 'Le nouveau Astara Platform configurateur', 'Veuillez trouver ci-joint un bref guide contentant les modifications les plus importantes apportées à l\'interface utilisateur du configurateur.', '')
ON DUPLICATE KEY UPDATE title = VALUES(title), executive_summary = VALUES(executive_summary), content_html = VALUES(content_html);
INSERT INTO aws_notification_translations (notification_id, locale, title, executive_summary, content_html)
VALUES ('74u5t51TvAPrxiXZinQBbS', 'it-CH', 'Nuovo configuratore della piattaforma Astara', 'Di seguito troverà una breve guida alle modifiche apportate all\'interfaccia utente del configuratore.', '')
ON DUPLICATE KEY UPDATE title = VALUES(title), executive_summary = VALUES(executive_summary), content_html = VALUES(content_html);
-- 01GZ190ZKPP614G086130THW8H
INSERT INTO aws_notifications (id_notification, category, status, is_legacy, priority, sender, published_at)
VALUES ('01GZ190ZKPP614G086130THW8H', 8, 'Published', 1, 1, 'Handover Import', '2023-04-27 11:55:24')
ON DUPLICATE KEY UPDATE category = VALUES(category), status = VALUES(status), is_legacy = VALUES(is_legacy), priority = VALUES(priority), sender = VALUES(sender), published_at = VALUES(published_at);
INSERT INTO aws_notification_translations (notification_id, locale, title, executive_summary, content_html)
VALUES ('01GZ190ZKPP614G086130THW8H', 'de', 'Die neue MyHyundai CH App für Kunden ', 'Wir freuen uns, die bevorstehende Einführung von MyHyundai CH vorzustellen, einer neuen, von astara entwickelten App, die Ihnen und Ihren Kunden helfen wird, Termine zu organisieren, Informationen über das Fahrzeug einzusehen und auf Treueaktionen zuzugreifen.', '')
ON DUPLICATE KEY UPDATE title = VALUES(title), executive_summary = VALUES(executive_summary), content_html = VALUES(content_html);
INSERT INTO aws_notification_translations (notification_id, locale, title, executive_summary, content_html)
VALUES ('01GZ190ZKPP614G086130THW8H', 'fr-CH', 'La nouvelle application MyHyundai CH pour nos clients', 'Nous avons le plaisir de vous informer du lancement imminent de MyHyundai CH, une nouvelle application développée par astara qui vous aidera, vous et vos clients, à organiser vos rendez-vous, à consulter les informations des véhicules et à accéder aux promotions de fidélité.', '')
ON DUPLICATE KEY UPDATE title = VALUES(title), executive_summary = VALUES(executive_summary), content_html = VALUES(content_html);
INSERT INTO aws_notification_translations (notification_id, locale, title, executive_summary, content_html)
VALUES ('01GZ190ZKPP614G086130THW8H', 'it-CH', 'La nuova app MyHyundai CH per i clienti', 'Siamo lieti di annunciare l\'imminente lancio di MyHyundai CH, una nuova app sviluppata da astara che aiuterà voi e i vostri clienti a organizzare gli appuntamenti, a visualizzare le informazioni sui veicoli e ad accedere alle promozioni fedeltà.', '')
ON DUPLICATE KEY UPDATE title = VALUES(title), executive_summary = VALUES(executive_summary), content_html = VALUES(content_html);
INSERT INTO aws_notification_brands (notification_id, brand_id)
VALUES ('01GZ190ZKPP614G086130THW8H', 6)
ON DUPLICATE KEY UPDATE brand_id = VALUES(brand_id);
-- 01GZ190ZKPCA4FATMBC7KWQ0TC
INSERT INTO aws_notifications (id_notification, category, status, is_legacy, priority, sender, published_at)
VALUES ('01GZ190ZKPCA4FATMBC7KWQ0TC', 8, 'Published', 1, 1, 'Handover Import', '2023-04-27 11:55:24')
ON DUPLICATE KEY UPDATE category = VALUES(category), status = VALUES(status), is_legacy = VALUES(is_legacy), priority = VALUES(priority), sender = VALUES(sender), published_at = VALUES(published_at);
INSERT INTO aws_notification_translations (notification_id, locale, title, executive_summary, content_html)
VALUES ('01GZ190ZKPCA4FATMBC7KWQ0TC', 'de', 'Die neue MyNissan CH App für Kunden ', 'Wir freuen uns, die bevorstehende Einführung von MyNissan CH vorzustellen, einer neuen, von astara entwickelten App, die Ihnen und Ihren Kunden helfen wird, Termine zu organisieren, Informationen über das Fahrzeug einzusehen und auf Treueaktionen zuzugreifen.', '')
ON DUPLICATE KEY UPDATE title = VALUES(title), executive_summary = VALUES(executive_summary), content_html = VALUES(content_html);
INSERT INTO aws_notification_translations (notification_id, locale, title, executive_summary, content_html)
VALUES ('01GZ190ZKPCA4FATMBC7KWQ0TC', 'fr-CH', 'La nouvelle application MyNissan CH pour nos clients', 'Nous avons le plaisir de vous informer du lancement imminent de MyNissan CH, une nouvelle application développée par astara qui vous aidera, vous et vos clients, à organiser vos rendez-vous, à consulter les informations des véhicules et à accéder aux promotions de fidélité.', '')
ON DUPLICATE KEY UPDATE title = VALUES(title), executive_summary = VALUES(executive_summary), content_html = VALUES(content_html);
INSERT INTO aws_notification_translations (notification_id, locale, title, executive_summary, content_html)
VALUES ('01GZ190ZKPCA4FATMBC7KWQ0TC', 'it-CH', 'La nuova app MyNissan CH per i clienti', 'Siamo lieti di annunciare l\'imminente lancio di MyNissan CH, una nuova app sviluppata da astara che aiuterà voi e i vostri clienti a organizzare gli appuntamenti, a visualizzare le informazioni sui veicoli e ad accedere alle promozioni fedeltà.', '')
ON DUPLICATE KEY UPDATE title = VALUES(title), executive_summary = VALUES(executive_summary), content_html = VALUES(content_html);
INSERT INTO aws_notification_brands (notification_id, brand_id)
VALUES ('01GZ190ZKPCA4FATMBC7KWQ0TC', 7)
ON DUPLICATE KEY UPDATE brand_id = VALUES(brand_id);
-- erqUqmNY4WD9uDSQQpILM
INSERT INTO aws_notifications (id_notification, category, status, is_legacy, priority, sender, published_at)
VALUES ('erqUqmNY4WD9uDSQQpILM', 8, 'Published', 1, 1, 'Handover Import', '2023-12-06 09:41:56')
ON DUPLICATE KEY UPDATE category = VALUES(category), status = VALUES(status), is_legacy = VALUES(is_legacy), priority = VALUES(priority), sender = VALUES(sender), published_at = VALUES(published_at);
INSERT INTO aws_notification_translations (notification_id, locale, title, executive_summary, content_html)
VALUES ('erqUqmNY4WD9uDSQQpILM', 'de', 'Digital Quote - Bonuserhöhung auf CHF 500.-', '', '')
ON DUPLICATE KEY UPDATE title = VALUES(title), executive_summary = VALUES(executive_summary), content_html = VALUES(content_html);
INSERT INTO aws_notification_translations (notification_id, locale, title, executive_summary, content_html)
VALUES ('erqUqmNY4WD9uDSQQpILM', 'fr-CH', 'Offre Digitale- Augmentation de l\'incentive à CHF 500.-', '', '')
ON DUPLICATE KEY UPDATE title = VALUES(title), executive_summary = VALUES(executive_summary), content_html = VALUES(content_html);
INSERT INTO aws_notification_translations (notification_id, locale, title, executive_summary, content_html)
VALUES ('erqUqmNY4WD9uDSQQpILM', 'it-CH', 'Preventivo Digitale-Aumento dell\'incentivo a CHF 500.-', '', '')
ON DUPLICATE KEY UPDATE title = VALUES(title), executive_summary = VALUES(executive_summary), content_html = VALUES(content_html);
INSERT INTO aws_notification_brands (notification_id, brand_id)
VALUES ('erqUqmNY4WD9uDSQQpILM', 3)
ON DUPLICATE KEY UPDATE brand_id = VALUES(brand_id);
INSERT INTO aws_notification_brands (notification_id, brand_id)
VALUES ('erqUqmNY4WD9uDSQQpILM', 5)
ON DUPLICATE KEY UPDATE brand_id = VALUES(brand_id);
INSERT INTO aws_notification_brands (notification_id, brand_id)
VALUES ('erqUqmNY4WD9uDSQQpILM', 1)
ON DUPLICATE KEY UPDATE brand_id = VALUES(brand_id);
INSERT INTO aws_notification_brands (notification_id, brand_id)
VALUES ('erqUqmNY4WD9uDSQQpILM', 4)
ON DUPLICATE KEY UPDATE brand_id = VALUES(brand_id);
-- 6C7pkJHcSaVqxInFILOVdL
INSERT INTO aws_notifications (id_notification, category, status, is_legacy, priority, sender, published_at)
VALUES ('6C7pkJHcSaVqxInFILOVdL', 8, 'Published', 1, 1, 'Handover Import', '2023-10-06 18:22:51')
ON DUPLICATE KEY UPDATE category = VALUES(category), status = VALUES(status), is_legacy = VALUES(is_legacy), priority = VALUES(priority), sender = VALUES(sender), published_at = VALUES(published_at);
INSERT INTO aws_notification_translations (notification_id, locale, title, executive_summary, content_html)
VALUES ('6C7pkJHcSaVqxInFILOVdL', 'de', 'Digital Quote Incentive ', '-', '')
ON DUPLICATE KEY UPDATE title = VALUES(title), executive_summary = VALUES(executive_summary), content_html = VALUES(content_html);
INSERT INTO aws_notification_translations (notification_id, locale, title, executive_summary, content_html)
VALUES ('6C7pkJHcSaVqxInFILOVdL', 'fr-CH', 'Digital Quote Incentive ', '-', '')
ON DUPLICATE KEY UPDATE title = VALUES(title), executive_summary = VALUES(executive_summary), content_html = VALUES(content_html);
INSERT INTO aws_notification_translations (notification_id, locale, title, executive_summary, content_html)
VALUES ('6C7pkJHcSaVqxInFILOVdL', 'it-CH', 'Digital Quote Incentive ', '-\n', '')
ON DUPLICATE KEY UPDATE title = VALUES(title), executive_summary = VALUES(executive_summary), content_html = VALUES(content_html);
INSERT INTO aws_notification_brands (notification_id, brand_id)
VALUES ('6C7pkJHcSaVqxInFILOVdL', 3)
ON DUPLICATE KEY UPDATE brand_id = VALUES(brand_id);
INSERT INTO aws_notification_brands (notification_id, brand_id)
VALUES ('6C7pkJHcSaVqxInFILOVdL', 5)
ON DUPLICATE KEY UPDATE brand_id = VALUES(brand_id);
INSERT INTO aws_notification_brands (notification_id, brand_id)
VALUES ('6C7pkJHcSaVqxInFILOVdL', 1)
ON DUPLICATE KEY UPDATE brand_id = VALUES(brand_id);
INSERT INTO aws_notification_brands (notification_id, brand_id)
VALUES ('6C7pkJHcSaVqxInFILOVdL', 4)
ON DUPLICATE KEY UPDATE brand_id = VALUES(brand_id);
-- 2iQUpo1LwOacPUch0WXi6Z
INSERT INTO aws_notifications (id_notification, category, status, is_legacy, priority, sender, published_at)
VALUES ('2iQUpo1LwOacPUch0WXi6Z', 8, 'Published', 1, 1, 'Handover Import', '2024-01-31 10:52:13')
ON DUPLICATE KEY UPDATE category = VALUES(category), status = VALUES(status), is_legacy = VALUES(is_legacy), priority = VALUES(priority), sender = VALUES(sender), published_at = VALUES(published_at);
INSERT INTO aws_notification_translations (notification_id, locale, title, executive_summary, content_html)
VALUES ('2iQUpo1LwOacPUch0WXi6Z', 'de', 'Digital Talks - Hands on Session Videos', '', '')
ON DUPLICATE KEY UPDATE title = VALUES(title), executive_summary = VALUES(executive_summary), content_html = VALUES(content_html);
INSERT INTO aws_notification_translations (notification_id, locale, title, executive_summary, content_html)
VALUES ('2iQUpo1LwOacPUch0WXi6Z', 'fr-CH', 'Digital Talks - Hands on Session Videos', '', '')
ON DUPLICATE KEY UPDATE title = VALUES(title), executive_summary = VALUES(executive_summary), content_html = VALUES(content_html);
INSERT INTO aws_notification_translations (notification_id, locale, title, executive_summary, content_html)
VALUES ('2iQUpo1LwOacPUch0WXi6Z', 'it-CH', 'Digital Talks - Hands on Session Videos', '', '')
ON DUPLICATE KEY UPDATE title = VALUES(title), executive_summary = VALUES(executive_summary), content_html = VALUES(content_html);
INSERT INTO aws_notification_brands (notification_id, brand_id)
VALUES ('2iQUpo1LwOacPUch0WXi6Z', 3)
ON DUPLICATE KEY UPDATE brand_id = VALUES(brand_id);
INSERT INTO aws_notification_brands (notification_id, brand_id)
VALUES ('2iQUpo1LwOacPUch0WXi6Z', 5)
ON DUPLICATE KEY UPDATE brand_id = VALUES(brand_id);
INSERT INTO aws_notification_brands (notification_id, brand_id)
VALUES ('2iQUpo1LwOacPUch0WXi6Z', 1)
ON DUPLICATE KEY UPDATE brand_id = VALUES(brand_id);
INSERT INTO aws_notification_brands (notification_id, brand_id)
VALUES ('2iQUpo1LwOacPUch0WXi6Z', 4)
ON DUPLICATE KEY UPDATE brand_id = VALUES(brand_id);
-- 7pr1E1osWkTY5ZggU3pbWv
INSERT INTO aws_notifications (id_notification, category, status, is_legacy, priority, sender, published_at)
VALUES ('7pr1E1osWkTY5ZggU3pbWv', 8, 'Published', 1, 1, 'Handover Import', '2023-11-13 16:51:02')
ON DUPLICATE KEY UPDATE category = VALUES(category), status = VALUES(status), is_legacy = VALUES(is_legacy), priority = VALUES(priority), sender = VALUES(sender), published_at = VALUES(published_at);
INSERT INTO aws_notification_translations (notification_id, locale, title, executive_summary, content_html)
VALUES ('7pr1E1osWkTY5ZggU3pbWv', 'de', 'Digitale Angebote astara Plattform - Online Schulung', '-', '')
ON DUPLICATE KEY UPDATE title = VALUES(title), executive_summary = VALUES(executive_summary), content_html = VALUES(content_html);
INSERT INTO aws_notification_translations (notification_id, locale, title, executive_summary, content_html)
VALUES ('7pr1E1osWkTY5ZggU3pbWv', 'fr-CH', 'Offre Digitale astara Platforme - Online Training', '-', '')
ON DUPLICATE KEY UPDATE title = VALUES(title), executive_summary = VALUES(executive_summary), content_html = VALUES(content_html);
INSERT INTO aws_notification_translations (notification_id, locale, title, executive_summary, content_html)
VALUES ('7pr1E1osWkTY5ZggU3pbWv', 'it-CH', 'Digital Quote - Online Training', '-', '')
ON DUPLICATE KEY UPDATE title = VALUES(title), executive_summary = VALUES(executive_summary), content_html = VALUES(content_html);
INSERT INTO aws_notification_brands (notification_id, brand_id)
VALUES ('7pr1E1osWkTY5ZggU3pbWv', 3)
ON DUPLICATE KEY UPDATE brand_id = VALUES(brand_id);
INSERT INTO aws_notification_brands (notification_id, brand_id)
VALUES ('7pr1E1osWkTY5ZggU3pbWv', 5)
ON DUPLICATE KEY UPDATE brand_id = VALUES(brand_id);
INSERT INTO aws_notification_brands (notification_id, brand_id)
VALUES ('7pr1E1osWkTY5ZggU3pbWv', 1)
ON DUPLICATE KEY UPDATE brand_id = VALUES(brand_id);
INSERT INTO aws_notification_brands (notification_id, brand_id)
VALUES ('7pr1E1osWkTY5ZggU3pbWv', 4)
ON DUPLICATE KEY UPDATE brand_id = VALUES(brand_id);
-- 5HXEX3KkBbhcQ5xEPhqpDA
INSERT INTO aws_notifications (id_notification, category, status, is_legacy, priority, sender, published_at)
VALUES ('5HXEX3KkBbhcQ5xEPhqpDA', 8, 'Published', 1, 1, 'Handover Import', '2023-11-24 14:40:42')
ON DUPLICATE KEY UPDATE category = VALUES(category), status = VALUES(status), is_legacy = VALUES(is_legacy), priority = VALUES(priority), sender = VALUES(sender), published_at = VALUES(published_at);
INSERT INTO aws_notification_translations (notification_id, locale, title, executive_summary, content_html)
VALUES ('5HXEX3KkBbhcQ5xEPhqpDA', 'de', 'Digitale Offerte - Neues Layout', '', '')
ON DUPLICATE KEY UPDATE title = VALUES(title), executive_summary = VALUES(executive_summary), content_html = VALUES(content_html);
INSERT INTO aws_notification_translations (notification_id, locale, title, executive_summary, content_html)
VALUES ('5HXEX3KkBbhcQ5xEPhqpDA', 'fr-CH', 'Digitale Offre: Nouvelle mise en Page', '', '')
ON DUPLICATE KEY UPDATE title = VALUES(title), executive_summary = VALUES(executive_summary), content_html = VALUES(content_html);
INSERT INTO aws_notification_translations (notification_id, locale, title, executive_summary, content_html)
VALUES ('5HXEX3KkBbhcQ5xEPhqpDA', 'it-CH', 'Preventivo Digitale - Nuovo layout', '', '')
ON DUPLICATE KEY UPDATE title = VALUES(title), executive_summary = VALUES(executive_summary), content_html = VALUES(content_html);
INSERT INTO aws_notification_brands (notification_id, brand_id)
VALUES ('5HXEX3KkBbhcQ5xEPhqpDA', 3)
ON DUPLICATE KEY UPDATE brand_id = VALUES(brand_id);
INSERT INTO aws_notification_brands (notification_id, brand_id)
VALUES ('5HXEX3KkBbhcQ5xEPhqpDA', 5)
ON DUPLICATE KEY UPDATE brand_id = VALUES(brand_id);
INSERT INTO aws_notification_brands (notification_id, brand_id)
VALUES ('5HXEX3KkBbhcQ5xEPhqpDA', 1)
ON DUPLICATE KEY UPDATE brand_id = VALUES(brand_id);
INSERT INTO aws_notification_brands (notification_id, brand_id)
VALUES ('5HXEX3KkBbhcQ5xEPhqpDA', 4)
ON DUPLICATE KEY UPDATE brand_id = VALUES(brand_id);
-- 01GZ190ZKJ0HYRM4NNR5FEHMSG
INSERT INTO aws_notifications (id_notification, category, status, is_legacy, priority, sender, published_at)
VALUES ('01GZ190ZKJ0HYRM4NNR5FEHMSG', 8, 'Published', 1, 1, 'Handover Import', '2023-04-27 11:55:11')
ON DUPLICATE KEY UPDATE category = VALUES(category), status = VALUES(status), is_legacy = VALUES(is_legacy), priority = VALUES(priority), sender = VALUES(sender), published_at = VALUES(published_at);
INSERT INTO aws_notification_translations (notification_id, locale, title, executive_summary, content_html)
VALUES ('01GZ190ZKJ0HYRM4NNR5FEHMSG', 'de', 'Digitale Offerte Nissan Switzerland ', 'Wir freuen uns, Ihnen mitzuteilen, dass wir die digitale Offerte für Nissan Switzerland in der Astara Plattform ab April 2023 freischalten. Mit dieser neuen Funktion digitalisieren wir die gesamte Offerten-Abwicklung im Verkaufsprozess und bieten unserer Kundschaft einen interaktiven und modernen Zugang zu ihrem neuen Nissan. Bitte testen Sie die neue Funktion ausgiebig. Wir zählen auf Ihre aktive Kooperation.\n', '')
ON DUPLICATE KEY UPDATE title = VALUES(title), executive_summary = VALUES(executive_summary), content_html = VALUES(content_html);
INSERT INTO aws_notification_translations (notification_id, locale, title, executive_summary, content_html)
VALUES ('01GZ190ZKJ0HYRM4NNR5FEHMSG', 'fr-CH', 'Offre digitale Nissan Switzerland', 'Nous avons le plaisir de vous annoncer que nous allons activer l\'offre digitale dans la plateforme Astara à partir du mois d’Avril 2023. Avec cette nouvelle fonction, nous numérisons l\'ensemble du traitement des offres dans le processus de vente et offrons à notre clientèle un accès interactif et moderne à leur nouvelle Nissan. Nous vous prions de bien vouloir tester la nouvelle fonction et nous comptons sur votre coopération active.', '')
ON DUPLICATE KEY UPDATE title = VALUES(title), executive_summary = VALUES(executive_summary), content_html = VALUES(content_html);
INSERT INTO aws_notification_translations (notification_id, locale, title, executive_summary, content_html)
VALUES ('01GZ190ZKJ0HYRM4NNR5FEHMSG', 'it-CH', 'Preventivo digitale Nissan Switzerland', 'Siamo lieti di annunciare che lanceremo l\'offerta digitale nella piattaforma Astara per aprile 2023. Con la nuova funzione, digitalizziamo l\'intera elaborazione dell\'offerta nel processo di vendita e offriamo ai nostri clienti un accesso interattivo e moderno alla loro nuova Nissan. Vi preghiamo di testare a fondo la nuova funzione. Contiamo sulla vostra attiva collaborazione.', '')
ON DUPLICATE KEY UPDATE title = VALUES(title), executive_summary = VALUES(executive_summary), content_html = VALUES(content_html);
INSERT INTO aws_notification_brands (notification_id, brand_id)
VALUES ('01GZ190ZKJ0HYRM4NNR5FEHMSG', 7)
ON DUPLICATE KEY UPDATE brand_id = VALUES(brand_id);
-- 4UawohttvoIPq24Jey7ekW
INSERT INTO aws_notifications (id_notification, category, status, is_legacy, priority, sender, published_at)
VALUES ('4UawohttvoIPq24Jey7ekW', 8, 'Published', 1, 1, 'Handover Import', '2025-10-14 12:49:28')
ON DUPLICATE KEY UPDATE category = VALUES(category), status = VALUES(status), is_legacy = VALUES(is_legacy), priority = VALUES(priority), sender = VALUES(sender), published_at = VALUES(published_at);
INSERT INTO aws_notification_translations (notification_id, locale, title, executive_summary, content_html)
VALUES ('4UawohttvoIPq24Jey7ekW', 'de', 'Einführung des neuen App-Namens für unsere Kunden-Apps', '', '<p>Liebe Partner,</p><p>wir möchten Sie darüber informieren, dass unsere Kunden-Apps ab <strong>Mittwoch, den 15. Oktober</strong>, unter einem <strong>neuen Namen</strong> erscheinen werden – <strong>[MARKE] Drive. </strong></p><p><br></p><p>Das sind unter anderem:</p><p><strong>Abarth Drive, Alfa Romeo Drive, Fiat Drive, Fiat Professional Drive, Jeep Drive, Hyundai Drive, Nissan Drive CH. </strong></p><p><br></p><p>An diesem Tag werden wir unsere Kundinnen und Kunden per <strong>E-Mail</strong> und <strong>Push-Benachrichtigung</strong> über die Namensänderung informieren. Beide Mitteilungen werden im Laufe des Tages versendet.</p><p><br></p><p>Bitte berücksichtigen Sie diese Änderung in Ihrer Kommunikation und informieren Sie gegebenenfalls auch Ihre Teams.</p><p><br></p><p>Vielen Dank für Ihre Unterstützung und Ihr Verständnis.</p><p><br></p><p>Astara Digital &amp; Customer Experience Team</p>')
ON DUPLICATE KEY UPDATE title = VALUES(title), executive_summary = VALUES(executive_summary), content_html = VALUES(content_html);
INSERT INTO aws_notification_translations (notification_id, locale, title, executive_summary, content_html)
VALUES ('4UawohttvoIPq24Jey7ekW', 'fr-CH', 'Lancement du nouveau nom des applications clients', '', '<p>Chers partenaires,</p><p>Nous souhaitons vous informer que nos applications clients seront disponibles à partir du <strong>mercredi 15 octobre</strong> sous un <strong>nouveau nom</strong>, propre à chaque marque - <strong>[MARQUE] Drive.</strong></p><p><br></p><p>Il s’agit notamment de :</p><p><strong>Abarth Drive, Alfa Romeo Drive, Fiat Drive, Fiat Professional Drive, Jeep Drive, Hyundai Drive, Nissan Drive CH. </strong></p><p><br></p><p>Ce jour-là, nous informerons nos clientes et clients du changement de nom par <strong>e-mail et notification push. </strong>Les deux communications seront envoyées au cours de la journée.</p><p>Merci de prendre cette modification en compte dans vos communications et d’informer vos équipes si nécessaire.</p><p><br></p><p>Nous vous remercions pour votre soutien et votre compréhension.</p><p><br></p><p>Cordialement,</p><p><br></p><p>Astara Digital &amp; Customer Experience Team</p>')
ON DUPLICATE KEY UPDATE title = VALUES(title), executive_summary = VALUES(executive_summary), content_html = VALUES(content_html);
INSERT INTO aws_notification_translations (notification_id, locale, title, executive_summary, content_html)
VALUES ('4UawohttvoIPq24Jey7ekW', 'it-CH', 'Lancio del nuovo nome delle app clienti - [MARCA] Drive', '', '<p>Cari partner,</p><p>Desideriamo informarvi che, a partire da <strong>mercoledì 15 ottobre</strong>, le nostre app clienti saranno disponibili con un <strong>nuovo nome</strong>, differente per ciascun marchio: <strong>[MARCA] Drive</strong></p><p><br></p><p>Si tratta, tra l’altro, di:</p><p><strong>Abarth Drive, Alfa Romeo Drive, Fiat Drive, Fiat Professional Drive, Jeep Drive, Hyundai Drive, Nissan Drive CH. </strong></p><p><br></p><p>In quella giornata, comunicheremo il cambio di nome ai nostri clienti tramite <strong>e-mail</strong> e <strong>notifica push</strong>. Entrambe le comunicazioni saranno inviate nel corso della giornata.</p><p>Vi preghiamo di considerare questa modifica nelle vostre comunicazioni e di informare, se necessario, i vostri team.</p><p><br></p><p>Vi ringraziamo per il supporto e la collaborazione.</p><p><br></p><p>Cordiali saluti,</p><p><br></p><p>Astara Digital &amp; Customer Experience Team</p>')
ON DUPLICATE KEY UPDATE title = VALUES(title), executive_summary = VALUES(executive_summary), content_html = VALUES(content_html);
INSERT INTO aws_notification_brands (notification_id, brand_id)
VALUES ('4UawohttvoIPq24Jey7ekW', 3)
ON DUPLICATE KEY UPDATE brand_id = VALUES(brand_id);
INSERT INTO aws_notification_brands (notification_id, brand_id)
VALUES ('4UawohttvoIPq24Jey7ekW', 5)
ON DUPLICATE KEY UPDATE brand_id = VALUES(brand_id);
INSERT INTO aws_notification_brands (notification_id, brand_id)
VALUES ('4UawohttvoIPq24Jey7ekW', 1)
ON DUPLICATE KEY UPDATE brand_id = VALUES(brand_id);
INSERT INTO aws_notification_brands (notification_id, brand_id)
VALUES ('4UawohttvoIPq24Jey7ekW', 6)
ON DUPLICATE KEY UPDATE brand_id = VALUES(brand_id);
INSERT INTO aws_notification_brands (notification_id, brand_id)
VALUES ('4UawohttvoIPq24Jey7ekW', 4)
ON DUPLICATE KEY UPDATE brand_id = VALUES(brand_id);
INSERT INTO aws_notification_brands (notification_id, brand_id)
VALUES ('4UawohttvoIPq24Jey7ekW', 7)
ON DUPLICATE KEY UPDATE brand_id = VALUES(brand_id);
-- 2Fx9trQEJ3xtUMZpwCyHTU
INSERT INTO aws_notifications (id_notification, category, status, is_legacy, priority, sender, published_at)
VALUES ('2Fx9trQEJ3xtUMZpwCyHTU', 8, 'Published', 1, 2, 'Handover Import', '2025-03-14 13:23:46')
ON DUPLICATE KEY UPDATE category = VALUES(category), status = VALUES(status), is_legacy = VALUES(is_legacy), priority = VALUES(priority), sender = VALUES(sender), published_at = VALUES(published_at);
INSERT INTO aws_notification_translations (notification_id, locale, title, executive_summary, content_html)
VALUES ('2Fx9trQEJ3xtUMZpwCyHTU', 'de', 'Einladung Webinar: Kampagnenportal - 25.03.25', 'Einladung zum Webinar: Vorstellung & Schulung des neuen Kampagnenportals - Dienstag, 25. März 2025 von 14:00 - 14:45 Uhr.', '<p><span style=\"color: inherit;\">Wir freuen uns, Sie zu unserem Webinar einzuladen, bei dem wir Ihnen das neue Kampagnenportal vorstellen und Ihnen deren Funktionen zeigen werden.</span></p><p><br></p><p><strong>Veranstaltungsdetails:</strong></p><ul><li><strong>Datum:&nbsp;</strong>Dienstag, den 25. März 2025</li><li><strong>Uhrzeit:</strong>&nbsp;14:00 – 14:45</li><li><strong>Plattform:</strong>&nbsp;MS Teams</li><li><strong>Zugangslink:</strong>&nbsp;<a href=\"https://teams.microsoft.com/l/meetup-join/19%3ameeting_NWUwMmViOTgtZDgyNy00YmY4LWIyOGMtOTFiOWU4MjNiZWIy%40thread.v2/0?context=%7b%22Tid%22%3a%228eeb56e4-f8c0-4e77-a328-c33b95dfa903%22%2c%22Oid%22%3a%227ecdbe2b-598f-4383-98bd-f03d012e0a7a%22%7d\" rel=\"noopener noreferrer\" target=\"_blank\">Webinar DE</a> <strong>(Um die Einladung zum Outlook-Kalender hinzuzufügen, klicken Sie auf den Anhang)</strong></li></ul><p><strong>﻿</strong></p><p>Wir freuen uns auf Ihre Teilnahme!</p>')
ON DUPLICATE KEY UPDATE title = VALUES(title), executive_summary = VALUES(executive_summary), content_html = VALUES(content_html);
INSERT INTO aws_notification_translations (notification_id, locale, title, executive_summary, content_html)
VALUES ('2Fx9trQEJ3xtUMZpwCyHTU', 'fr-CH', 'Invitation au webinaire : Portail de campagne - 27.03.', 'Invitation au webinaire : Présentation et formation du nouveau portail de campagne - 27 mars 2025 de 11h00 à 11h45.', '<p>Nous avons le plaisir de vous inviter à notre webinaire,<span style=\"color: inherit;\">&nbsp;au cours duquel nous vous présenterons le nouveau portail de campagne et vous montrerons ses fonctionnalités.</span></p><p><br></p><p><strong>Détails de l\'événement :</strong></p><ul><li><strong>Date :&nbsp;</strong>Jeudi, 27 mars 2025</li><li><strong>Heure :</strong>&nbsp;11:00 - 11:45</li><li><strong>Plateforme :</strong>&nbsp;MS Teams</li><li><strong>Lien d\'accès :</strong><span style=\"color: inherit;\">&nbsp;</span><a href=\"https://teams.microsoft.com/l/meetup-join/19:meeting_MDBkN2U1YzktNDEyNy00MTJjLThjNTgtNmI2ZjAxNmJmODQx@thread.v2/0?context=%7B%22Tid%22:%228eeb56e4-f8c0-4e77-a328-c33b95dfa903%22,%22Oid%22:%227ecdbe2b-598f-4383-98bd-f03d012e0a7a%22%7D\" rel=\"noopener noreferrer\" target=\"_blank\" style=\"color: rgb(250, 180, 45);\"><u>Webinar FR</u></a><span style=\"color: inherit;\">&nbsp;(&nbsp;</span><strong>Pour ajouter l\'invitation au calendrier Outlook, cliquez sur la pièce jointe).</strong></li></ul><p><br></p><p>Nous nous réjouissons de votre participation !</p>')
ON DUPLICATE KEY UPDATE title = VALUES(title), executive_summary = VALUES(executive_summary), content_html = VALUES(content_html);
INSERT INTO aws_notification_translations (notification_id, locale, title, executive_summary, content_html)
VALUES ('2Fx9trQEJ3xtUMZpwCyHTU', 'it-CH', 'Invito al webinar: Portale campagna - 28.03.2025', 'Invito al webinar: Presentazione e formazione del nuovo portale campagna - venerdì, 28 marzo 2025 dalle 14:00 alle 14:45.\n', '<p>Siamo lieti di invitarvi al nostro webinar,&nbsp;<span style=\"color: inherit;\">in cui vi presenteremo il nuovo portale delle campagne e vi illustreremo le sue funzioni.</span></p><p><br></p><p><strong>Dettagli dell\'evento:</strong></p><ul><li><strong>Data:&nbsp;</strong>venerdì,&nbsp;28 marzo 2025</li><li><strong>Orario:</strong>&nbsp;14:00 - 14:45</li><li><strong>Piattaforma:</strong>&nbsp;MS Teams</li><li><strong style=\"color: inherit;\">Link di accesso:</strong><span style=\"color: inherit;\">&nbsp;</span><a href=\"https://teams.microsoft.com/l/meetup-join/19%3ameeting_MDM1YjlkNzAtZWNiMi00M2YwLWE4ODYtYWEzMTM4Yjg5YTNi%40thread.v2/0?context=%7b%22Tid%22%3a%228eeb56e4-f8c0-4e77-a328-c33b95dfa903%22%2c%22Oid%22%3a%227ecdbe2b-598f-4383-98bd-f03d012e0a7a%22%7d\" rel=\"noopener noreferrer\" target=\"_blank\" style=\"color: rgb(250, 180, 45);\"><u>Webinar IT</u></a><span style=\"color: inherit;\">&nbsp;</span><strong style=\"color: inherit;\">(per aggiungere l\'invito al calendario di Outlook, fare clic sull\'allegato)</strong></li></ul><p><strong style=\"color: inherit;\">﻿</strong></p><p>Attendiamo con ansia la vostra partecipazione!</p>')
ON DUPLICATE KEY UPDATE title = VALUES(title), executive_summary = VALUES(executive_summary), content_html = VALUES(content_html);
INSERT INTO aws_notification_brands (notification_id, brand_id)
VALUES ('2Fx9trQEJ3xtUMZpwCyHTU', 3)
ON DUPLICATE KEY UPDATE brand_id = VALUES(brand_id);
INSERT INTO aws_notification_brands (notification_id, brand_id)
VALUES ('2Fx9trQEJ3xtUMZpwCyHTU', 5)
ON DUPLICATE KEY UPDATE brand_id = VALUES(brand_id);
INSERT INTO aws_notification_brands (notification_id, brand_id)
VALUES ('2Fx9trQEJ3xtUMZpwCyHTU', 1)
ON DUPLICATE KEY UPDATE brand_id = VALUES(brand_id);
INSERT INTO aws_notification_brands (notification_id, brand_id)
VALUES ('2Fx9trQEJ3xtUMZpwCyHTU', 6)
ON DUPLICATE KEY UPDATE brand_id = VALUES(brand_id);
INSERT INTO aws_notification_brands (notification_id, brand_id)
VALUES ('2Fx9trQEJ3xtUMZpwCyHTU', 4)
ON DUPLICATE KEY UPDATE brand_id = VALUES(brand_id);
INSERT INTO aws_notification_brands (notification_id, brand_id)
VALUES ('2Fx9trQEJ3xtUMZpwCyHTU', 10)
ON DUPLICATE KEY UPDATE brand_id = VALUES(brand_id);
INSERT INTO aws_notification_brands (notification_id, brand_id)
VALUES ('2Fx9trQEJ3xtUMZpwCyHTU', 11)
ON DUPLICATE KEY UPDATE brand_id = VALUES(brand_id);
INSERT INTO aws_notification_brands (notification_id, brand_id)
VALUES ('2Fx9trQEJ3xtUMZpwCyHTU', 7)
ON DUPLICATE KEY UPDATE brand_id = VALUES(brand_id);
-- 3Fg5u5OcKFFF6bHZYKmHH2
INSERT INTO aws_notifications (id_notification, category, status, is_legacy, priority, sender, published_at)
VALUES ('3Fg5u5OcKFFF6bHZYKmHH2', 8, 'Published', 1, 1, 'Handover Import', '2023-06-05 16:31:12')
ON DUPLICATE KEY UPDATE category = VALUES(category), status = VALUES(status), is_legacy = VALUES(is_legacy), priority = VALUES(priority), sender = VALUES(sender), published_at = VALUES(published_at);
INSERT INTO aws_notification_translations (notification_id, locale, title, executive_summary, content_html)
VALUES ('3Fg5u5OcKFFF6bHZYKmHH2', 'de', 'Einladung astara Digital Talks für Hyundai in Ecublens', 'Einladung zu astara Digital Talks 2023 für Hyundai im SwissTech Convention Center in Ecublens.\nBitte melden Sie sich bis spätestens 09. Juni durch die unten nachfolgende Umfrage an.', '')
ON DUPLICATE KEY UPDATE title = VALUES(title), executive_summary = VALUES(executive_summary), content_html = VALUES(content_html);
INSERT INTO aws_notification_translations (notification_id, locale, title, executive_summary, content_html)
VALUES ('3Fg5u5OcKFFF6bHZYKmHH2', 'fr-CH', 'Invitation astara Digital Talks pour Hyundai à Ecublens', 'Invitation: astara Digital Talks 2023 pour Hyundai au SwissTech Convention Center Ecublens.\nVeuillez vous inscrire au plus tard jusqu\'au 09 juin en remplissant le questionnaire ci-dessous.  ', '')
ON DUPLICATE KEY UPDATE title = VALUES(title), executive_summary = VALUES(executive_summary), content_html = VALUES(content_html);
INSERT INTO aws_notification_translations (notification_id, locale, title, executive_summary, content_html)
VALUES ('3Fg5u5OcKFFF6bHZYKmHH2', 'it-CH', 'Invito: astara Digital Talks per Hyundai in Ecublens', 'Invito all\'astara Digital Talks 2023 per Hyundai in SwissTech Convention Center Ecublens.\nSi prega di iscriversi entro e non oltre il 09 giugno tramite il sondaggio sottostante. ', '')
ON DUPLICATE KEY UPDATE title = VALUES(title), executive_summary = VALUES(executive_summary), content_html = VALUES(content_html);
INSERT INTO aws_notification_brands (notification_id, brand_id)
VALUES ('3Fg5u5OcKFFF6bHZYKmHH2', 6)
ON DUPLICATE KEY UPDATE brand_id = VALUES(brand_id);
-- 4UPkv90tjmfUrEMGECuM2f
INSERT INTO aws_notifications (id_notification, category, status, is_legacy, priority, sender, published_at)
VALUES ('4UPkv90tjmfUrEMGECuM2f', 8, 'Published', 1, 2, 'Handover Import', '2025-09-19 08:38:19')
ON DUPLICATE KEY UPDATE category = VALUES(category), status = VALUES(status), is_legacy = VALUES(is_legacy), priority = VALUES(priority), sender = VALUES(sender), published_at = VALUES(published_at);
INSERT INTO aws_notification_translations (notification_id, locale, title, executive_summary, content_html)
VALUES ('4UPkv90tjmfUrEMGECuM2f', 'de', 'Einladung zum Webinar: Kampagnenportal - 30.09.25', 'Einladung zum Webinar: Vorstellung der Möglichkeit zur Personalisierung von Assets im Dealer Cockpit - Dienstag, 30. September 2025 von 10:00 - 10:30 Uhr', '<p>Wir freuen uns, Sie zu unserem Webinar einzuladen, bei dem wir Ihnen die Möglichkeit der Personalisierung von Assets im Dealer Cockpit vorstellen.</p><p><br></p><p><strong>Veranstaltungsdetails</strong>:</p><p><br></p><p><strong>Datum</strong>: Dienstag, 30. September 2025</p><p><strong>Uhrzeit</strong>: 10:00 - 10:30 Uhr</p><p><strong>Plattform</strong>: MS Teams</p><p><strong>Zugangslink</strong>: <a href=\"https://teams.microsoft.com/l/meetup-join/19%3ameeting_ZjhjOTNhZTctNTJlYy00NGNiLWFmYTMtNzI3NGNlM2EyNmYx%40thread.v2/0?context=%7b%22Tid%22%3a%228eeb56e4-f8c0-4e77-a328-c33b95dfa903%22%2c%22Oid%22%3a%227ecdbe2b-598f-4383-98bd-f03d012e0a7a%22%7d\" rel=\"noopener noreferrer\" target=\"_blank\"><strong>Webinar DE</strong></a> (Um die Einladung zum Outlook-Kalender hinzuzufügen, klicken Sie auf den Anhang)</p><p><br></p><p>Wir freuen uns auf Ihre Teilnahme!</p>')
ON DUPLICATE KEY UPDATE title = VALUES(title), executive_summary = VALUES(executive_summary), content_html = VALUES(content_html);
INSERT INTO aws_notification_translations (notification_id, locale, title, executive_summary, content_html)
VALUES ('4UPkv90tjmfUrEMGECuM2f', 'fr-CH', 'Invitation au webinaire : Portail de campagne - 1.10.25', 'Invitation au webinaire : Présentation des possibilités de personnalisation des supports visuels dans le Dealer Cockpit - Mercredi, 1 octobre 2025 de 10h00 à 10h30', '<p>Nous avons le plaisir de vous inviter à notre webinaire, au cours duquel nous vous présenterons la possibilité de personnaliser les supports visuels dans le Dealer Cockpit.</p><p><br></p><p><strong>Détails de l\'événement</strong>:</p><p><br></p><p><strong>Date</strong> : mercredi, 1 octobre 2025</p><p><strong>Heure</strong> : 10:00 - 10:30</p><p><strong>Plate-forme</strong> : MS Teams</p><p><strong>Lien d\'accès</strong> : <a href=\"https://teams.microsoft.com/l/meetup-join/19%3ameeting_ZWVjNDFiNGItOGUwZi00YzhkLWE3ZjctZjgzY2NhMTM4NmI3%40thread.v2/0?context=%7b%22Tid%22%3a%228eeb56e4-f8c0-4e77-a328-c33b95dfa903%22%2c%22Oid%22%3a%227ecdbe2b-598f-4383-98bd-f03d012e0a7a%22%7d\" rel=\"noopener noreferrer\" target=\"_blank\"><strong>Webinar FR</strong></a> (Pour ajouter l\'invitation à votre calendrier Outlook, cliquez sur la pièce jointe)</p><p><br></p><p>Nous nous réjouissons de votre participation!</p>')
ON DUPLICATE KEY UPDATE title = VALUES(title), executive_summary = VALUES(executive_summary), content_html = VALUES(content_html);
INSERT INTO aws_notification_translations (notification_id, locale, title, executive_summary, content_html)
VALUES ('4UPkv90tjmfUrEMGECuM2f', 'it-CH', 'Invito al webinar: Portale della campagna - 1.10.25', 'Invito al webinar: Presentazione su come personalizzare gli asset nel Dealer Cockpit - mercoledì, 1 ottobre 2025 dalle 11:00 alle 11:30', '<p>Siamo lieti di invitarvi al nostro webinar, in cui vi mostreremo come potete personalizzare gli asset nel Dealer Cockpit.</p><p><br></p><p><strong>Dettagli dell\'evento</strong>:</p><p><br></p><p><strong>Data</strong>: Mercoledì, 1 ottobre 2025</p><p><strong>Ora</strong>: 11:00 - 11:30</p><p><strong>Piattaforma</strong>: MS Teams</p><p><strong>Link di accesso</strong>: <a href=\"https://teams.microsoft.com/l/meetup-join/19%3ameeting_ZmE4MTZkYTgtZTdlNi00NjE2LTllNjYtYzMyZmQ5MDZlOTc4%40thread.v2/0?context=%7b%22Tid%22%3a%228eeb56e4-f8c0-4e77-a328-c33b95dfa903%22%2c%22Oid%22%3a%227ecdbe2b-598f-4383-98bd-f03d012e0a7a%22%7d\" rel=\"noopener noreferrer\" target=\"_blank\"><strong>Webinar IT</strong></a> (Per aggiungere l\'invito al calendario di Outlook, fare clic sull\'allegato)</p><p><br></p><p>Aspettiamo la vostra partecipazione!</p>')
ON DUPLICATE KEY UPDATE title = VALUES(title), executive_summary = VALUES(executive_summary), content_html = VALUES(content_html);
INSERT INTO aws_notification_brands (notification_id, brand_id)
VALUES ('4UPkv90tjmfUrEMGECuM2f', 3)
ON DUPLICATE KEY UPDATE brand_id = VALUES(brand_id);
INSERT INTO aws_notification_brands (notification_id, brand_id)
VALUES ('4UPkv90tjmfUrEMGECuM2f', 5)
ON DUPLICATE KEY UPDATE brand_id = VALUES(brand_id);
INSERT INTO aws_notification_brands (notification_id, brand_id)
VALUES ('4UPkv90tjmfUrEMGECuM2f', 1)
ON DUPLICATE KEY UPDATE brand_id = VALUES(brand_id);
INSERT INTO aws_notification_brands (notification_id, brand_id)
VALUES ('4UPkv90tjmfUrEMGECuM2f', 6)
ON DUPLICATE KEY UPDATE brand_id = VALUES(brand_id);
INSERT INTO aws_notification_brands (notification_id, brand_id)
VALUES ('4UPkv90tjmfUrEMGECuM2f', 4)
ON DUPLICATE KEY UPDATE brand_id = VALUES(brand_id);
INSERT INTO aws_notification_brands (notification_id, brand_id)
VALUES ('4UPkv90tjmfUrEMGECuM2f', 10)
ON DUPLICATE KEY UPDATE brand_id = VALUES(brand_id);
INSERT INTO aws_notification_brands (notification_id, brand_id)
VALUES ('4UPkv90tjmfUrEMGECuM2f', 11)
ON DUPLICATE KEY UPDATE brand_id = VALUES(brand_id);
INSERT INTO aws_notification_brands (notification_id, brand_id)
VALUES ('4UPkv90tjmfUrEMGECuM2f', 7)
ON DUPLICATE KEY UPDATE brand_id = VALUES(brand_id);
-- 2lhUaAWNL0DEAEFU6ydNc0
INSERT INTO aws_notifications (id_notification, category, status, is_legacy, priority, sender, published_at)
VALUES ('2lhUaAWNL0DEAEFU6ydNc0', 8, 'Published', 1, 2, 'Handover Import', '2024-11-04 13:46:37')
ON DUPLICATE KEY UPDATE category = VALUES(category), status = VALUES(status), is_legacy = VALUES(is_legacy), priority = VALUES(priority), sender = VALUES(sender), published_at = VALUES(published_at);
INSERT INTO aws_notification_translations (notification_id, locale, title, executive_summary, content_html)
VALUES ('2lhUaAWNL0DEAEFU6ydNc0', 'de', 'Einladung zum Webinar: Lead-Mgmt & Digital Quote', '(Neu mit Outlook-Kalendereinladung).\nAm 21. November findet ein kurzes Online-Training zur Lead-Management und zur Erstellung eines digitalen Angebots statt.', '<p>Wir freuen uns, Sie zu unserem kommenden Webinar einzuladen, bei dem wir zwei wichtige Themen behandeln werden, um Ihre Arbeitsprozesse noch effizienter zu gestalten:</p><ul><li><strong>Lead-Management</strong></li></ul><p>Best Practices für ein effektives Lead Management</p><ul><li><strong>Erstellung eines Digital Quotes</strong></li></ul><p>Schritt-für-Schritt-Anleitung zur Erstellung eines digital Angebotes</p><p><br></p><p><strong>Veranstaltungsdetails:</strong></p><ul><li><strong>Datum: </strong> Donnerstag, den 21. November 2024</li><li><strong>Uhrzeit:</strong> 14:00 – 14:30</li><li><strong>Dauer: </strong> ca. 30 Minuten</li><li><strong>Plattform:</strong> MS Teams</li><li><strong>Zugangslink:</strong> <a href=\"https://teams.microsoft.com/l/meetup-join/19%3ameeting_NzdmN2U3MGUtYjY0My00MjAwLWE1N2UtOWMxZDY2ZmM2MWRj%40thread.v2/0?context=%7b%22Tid%22%3a%228eeb56e4-f8c0-4e77-a328-c33b95dfa903%22%2c%22Oid%22%3a%2224165ad8-c211-4014-a89b-03c1863a0718%22%7d\" rel=\"noopener noreferrer\" target=\"_blank\">Webinar DE</a> <strong>(Um die Einladung zum Outlook-Kalender hinzuzufügen, klicken Sie auf den Anhang)</strong></li></ul><p>Wir freuen uns auf Ihre Teilnahme!</p><p><br></p>')
ON DUPLICATE KEY UPDATE title = VALUES(title), executive_summary = VALUES(executive_summary), content_html = VALUES(content_html);
INSERT INTO aws_notification_translations (notification_id, locale, title, executive_summary, content_html)
VALUES ('2lhUaAWNL0DEAEFU6ydNc0', 'fr-CH', 'Invitation au webinaire : Lead Mgmt & Devis Digital', '(Update avec Outlook calendrier invitation).\nLe 21 novembre, une formation en ligne rapide sur la gestion des leads et la création d\'un devis digital aura lieu.', '<p>Nous sommes heureux de vous inviter à notre prochain webinaire, au cours duquel nous aborderons deux sujets importants pour optimiser encore davantage vos processus de travail :</p><p><br></p><ul><li><strong>Gestion des Leads</strong></li></ul><p>Best Practices pour une gestion efficace des contacts.</p><ul><li><strong>Création d\'un Devis Digital</strong></li></ul><p>Guide pour la création d’un devis digital.</p><p><br></p><p><strong>Détails de l’événement :</strong></p><ul><li><strong>Date :</strong> Jeudi 21 novembre 2024</li><li><strong>Heure :</strong> 10h30 – 11h00</li><li><strong>Durée :</strong> ca. 30 minutes</li><li><strong>Plateforme :</strong> MS Teams</li><li><strong>Lien d\'accès :</strong> <a href=\"https://teams.microsoft.com/l/meetup-join/19%3ameeting_NGNmNWQ4NDYtYjFmMy00NmFmLTkyN2YtNjZlOGQ0ZWRlYTM4%40thread.v2/0?context=%7b%22Tid%22%3a%228eeb56e4-f8c0-4e77-a328-c33b95dfa903%22%2c%22Oid%22%3a%2224165ad8-c211-4014-a89b-03c1863a0718%22%7d\" rel=\"noopener noreferrer\" target=\"_blank\">Webinar FR</a> <strong>(Pour ajouter l\'invitation au calendrier Outlook, cliquez sur la pièce jointe)</strong></li></ul><p>Nous nous réjouissons de votre participation!</p><p><br></p><p><br></p>')
ON DUPLICATE KEY UPDATE title = VALUES(title), executive_summary = VALUES(executive_summary), content_html = VALUES(content_html);
INSERT INTO aws_notification_translations (notification_id, locale, title, executive_summary, content_html)
VALUES ('2lhUaAWNL0DEAEFU6ydNc0', 'it-CH', 'Invito al webinar: Gestione delle leads e digital quote', '(Update con invito nel calendario outlook).\nIl 21 novembre si terrà una breve formazione online sulla gestione delle leads e sulla creazione di un\'offerta digitale.', '<p><br></p><p>Siamo lieti di invitarla al nostro prossimo webinar, in cui tratteremo due argomenti importanti per rendere i suoi processi di lavoro ancora più efficienti:</p><p><br></p><ul><li><strong>Gestione delle Leads</strong></li></ul><p>Best practices per una gestione efficace delle leads</p><ul><li><strong>Creazione di un Preventivo Digitale</strong></li></ul><p>Guida passo-passo alla creazione di un\'offerta digitale</p><p><br></p><p><strong>Dettagli dell’evento:</strong></p><ul><li><strong>Data:</strong> Giovedì 21 novembre 2024</li><li><strong>Orario:</strong> 09:30 – 10:00</li><li><strong>Durata:</strong> circa 30 minuti</li><li><strong>Piattaforma:</strong> MS Teams</li><li><strong>Link di accesso:</strong> <a href=\"https://teams.microsoft.com/l/meetup-join/19%3ameeting_OTg1MDliODgtODE3Zi00MDUyLWFkMjEtZDkzM2Q0MzU2NzU0%40thread.v2/0?context=%7b%22Tid%22%3a%228eeb56e4-f8c0-4e77-a328-c33b95dfa903%22%2c%22Oid%22%3a%2224165ad8-c211-4014-a89b-03c1863a0718%22%7d\" rel=\"noopener noreferrer\" target=\"_blank\">Webinar IT</a> <strong>(Per aggiungere l\'invito al calendario di Outlook, fare clic sull\'allegato).</strong></li></ul><p>Vi aspettiamo al Webinar!</p><p><br></p><p><br></p>')
ON DUPLICATE KEY UPDATE title = VALUES(title), executive_summary = VALUES(executive_summary), content_html = VALUES(content_html);
INSERT INTO aws_notification_brands (notification_id, brand_id)
VALUES ('2lhUaAWNL0DEAEFU6ydNc0', 3)
ON DUPLICATE KEY UPDATE brand_id = VALUES(brand_id);
INSERT INTO aws_notification_brands (notification_id, brand_id)
VALUES ('2lhUaAWNL0DEAEFU6ydNc0', 5)
ON DUPLICATE KEY UPDATE brand_id = VALUES(brand_id);
INSERT INTO aws_notification_brands (notification_id, brand_id)
VALUES ('2lhUaAWNL0DEAEFU6ydNc0', 1)
ON DUPLICATE KEY UPDATE brand_id = VALUES(brand_id);
INSERT INTO aws_notification_brands (notification_id, brand_id)
VALUES ('2lhUaAWNL0DEAEFU6ydNc0', 4)
ON DUPLICATE KEY UPDATE brand_id = VALUES(brand_id);
INSERT INTO aws_notification_brands (notification_id, brand_id)
VALUES ('2lhUaAWNL0DEAEFU6ydNc0', 10)
ON DUPLICATE KEY UPDATE brand_id = VALUES(brand_id);
INSERT INTO aws_notification_brands (notification_id, brand_id)
VALUES ('2lhUaAWNL0DEAEFU6ydNc0', 11)
ON DUPLICATE KEY UPDATE brand_id = VALUES(brand_id);
INSERT INTO aws_notification_brands (notification_id, brand_id)
VALUES ('2lhUaAWNL0DEAEFU6ydNc0', 7)
ON DUPLICATE KEY UPDATE brand_id = VALUES(brand_id);
-- 2jhD0rxyqledwqUMBWHb6D
INSERT INTO aws_notifications (id_notification, category, status, is_legacy, priority, sender, published_at)
VALUES ('2jhD0rxyqledwqUMBWHb6D', 8, 'Published', 1, 1, 'Handover Import', '2023-11-24 17:02:06')
ON DUPLICATE KEY UPDATE category = VALUES(category), status = VALUES(status), is_legacy = VALUES(is_legacy), priority = VALUES(priority), sender = VALUES(sender), published_at = VALUES(published_at);
INSERT INTO aws_notification_translations (notification_id, locale, title, executive_summary, content_html)
VALUES ('2jhD0rxyqledwqUMBWHb6D', 'de', 'Erinnerung: Legen Sie Ihr Team auf Ihrer Webseite an', 'Im Dealer Cockpit gibt es jetzt den Bereich \"Händler- und Teaminformationen\" unter \"Standortinformationen\". Hier können Sie für Ihr Autohaus individuelle Informationen wie Bild, Logo oder Teamfoto hinterlegen. Ausserdem können Sie Teammitglieder einzeln mit Bild, Name, Position, Abteilung und Beschreibung vorstellen.', '')
ON DUPLICATE KEY UPDATE title = VALUES(title), executive_summary = VALUES(executive_summary), content_html = VALUES(content_html);
INSERT INTO aws_notification_translations (notification_id, locale, title, executive_summary, content_html)
VALUES ('2jhD0rxyqledwqUMBWHb6D', 'fr-CH', 'Rappel : intégrez votre équipe sur votre site web', 'Vous trouverez dès à présent dans votre Dealer Cockpit, sous la rubrique \"Informations sur le site\", le domaine \"Informations sur les concessionnaires et les équipes\", dans lequel vous pouvez déposer pour le garage sélectionné vos informations personnalisées, y compris une image, ou votre logo ou une photo d\'équipe, et où vous pouvez présenter individuellement les membres de votre équipe avec une photo, un nom, une position, un département et une description. ', '')
ON DUPLICATE KEY UPDATE title = VALUES(title), executive_summary = VALUES(executive_summary), content_html = VALUES(content_html);
INSERT INTO aws_notification_translations (notification_id, locale, title, executive_summary, content_html)
VALUES ('2jhD0rxyqledwqUMBWHb6D', 'it-CH', 'Promemoria: crea il tuo team sul tuo sito web', 'Nel Dealer Cockpit c\'è ora la sezione \"Informazioni sul commerciante e sul team\" sotto \"Informazioni sulla posizione\". Qui puoi inserire informazioni personalizzate per la tua concessionaria come foto, logo o foto del team. Inoltre, puoi presentare i membri del team individualmente con immagine, nome, posizione, reparto e descrizione.', '')
ON DUPLICATE KEY UPDATE title = VALUES(title), executive_summary = VALUES(executive_summary), content_html = VALUES(content_html);
INSERT INTO aws_notification_brands (notification_id, brand_id)
VALUES ('2jhD0rxyqledwqUMBWHb6D', 3)
ON DUPLICATE KEY UPDATE brand_id = VALUES(brand_id);
INSERT INTO aws_notification_brands (notification_id, brand_id)
VALUES ('2jhD0rxyqledwqUMBWHb6D', 5)
ON DUPLICATE KEY UPDATE brand_id = VALUES(brand_id);
INSERT INTO aws_notification_brands (notification_id, brand_id)
VALUES ('2jhD0rxyqledwqUMBWHb6D', 1)
ON DUPLICATE KEY UPDATE brand_id = VALUES(brand_id);
INSERT INTO aws_notification_brands (notification_id, brand_id)
VALUES ('2jhD0rxyqledwqUMBWHb6D', 6)
ON DUPLICATE KEY UPDATE brand_id = VALUES(brand_id);
INSERT INTO aws_notification_brands (notification_id, brand_id)
VALUES ('2jhD0rxyqledwqUMBWHb6D', 4)
ON DUPLICATE KEY UPDATE brand_id = VALUES(brand_id);
INSERT INTO aws_notification_brands (notification_id, brand_id)
VALUES ('2jhD0rxyqledwqUMBWHb6D', 7)
ON DUPLICATE KEY UPDATE brand_id = VALUES(brand_id);
-- 3jYr7tiSGGHrew2XERROVN
INSERT INTO aws_notifications (id_notification, category, status, is_legacy, priority, sender, published_at)
VALUES ('3jYr7tiSGGHrew2XERROVN', 8, 'Published', 1, 1, 'Handover Import', '2023-05-23 16:09:34')
ON DUPLICATE KEY UPDATE category = VALUES(category), status = VALUES(status), is_legacy = VALUES(is_legacy), priority = VALUES(priority), sender = VALUES(sender), published_at = VALUES(published_at);
INSERT INTO aws_notification_translations (notification_id, locale, title, executive_summary, content_html)
VALUES ('3jYr7tiSGGHrew2XERROVN', 'de', 'Fiat – 24h Test Drive Fiat 500 BEV_ 2. Flight', '-', '')
ON DUPLICATE KEY UPDATE title = VALUES(title), executive_summary = VALUES(executive_summary), content_html = VALUES(content_html);
INSERT INTO aws_notification_translations (notification_id, locale, title, executive_summary, content_html)
VALUES ('3jYr7tiSGGHrew2XERROVN', 'fr-CH', 'Fiat – 24h Test Drive Fiat 500 BEV_ 2. Flight', '-', '')
ON DUPLICATE KEY UPDATE title = VALUES(title), executive_summary = VALUES(executive_summary), content_html = VALUES(content_html);
INSERT INTO aws_notification_translations (notification_id, locale, title, executive_summary, content_html)
VALUES ('3jYr7tiSGGHrew2XERROVN', 'it-CH', 'Fiat – 24h Test Drive Fiat 500 BEV_ 2. Flight', '-', '')
ON DUPLICATE KEY UPDATE title = VALUES(title), executive_summary = VALUES(executive_summary), content_html = VALUES(content_html);
INSERT INTO aws_notification_brands (notification_id, brand_id)
VALUES ('3jYr7tiSGGHrew2XERROVN', 1)
ON DUPLICATE KEY UPDATE brand_id = VALUES(brand_id);
-- 34k0xHLa4H7y9qPVg4XQWw
INSERT INTO aws_notifications (id_notification, category, status, is_legacy, priority, sender, published_at)
VALUES ('34k0xHLa4H7y9qPVg4XQWw', 8, 'Published', 1, 1, 'Handover Import', '2024-04-22 08:51:52')
ON DUPLICATE KEY UPDATE category = VALUES(category), status = VALUES(status), is_legacy = VALUES(is_legacy), priority = VALUES(priority), sender = VALUES(sender), published_at = VALUES(published_at);
INSERT INTO aws_notification_translations (notification_id, locale, title, executive_summary, content_html)
VALUES ('34k0xHLa4H7y9qPVg4XQWw', 'de', 'Fiat: 24h Test Drive 600e und 500e mit Gutschein', 'Bald können potentielle Kunden den neuen F600e oder den F500e 24 Stunden lang testen!', '<p><br></p><p>Wir freuen uns, Ihnen mitteilen zu können, dass unsere potenziellen Kunden ab Montag, dem 20. Mai, bis Freitag, dem 21. Juni 2024, die Möglichkeit haben werden, die Elektromodelle Fiat 600e und 500e 24 Stunden lang zu testen!</p><p>Details entnehmen Sie bitte dem beigefügten Rundschreiben.</p>')
ON DUPLICATE KEY UPDATE title = VALUES(title), executive_summary = VALUES(executive_summary), content_html = VALUES(content_html);
INSERT INTO aws_notification_translations (notification_id, locale, title, executive_summary, content_html)
VALUES ('34k0xHLa4H7y9qPVg4XQWw', 'fr-CH', 'Fiat: 24h Test Drive Modèles 600e et 500e avec Voucher', 'Bientôt les clients potentiels pourront tester la nouvelle F600e ou la F500e pendant 24 heures !', '<p><br></p><p>Nous avons le plaisir de vous informer que a partir de lundi 20 mai jusqu\'au vendredi 21 juin 2024 les potentiels clients auront la possibilité de tester les modèles électriques Fiat 600e et 500e pendant 24 heures!</p><p>Vous trouverez plus de détails dans la circulaire ci-jointe.</p>')
ON DUPLICATE KEY UPDATE title = VALUES(title), executive_summary = VALUES(executive_summary), content_html = VALUES(content_html);
INSERT INTO aws_notification_translations (notification_id, locale, title, executive_summary, content_html)
VALUES ('34k0xHLa4H7y9qPVg4XQWw', 'it-CH', 'Fiat: 24h Test Drive modelli 600e e 500e con voucher', 'A breve i potenziali clienti potranno testare la nuova F600e o la F500e per 24 ore!', '<p>Cari Partner,</p><p>Per permettere ai nostri clienti di vivere in prima persona l\'esperienza della guida elettrica siamo lieti di informarvi che a partire da lunedì 20 Maggio fino a venerdi 21 Giugno 2024verrà data ai potenziali clienti la possibilità di testare per 24 ore i modelli elettrici Fiat 600e e 500e!</p><p>Per dettagli vedere circolare allegata.</p>')
ON DUPLICATE KEY UPDATE title = VALUES(title), executive_summary = VALUES(executive_summary), content_html = VALUES(content_html);
INSERT INTO aws_notification_brands (notification_id, brand_id)
VALUES ('34k0xHLa4H7y9qPVg4XQWw', 1)
ON DUPLICATE KEY UPDATE brand_id = VALUES(brand_id);
-- 72bZMzuCeoIpjBxcxSss8l
INSERT INTO aws_notifications (id_notification, category, status, is_legacy, priority, sender, published_at)
VALUES ('72bZMzuCeoIpjBxcxSss8l', 8, 'Published', 1, 1, 'Handover Import', '2024-01-15 13:55:19')
ON DUPLICATE KEY UPDATE category = VALUES(category), status = VALUES(status), is_legacy = VALUES(is_legacy), priority = VALUES(priority), sender = VALUES(sender), published_at = VALUES(published_at);
INSERT INTO aws_notification_translations (notification_id, locale, title, executive_summary, content_html)
VALUES ('72bZMzuCeoIpjBxcxSss8l', 'de', 'Hot Leads Program mit Treuebonus', '', '')
ON DUPLICATE KEY UPDATE title = VALUES(title), executive_summary = VALUES(executive_summary), content_html = VALUES(content_html);
INSERT INTO aws_notification_translations (notification_id, locale, title, executive_summary, content_html)
VALUES ('72bZMzuCeoIpjBxcxSss8l', 'fr-CH', 'Hot Leads Program avec prime de fidélité', '', '')
ON DUPLICATE KEY UPDATE title = VALUES(title), executive_summary = VALUES(executive_summary), content_html = VALUES(content_html);
INSERT INTO aws_notification_translations (notification_id, locale, title, executive_summary, content_html)
VALUES ('72bZMzuCeoIpjBxcxSss8l', 'it-CH', 'Hot Leads Program con Bonus fedeltà', '', '')
ON DUPLICATE KEY UPDATE title = VALUES(title), executive_summary = VALUES(executive_summary), content_html = VALUES(content_html);
INSERT INTO aws_notification_brands (notification_id, brand_id)
VALUES ('72bZMzuCeoIpjBxcxSss8l', 3)
ON DUPLICATE KEY UPDATE brand_id = VALUES(brand_id);
INSERT INTO aws_notification_brands (notification_id, brand_id)
VALUES ('72bZMzuCeoIpjBxcxSss8l', 5)
ON DUPLICATE KEY UPDATE brand_id = VALUES(brand_id);
INSERT INTO aws_notification_brands (notification_id, brand_id)
VALUES ('72bZMzuCeoIpjBxcxSss8l', 1)
ON DUPLICATE KEY UPDATE brand_id = VALUES(brand_id);
INSERT INTO aws_notification_brands (notification_id, brand_id)
VALUES ('72bZMzuCeoIpjBxcxSss8l', 4)
ON DUPLICATE KEY UPDATE brand_id = VALUES(brand_id);
-- 3JSMOtmPiKNr7SbYkpLgPD
INSERT INTO aws_notifications (id_notification, category, status, is_legacy, priority, sender, published_at)
VALUES ('3JSMOtmPiKNr7SbYkpLgPD', 8, 'Published', 1, 2, 'Handover Import', '2025-03-31 12:59:14')
ON DUPLICATE KEY UPDATE category = VALUES(category), status = VALUES(status), is_legacy = VALUES(is_legacy), priority = VALUES(priority), sender = VALUES(sender), published_at = VALUES(published_at);
INSERT INTO aws_notification_translations (notification_id, locale, title, executive_summary, content_html)
VALUES ('3JSMOtmPiKNr7SbYkpLgPD', 'de', 'Informationen zum Webinar Kampagnenportal', 'Gerne übermitteln wir Ihnen die Informationen zum Webinar Kampagnenportal vom 25. März 2025', '<p>Geschätzte Partner,</p><p><br></p><p>Vielen Dank für die Teilnahme am Webinar Kampagnenportal, wo wir Ihnen das Portal vorstellen als auch die Funktionalitäten zeigen konnten.</p><p><br></p><p>Wir möchten Sie informieren, dass die Händlerkampagnen im Kampagnenportal wie folgt für Sie zum Download stehen werden:</p><p><br></p><ul><li><strong>ab 1. April 2025</strong>: Nissan, MG und Maxus</li><li><strong>ab 2. Mai 2025</strong>: alle weiteren Marken</li></ul><p><br></p><p>Falls Sie nicht teilnehmen konnten, finden Sie die Videoaufnahme als auch die Präsentation anbei!</p><p><br></p><p>Freundliche Grüsse,</p><p>Verena Le Guen</p>')
ON DUPLICATE KEY UPDATE title = VALUES(title), executive_summary = VALUES(executive_summary), content_html = VALUES(content_html);
INSERT INTO aws_notification_translations (notification_id, locale, title, executive_summary, content_html)
VALUES ('3JSMOtmPiKNr7SbYkpLgPD', 'fr-CH', 'Informations sur le webinaire Portail de campagnes', 'Nous vous transmettons les informations du webinaire Portail de campagnes du 27 mars 2025', '<p>Chers partenaires,</p><p><br></p><p>Nous vous remercions de votre participation au webinaire sur le portail des campagnes au cours duquel nous vous avons présenté le portail et ses fonctionnalités.</p><p><br></p><p>Les campagnes des concessionnaires pourront être téléchargées sur le portail de campagnes aux dates suivantes :</p><p><br></p><p><strong>à partir du 1er avril 2025</strong> : Nissan, MG et Maxus</p><p><strong>à partir du 2 mai 2025</strong> : toutes les autres marques.</p><p><br></p><p>Si vous n\'avez pas pu participer, ou si vous voulez en revoir une partie, vous trouverez ci-joint la vidéo ainsi que la présentation !</p><p><br></p><p>Meilleures salutations,</p><p>Verena Le Guen</p>')
ON DUPLICATE KEY UPDATE title = VALUES(title), executive_summary = VALUES(executive_summary), content_html = VALUES(content_html);
INSERT INTO aws_notification_translations (notification_id, locale, title, executive_summary, content_html)
VALUES ('3JSMOtmPiKNr7SbYkpLgPD', 'it-CH', 'Informazioni sul portale de campagna webinar', 'Saremo lieti di inviarvi le informazioni sul webinar del portale de campagna il 28 marzo 2025.', '<p>Cari partner,</p><p><br></p><p>vi ringraziamo per aver partecipato al webinar sul portale delle campagne, durante il quale abbiamo potuto presentarvi il portale e illustrarvi le sue funzionalità.</p><p><br></p><p>Desideriamo informarvi che le campagne dei concessionari nel portale delle campagne saranno disponibili per il download come segue:</p><p><br></p><p><strong>dal 1 aprile 2025</strong>: Nissan, MG, Maxus</p><p><strong>dal 2 maggio 2025</strong>: tutti gli altri marchi</p><p><br></p><p>Se non avete potuto partecipare, troverete in allegato la registrazione video e la presentazione!</p><p><br></p><p>Cordiali saluti,</p><p>Verena Le Guen</p>')
ON DUPLICATE KEY UPDATE title = VALUES(title), executive_summary = VALUES(executive_summary), content_html = VALUES(content_html);
INSERT INTO aws_notification_brands (notification_id, brand_id)
VALUES ('3JSMOtmPiKNr7SbYkpLgPD', 3)
ON DUPLICATE KEY UPDATE brand_id = VALUES(brand_id);
INSERT INTO aws_notification_brands (notification_id, brand_id)
VALUES ('3JSMOtmPiKNr7SbYkpLgPD', 5)
ON DUPLICATE KEY UPDATE brand_id = VALUES(brand_id);
INSERT INTO aws_notification_brands (notification_id, brand_id)
VALUES ('3JSMOtmPiKNr7SbYkpLgPD', 1)
ON DUPLICATE KEY UPDATE brand_id = VALUES(brand_id);
INSERT INTO aws_notification_brands (notification_id, brand_id)
VALUES ('3JSMOtmPiKNr7SbYkpLgPD', 6)
ON DUPLICATE KEY UPDATE brand_id = VALUES(brand_id);
INSERT INTO aws_notification_brands (notification_id, brand_id)
VALUES ('3JSMOtmPiKNr7SbYkpLgPD', 4)
ON DUPLICATE KEY UPDATE brand_id = VALUES(brand_id);
INSERT INTO aws_notification_brands (notification_id, brand_id)
VALUES ('3JSMOtmPiKNr7SbYkpLgPD', 10)
ON DUPLICATE KEY UPDATE brand_id = VALUES(brand_id);
INSERT INTO aws_notification_brands (notification_id, brand_id)
VALUES ('3JSMOtmPiKNr7SbYkpLgPD', 11)
ON DUPLICATE KEY UPDATE brand_id = VALUES(brand_id);
INSERT INTO aws_notification_brands (notification_id, brand_id)
VALUES ('3JSMOtmPiKNr7SbYkpLgPD', 7)
ON DUPLICATE KEY UPDATE brand_id = VALUES(brand_id);
-- KKxszi9H7iBIIZUUqDOcz
INSERT INTO aws_notifications (id_notification, category, status, is_legacy, priority, sender, published_at)
VALUES ('KKxszi9H7iBIIZUUqDOcz', 8, 'Published', 1, 2, 'Handover Import', '2025-10-03 06:26:47')
ON DUPLICATE KEY UPDATE category = VALUES(category), status = VALUES(status), is_legacy = VALUES(is_legacy), priority = VALUES(priority), sender = VALUES(sender), published_at = VALUES(published_at);
INSERT INTO aws_notification_translations (notification_id, locale, title, executive_summary, content_html)
VALUES ('KKxszi9H7iBIIZUUqDOcz', 'de', 'Informationen zum Webinar Kampagnenportal', 'Gerne übermitteln wir Ihnen die Informationen zum Webinar Kampagnenportal vom 30.09.2025', '<p>Vielen Dank für die Teilnahme am Webinar Kampagnenportal, wo wir Ihnen die neue Funktionalität der Personalisierung von Assets via Dealer Cockpit vorstellen konnten.</p><p><br></p><p>Diese neue Funktionalität wird Ihnen im Laufe der nächsten Woche zur Verfügung stehen.</p><p><br></p><p>Falls Sie nicht teilnehmen konnten, finden Sie die Videoaufnahme als auch die Präsentation anbei!</p><p><br></p><p>Freundliche Grüsse,</p><p>Verena Le Guen</p>')
ON DUPLICATE KEY UPDATE title = VALUES(title), executive_summary = VALUES(executive_summary), content_html = VALUES(content_html);
INSERT INTO aws_notification_translations (notification_id, locale, title, executive_summary, content_html)
VALUES ('KKxszi9H7iBIIZUUqDOcz', 'fr-CH', 'Informations sur le webinaire Portail de campagnes', 'Nous vous transmettons les informations du webinaire Portail de campagnes du 01.10.2025', '<p>Nous vous remercions de votre participation au webinaire sur le portail des campagnes au cours duquel nous vous avons présenté la nouvelle fonctionnalité de personnalisation des support visuels via le Dealer Cockpit.</p><p><br></p><p>Cette nouvelle fonctionnalité sera disponible pour vous au cours de la semaine prochaine.</p><p><br></p><p>Si vous n\'avez pas pu participer, vous trouverez l\'enregistrement vidéo ainsi que la présentation en pièce jointe!</p><p><br></p><p>Meilleures salutations,</p><p>Verena Le Guen</p>')
ON DUPLICATE KEY UPDATE title = VALUES(title), executive_summary = VALUES(executive_summary), content_html = VALUES(content_html);
INSERT INTO aws_notification_translations (notification_id, locale, title, executive_summary, content_html)
VALUES ('KKxszi9H7iBIIZUUqDOcz', 'it-CH', 'Informazioni sul portale de campagna webinar', 'Saremo lieti di inviarvi le informazioni sul webinar del portale della campagna del 01.10.2025.', '<p>Vi ringraziamo per aver partecipato al webinar sul portale della campagna, durante il quale abbiamo potuto presentarvi la nuova funzionalità di personalizzazione degli asset tramite Dealer Cockpit.</p><p>&nbsp;</p><p>Questa nuova funzionalità sarà disponibile nel corso della prossima settimana.</p><p>&nbsp;</p><p>Se non avete potuto partecipare, troverete in allegato la registrazione video e la presentazione!</p><p>&nbsp;</p><p>Cordiali saluti,</p><p>Verena Le Guen</p>')
ON DUPLICATE KEY UPDATE title = VALUES(title), executive_summary = VALUES(executive_summary), content_html = VALUES(content_html);
INSERT INTO aws_notification_brands (notification_id, brand_id)
VALUES ('KKxszi9H7iBIIZUUqDOcz', 3)
ON DUPLICATE KEY UPDATE brand_id = VALUES(brand_id);
INSERT INTO aws_notification_brands (notification_id, brand_id)
VALUES ('KKxszi9H7iBIIZUUqDOcz', 5)
ON DUPLICATE KEY UPDATE brand_id = VALUES(brand_id);
INSERT INTO aws_notification_brands (notification_id, brand_id)
VALUES ('KKxszi9H7iBIIZUUqDOcz', 1)
ON DUPLICATE KEY UPDATE brand_id = VALUES(brand_id);
INSERT INTO aws_notification_brands (notification_id, brand_id)
VALUES ('KKxszi9H7iBIIZUUqDOcz', 6)
ON DUPLICATE KEY UPDATE brand_id = VALUES(brand_id);
INSERT INTO aws_notification_brands (notification_id, brand_id)
VALUES ('KKxszi9H7iBIIZUUqDOcz', 4)
ON DUPLICATE KEY UPDATE brand_id = VALUES(brand_id);
INSERT INTO aws_notification_brands (notification_id, brand_id)
VALUES ('KKxszi9H7iBIIZUUqDOcz', 10)
ON DUPLICATE KEY UPDATE brand_id = VALUES(brand_id);
INSERT INTO aws_notification_brands (notification_id, brand_id)
VALUES ('KKxszi9H7iBIIZUUqDOcz', 11)
ON DUPLICATE KEY UPDATE brand_id = VALUES(brand_id);
INSERT INTO aws_notification_brands (notification_id, brand_id)
VALUES ('KKxszi9H7iBIIZUUqDOcz', 7)
ON DUPLICATE KEY UPDATE brand_id = VALUES(brand_id);
-- 3hGEVgcutr4fipL9WpSSLa
INSERT INTO aws_notifications (id_notification, category, status, is_legacy, priority, sender, published_at)
VALUES ('3hGEVgcutr4fipL9WpSSLa', 8, 'Published', 1, 2, 'Handover Import', '2025-02-18 15:52:50')
ON DUPLICATE KEY UPDATE category = VALUES(category), status = VALUES(status), is_legacy = VALUES(is_legacy), priority = VALUES(priority), sender = VALUES(sender), published_at = VALUES(published_at);
INSERT INTO aws_notification_translations (notification_id, locale, title, executive_summary, content_html)
VALUES ('3hGEVgcutr4fipL9WpSSLa', 'de', 'Januar-Leads nicht korrekt übermittelt', 'Aufgrund eines technischen Problems bei unserem Provider wurden die Fiat- und Abarth-Leads, die im Januar gesammelt wurden, nicht korrekt an Sie übermittelt.\nAls Entschuldigung bieten wir den betroffenen Interessenten einen Gutschein im Wert von CHF 1\'000.- für den Kauf eines Fiat/Abarth an.', '<p>Sehr geehrte Damen und Herren</p><p>Wir möchten Sie darüber informieren, dass aufgrund eines technischen Problems bei unserem Provider wurden die Fiat und Abarth Leads, die im Januar gesammelt wurden, nicht korrekt an Sie übermittelt.</p><p>Diese Leads werden nun über einen Newsletter neu qualifiziert. Konkret fragen wir die Interessenten, ob weiterhin Interesse an dem gewünschten Modell besteht. Falls ja, werden die Leads in die Astara-Plattform übermittelt.</p><p>Als Entschuldigung bieten wir den betroffenen Interessenten einen Gutschein im Wert von CHF 1\'000.- für den Kauf eines Fiat/Abarth an.</p><p>Um diese Leads identifizieren zu können, fügen wir in der Astara-Plattform den Kommentar hinzu: <em>«Verspätete Leads mit CHF 1\'000.- Gutschein (gem. Rundschreiben vom 18.02)».</em></p><p>Die Bedingungen sind identisch mit denen des Hot-Lead-Programms.</p><p>Die Newsletter werden morgen versendet, sodass die Leads ab morgen im System erwartet werden können.</p><p>Vielen Dank für Ihr Verständnis.</p><p>Freundliche Grüsse</p>')
ON DUPLICATE KEY UPDATE title = VALUES(title), executive_summary = VALUES(executive_summary), content_html = VALUES(content_html);
INSERT INTO aws_notification_translations (notification_id, locale, title, executive_summary, content_html)
VALUES ('3hGEVgcutr4fipL9WpSSLa', 'fr-CH', 'Leads de janvier non transmis correctement', 'En raison d\'un problème technique avec notre fournisseur, les leads Fiat et Abarth collectés en janvier ne vous ont pas été correctement transmis.\nEn guise d\'excuse, nous offrons aux prospects concernés un bon d\'une valeur de CHF 1\'000.- pour l\'achat d\'une Fiat/Abarth.', '<p>Cher Partenaires,</p><p>Nous souhaitons vous informer qu\'en raison d\'un problème technique avec notre fournisseur, les leads Fiat et Abarth collectés en janvier ne vous ont pas été correctement transmis.</p><p>Ces leads seront maintenant qualifiés à nouveau par le biais d\'une newsletter. Concrètement, nous demandons aux prospects s\'ils sont toujours intéressés par le modèle. Si tel est le cas, les leads seront transmis à la plateforme Astara.</p><p>En guise d\'excuse, nous offrons aux prospects concernés un bon d\'une valeur de CHF 1\'000.- pour l\'achat d\'une nouvelle Fiat/Abarth.</p><p>Afin d\'identifier ces leads, nous ajouterons le commentaire suivant dans la plateforme Astara : « Leads en retard avec bon de CHF 1\'000.- (conformément à la newsletter du 18.02) ».</p><p>Les conditions sont identiques à celles du programme Hot Leads.</p><p>Les newsletters seront envoyées demain, de sorte que les leads pourront être attendus dans le système à partir de demain.</p><p>Nous vous remercions de votre compréhension.</p><p>Cordialement.</p>')
ON DUPLICATE KEY UPDATE title = VALUES(title), executive_summary = VALUES(executive_summary), content_html = VALUES(content_html);
INSERT INTO aws_notification_translations (notification_id, locale, title, executive_summary, content_html)
VALUES ('3hGEVgcutr4fipL9WpSSLa', 'it-CH', 'Leads di Gennaio non inviati correttamente', 'A causa di un problema tecnico con il nostro fornitore, le leads di Fiat e Abarth raccolte a gennaio non sono state correttamente inviate nella piattaforma astara.\nPer scusarci, offriamo ai prospect interessati un voucher del valore di CHF 1\'000.- per l\'acquisto di una Fiat/Abarth.', '<p>Gentili Signore e Signori,</p><p>Desideriamo informarvi che, a causa di un problema tecnico con il nostro fornitore, le leads di Fiat ed Abarth raccolte a gennaio non sono state correttamente trasmesse.</p><p>Queste lead verranno requalificati tramite una newsletter. Concretamente, chiederemo ai prospect se sono ancora interessati al modello scelto. In caso affermativo, le leads saranno inviati alla piattaforma Astara.</p><p>Come scusa per l\'inconveniente, offriremo ai prospect interessati un voucher del valore di CHF 1\'000.- per l\'acquisto di una nuova Fiat/Abarth.</p><p>Per identificare queste leads, aggiungeremo il seguente commento nella piattaforma Astara: «Lead in ritardo con voucher da CHF 1\'000.- (come da newsletter del 18.02)».</p><p>Le condizioni sono identiche a quelle del programma Hot Leads.</p><p>Le newsletter saranno inviate domani, pertanto le leads dovrebbero essere visibili nel sistema a partire da domani.</p><p>Vi ringraziamo per la vostra comprensione.</p><p>Cordiali saluti.</p>')
ON DUPLICATE KEY UPDATE title = VALUES(title), executive_summary = VALUES(executive_summary), content_html = VALUES(content_html);
INSERT INTO aws_notification_brands (notification_id, brand_id)
VALUES ('3hGEVgcutr4fipL9WpSSLa', 3)
ON DUPLICATE KEY UPDATE brand_id = VALUES(brand_id);
INSERT INTO aws_notification_brands (notification_id, brand_id)
VALUES ('3hGEVgcutr4fipL9WpSSLa', 1)
ON DUPLICATE KEY UPDATE brand_id = VALUES(brand_id);
-- gRIrDHJQxvpwmQqehotGd
INSERT INTO aws_notifications (id_notification, category, status, is_legacy, priority, sender, published_at)
VALUES ('gRIrDHJQxvpwmQqehotGd', 8, 'Published', 1, 2, 'Handover Import', '2024-09-17 08:08:11')
ON DUPLICATE KEY UPDATE category = VALUES(category), status = VALUES(status), is_legacy = VALUES(is_legacy), priority = VALUES(priority), sender = VALUES(sender), published_at = VALUES(published_at);
INSERT INTO aws_notification_translations (notification_id, locale, title, executive_summary, content_html)
VALUES ('gRIrDHJQxvpwmQqehotGd', 'de', 'Jeep_24h Test Drive Jeep Avenger mit Gutschein', 'Bald können potentielle Kunden die drei Motorisierungen des neuen Jeep Avenger Benzin, Hybrid und Elektro, 24 Stunden lang testen!', '<p>Wir freuen uns, Ihnen mitteilen zu können, dass unsere potenziellen Kunden von Montag, dem 21. Oktober, bis Freitag, dem 15. November 2024, die Möglichkeit haben werden, den Jeep Avenger Benzin, Hybrid oder Elektro 24 Stunden lang zu testen!</p><p><br></p><p>Bitte entnehmen Sie weitere Details dem beigefügten Rundschreiben.</p><p><br></p><p>Senden Sie uns bitte die Excel-Datei mit Ihrer Verfügbarkeit ausgefüllt bis zum 4. Oktober.</p><p><br></p><p>Vielen Dank.</p><p>Freundliche Grüsse,</p><p>Ihr Digital &amp; CX Team</p>')
ON DUPLICATE KEY UPDATE title = VALUES(title), executive_summary = VALUES(executive_summary), content_html = VALUES(content_html);
INSERT INTO aws_notification_translations (notification_id, locale, title, executive_summary, content_html)
VALUES ('gRIrDHJQxvpwmQqehotGd', 'fr-CH', 'Jeep_24h Test Drive Jeep Avenger avec Voucher', 'Bientôt, les clients potentiels pourront tester les trois motorisations de la nouvelle Jeep Avenger : essence, hybride et électrique, pendant 24 heures !', '<p>Nous sommes heureux de vous informer que vos clients potentiels auront la possibilité de tester la Jeep Avenger en version essence, hybride ou électrique pendant 24 heures, du lundi 21 octobre au vendredi 15 novembre 2024 !</p><p><br></p><p>Veuillez trouver de plus amples détails dans la circulaire ci-jointe.</p><p><br></p><p>Merci de nous envoyer le fichier Excel rempli avec votre disponibilité avant le 4 octobre 2024.</p><p><br></p><p>Meilleures salutations,</p><p><br></p><p>Votre èquipe Digital &amp; CX</p>')
ON DUPLICATE KEY UPDATE title = VALUES(title), executive_summary = VALUES(executive_summary), content_html = VALUES(content_html);
INSERT INTO aws_notification_translations (notification_id, locale, title, executive_summary, content_html)
VALUES ('gRIrDHJQxvpwmQqehotGd', 'it-CH', 'Jeep_24h Test Drive Jeep Avenger con Voucher', 'Presto i potenziali clienti potranno testare le tre motorizzazioni della nuova Jeep Avenger (benzina, ibrida ed elettrica) per 24 ore!', '<p>Siamo lieti di informarvi che i vostri potenziali clienti avranno la possibilità di provare la Jeep Avenger benzina, ibrida o elettrica per 24 ore da lunedì 21 ottobre fino a venerdì 15 novembre 2024!</p><p><br></p><p>Vi preghiamo di trovare ulteriori dettagli nella circolare allegata.</p><p><br></p><p>Come menzionato, vi preghiamo di ritornare il file Excel compilato con le vostre disponibilità entro il 4 ottobre.</p><p><br></p><p>Grazie.</p><p>Cordiali saluti,</p><p>Il vostro team Digital &amp; CX</p>')
ON DUPLICATE KEY UPDATE title = VALUES(title), executive_summary = VALUES(executive_summary), content_html = VALUES(content_html);
